{"id":746417,"date":"2025-08-28T02:41:39","date_gmt":"2025-08-27T23:41:39","guid":{"rendered":"https:\/\/roveyayinevi.com.tr\/index.php\/urun\/kosker-daginin-sunasi\/"},"modified":"2026-04-16T02:58:54","modified_gmt":"2026-04-15T23:58:54","slug":"kosker-daginin-sunasi","status":"publish","type":"product","link":"https:\/\/roveyayinevi.com.tr\/index.php\/urun\/kosker-daginin-sunasi\/","title":{"rendered":"K\u00f6\u015fker Da\u011f\u0131&#8217;n\u0131n Suna&#8217;s\u0131"},"content":{"rendered":"<p>Tarihin seyri seferinde yer alan milletler cemiyet hayat\u0131na \u00f6nemli g\u00f6rd\u00fckleri milli ve manevi de\u011ferleri sunmu\u015flard\u0131r. Bunlar \u00e7e\u015fitli kategorilerde ve bran\u015flarda ana bilim dallar\u0131na mensup olabilirler. Fakat di\u011fer yanda teknoloji ba\u015fka bir d\u00fcnyan\u0131n kap\u0131lar\u0131n\u0131 aralar. Ve insanlar\u0131n ihtiya\u00e7 duyduklar\u0131 gereksinimleri \u00e7evreyi bozmadan bilgi ve beceri y\u00f6ntemlerini devreye alabilir. Anlataca\u011f\u0131m\u0131z hikayenin kahramanlar\u0131 buna benzer kazan\u0131mlar\u0131 elde etmi\u015f T\u00fcrk Milletinin makus talihini de\u011fi\u015ftirecek bulu\u015flara imza atan vatansever insanlard\u0131r. 1965 y\u0131l\u0131ndan itibaren cemiyet hayat\u0131na akademisyen olarak kat\u0131lan \u00c7elebiler ailesi daha sonra Amerika Birle\u015fik Devletlerinde insan yeti\u015ftirme metodolojisine uygun olarak T\u00fcrkiye Cumhuriyeti  Devletine  bilim ve teknoloji alan\u0131nda  \u00e7ok de\u011ferli katk\u0131lar vermi\u015flerdir. Bu katk\u0131n\u0131n ad\u0131 B\u00fclent \u00c7elebidir ve Amerika Birle\u015fik Devletlerinin Silikon Vadisinde bulu\u015f yapan on mucidden birisidir. S\u00f6z konusu olan kablosuz internet modemi Airties\u2019i \u00fclkemize getirerek T\u00fcrkiye Cumhuriyeti Devletinin tarihine alt\u0131n harflerle ad\u0131n\u0131 yazd\u0131rm\u0131\u015ft\u0131r. \u015eu anda Silikon Vadisinin T\u00fcrkiye temsilcili\u011fini yapmaktad\u0131r. Bu teknoloji B\u00fclent \u00c7elebi\u2019nin ellerinde  Kafkaslara kadar uzanarak T\u00fcrk D\u00fcnyas\u0131 ile bulu\u015fmu\u015ftur. Bu vesileyle B\u00fclent \u00c7elebi \u00c7elebiler ailesinin Melikgazi\u2019den ba\u015flatt\u0131klar\u0131 tarihi yolculu\u011fu Amerika Birle\u015fik Devletlerinde teknolojide yeni bir \u00e7\u0131\u011f\u0131r a\u00e7arak insanl\u0131\u011f\u0131n hizmetine sunmu\u015ftur. Kendisine \u00c7elebiler ailesi olarak  sa\u011fl\u0131k  ba\u015far\u0131  ve esenlikler diliyoruz.      Ara\u015ft\u0131rmac\u0131 Yazar Ziya \u015eahin\u2026 <\/p>\n","protected":false},"excerpt":{"rendered":"<p>Tarihin seyri seferinde yer alan milletler cemiyet hayat\u0131na \u00f6nemli g\u00f6rd\u00fckleri milli ve manevi de\u011ferleri sunmu\u015flard\u0131r. Bunlar \u00e7e\u015fitli kategorilerde ve bran\u015flarda ana bilim dallar\u0131na mensup olabilirler. Fakat<span class=\"excerpt-hellip\"> [\u2026]<\/span><\/p>\n","protected":false},"featured_media":0,"template":"","meta":{"_monsterinsights_skip_tracking":false,"_monsterinsights_sitenote_active":false,"_monsterinsights_sitenote_note":"","_monsterinsights_sitenote_category":0},"product_brand":[],"product_cat":[52477],"product_tag":[],"class_list":{"0":"post-746417","1":"product","2":"type-product","3":"status-publish","5":"product_cat-arastirma","6":"pa_cilt-ciltsiz","7":"pa_tur-kitap","8":"pa_yayinevi-gulnar-yayinlari","9":"pa_yazar-ziya-sahin","11":"first","12":"instock","13":"sale","14":"shipping-taxable","15":"purchasable","16":"product-type-simple"},"_links":{"self":[{"href":"https:\/\/roveyayinevi.com.tr\/index.php\/wp-json\/wp\/v2\/product\/746417","targetHints":{"allow":["GET"]}}],"collection":[{"href":"https:\/\/roveyayinevi.com.tr\/index.php\/wp-json\/wp\/v2\/product"}],"about":[{"href":"https:\/\/roveyayinevi.com.tr\/index.php\/wp-json\/wp\/v2\/types\/product"}],"wp:attachment":[{"href":"https:\/\/roveyayinevi.com.tr\/index.php\/wp-json\/wp\/v2\/media?parent=746417"}],"wp:term":[{"taxonomy":"product_brand","embeddable":true,"href":"https:\/\/roveyayinevi.com.tr\/index.php\/wp-json\/wp\/v2\/product_brand?post=746417"},{"taxonomy":"product_cat","embeddable":true,"href":"https:\/\/roveyayinevi.com.tr\/index.php\/wp-json\/wp\/v2\/product_cat?post=746417"},{"taxonomy":"product_tag","embeddable":true,"href":"https:\/\/roveyayinevi.com.tr\/index.php\/wp-json\/wp\/v2\/product_tag?post=746417"}],"curies":[{"name":"wp","href":"https:\/\/api.w.org\/{rel}","templated":true}]}}