{"id":746402,"date":"2025-08-28T02:41:22","date_gmt":"2025-08-27T23:41:22","guid":{"rendered":"https:\/\/roveyayinevi.com.tr\/index.php\/urun\/endustri-4-0-dan-toplum-5-0-a-yeni-uretim-tarzinin-gelisimi-ve-yansimalari\/"},"modified":"2026-01-24T03:17:44","modified_gmt":"2026-01-24T00:17:44","slug":"endustri-4-0-dan-toplum-5-0-a-yeni-uretim-tarzinin-gelisimi-ve-yansimalari","status":"publish","type":"product","link":"https:\/\/roveyayinevi.com.tr\/index.php\/urun\/endustri-4-0-dan-toplum-5-0-a-yeni-uretim-tarzinin-gelisimi-ve-yansimalari\/","title":{"rendered":"End\u00fcstri 4.0&#8242; dan Toplum 5.0&#8242; a: Yeni \u00dcretim Tarz\u0131n\u0131n Geli\u015fimi ve Yans\u0131malar\u0131"},"content":{"rendered":"<p>B\u00f6l\u00fcm 1: End\u00fcstri 4.0 ile Yeni \u00dcretim Tarz\u0131n\u0131n Geli\u015fimi B\u00f6l\u00fcm 2: End\u00fcstri 4.0 ve D\u0131\u015f Ticaret \u00dczerindeki Etkileri B\u00f6l\u00fcm 3: End\u00fcstri 4.0&#8217;\u0131n Finansal Hizmet \u0130hracat\u0131na Etkisi: Geli\u015fmekte Olan \u00dclkeler \u00d6rne\u011fi B\u00f6l\u00fcm 4: Toplum 5.0 \u0130le Yapay Zek\u00e2n\u0131n Kat\u0131l\u0131m Bankac\u0131l\u0131\u011f\u0131nda Kullan\u0131m\u0131n\u0131n F\u0131\u0307nansal Kararlara Etk\u0131\u0307s\u0131\u0307 B\u00f6l\u00fcm 5: End\u00fcstri 4.0 ve \u0130stihdam \u0130li\u015fkisi \u00dczerine Bir De\u011ferlendirme B\u00f6l\u00fcm 6: Yeni \u00dcretim Tarz\u0131n\u0131n \u00d6rg\u00fctleme Fonksiyonuna Etkisi B\u00f6l\u00fcm 7: Toplum 5.0 Ba\u011flam\u0131nda Dijital D\u00f6n\u00fc\u015f\u00fcm ve Pazarlamadaki Yans\u0131malar\u0131 B\u00f6l\u00fcm 8: Lojistik 5.0: Toplum 5.0 Ba\u011flam\u0131nda Lojistik D\u00f6n\u00fc\u015f\u00fcm B\u00f6l\u00fcm 9: Yeni \u00dcretim Tarz\u0131n\u0131n \u0130nsan Kaynaklar\u0131n\u0131 Y\u00f6netim S\u00fcre\u00e7lerine Etkisi B\u00f6l\u00fcm 10: End\u00fcstri 4.0 ile Geli\u015fen Yeni \u00dcretim Tarz\u0131nda \u0130\u015fletmelerin Stratejik Y\u00f6netim B\u00f6l\u00fcm 11: End\u00fcstri 4.0 ile Geli\u015fen Yeni \u00dcretim Tarz\u0131n\u0131n Giri\u015fimcili\u011fe Yans\u0131malar\u0131 <\/p>\n","protected":false},"excerpt":{"rendered":"<p>B\u00f6l\u00fcm 1: End\u00fcstri 4.0 ile Yeni \u00dcretim Tarz\u0131n\u0131n Geli\u015fimi B\u00f6l\u00fcm 2: End\u00fcstri 4.0 ve D\u0131\u015f Ticaret \u00dczerindeki Etkileri B\u00f6l\u00fcm 3: End\u00fcstri 4.0&#8217;\u0131n Finansal Hizmet \u0130hracat\u0131na Etkisi:<span class=\"excerpt-hellip\"> [\u2026]<\/span><\/p>\n","protected":false},"featured_media":0,"template":"","meta":{"_monsterinsights_skip_tracking":false,"_monsterinsights_sitenote_active":false,"_monsterinsights_sitenote_note":"","_monsterinsights_sitenote_category":0},"product_brand":[],"product_cat":[12573,12566],"product_tag":[],"class_list":{"0":"post-746402","1":"product","2":"type-product","3":"status-publish","5":"product_cat-akademik-kitaplar","6":"product_cat-egitim","7":"pa_cilt-ciltsiz","8":"pa_tur-kitap","9":"pa_yayinevi-gazi-kitabevi","10":"pa_yazar-kolektif","12":"first","13":"instock","14":"sale","15":"shipping-taxable","16":"purchasable","17":"product-type-simple"},"_links":{"self":[{"href":"https:\/\/roveyayinevi.com.tr\/index.php\/wp-json\/wp\/v2\/product\/746402","targetHints":{"allow":["GET"]}}],"collection":[{"href":"https:\/\/roveyayinevi.com.tr\/index.php\/wp-json\/wp\/v2\/product"}],"about":[{"href":"https:\/\/roveyayinevi.com.tr\/index.php\/wp-json\/wp\/v2\/types\/product"}],"wp:attachment":[{"href":"https:\/\/roveyayinevi.com.tr\/index.php\/wp-json\/wp\/v2\/media?parent=746402"}],"wp:term":[{"taxonomy":"product_brand","embeddable":true,"href":"https:\/\/roveyayinevi.com.tr\/index.php\/wp-json\/wp\/v2\/product_brand?post=746402"},{"taxonomy":"product_cat","embeddable":true,"href":"https:\/\/roveyayinevi.com.tr\/index.php\/wp-json\/wp\/v2\/product_cat?post=746402"},{"taxonomy":"product_tag","embeddable":true,"href":"https:\/\/roveyayinevi.com.tr\/index.php\/wp-json\/wp\/v2\/product_tag?post=746402"}],"curies":[{"name":"wp","href":"https:\/\/api.w.org\/{rel}","templated":true}]}}