{"id":746388,"date":"2025-08-28T02:41:06","date_gmt":"2025-08-27T23:41:06","guid":{"rendered":"https:\/\/roveyayinevi.com.tr\/index.php\/urun\/freudu-anlamak-hayatta-ve-terapide\/"},"modified":"2026-04-16T02:58:53","modified_gmt":"2026-04-15T23:58:53","slug":"freudu-anlamak-hayatta-ve-terapide","status":"publish","type":"product","link":"https:\/\/roveyayinevi.com.tr\/index.php\/urun\/freudu-anlamak-hayatta-ve-terapide\/","title":{"rendered":"Freud\u2019u Anlamak: Hayatta ve Terapide"},"content":{"rendered":"<p>Freud\u2019un teorilerinin psikoloji alan\u0131n\u0131n \u00f6tesinde \u00e7ok geni\u015f bir etki sahas\u0131 olmu\u015ftur. Psikoterapiden k\u00fclt\u00fcr analizlerine, edebiyattan felsefeye, g\u00fcndelik jargondan pop\u00fcler k\u00fclt\u00fcre pek \u00e7ok konuya damgas\u0131n\u0131 vurmu\u015ftur Freud. G\u00fcn\u00fcm\u00fczde akademide ve klinisyenler taraf\u0131ndan teorilerinin ge\u00e7erlili\u011fi tart\u0131\u015f\u0131lsa da, bilin\u00e7d\u0131\u015f\u0131n\u0131n i\u015fleyi\u015fine ve ruhsal mekanizmalara dair fikirleri, psikanaliz metodunun temel yakla\u015f\u0131mlar\u0131 yayg\u0131n olarak kullan\u0131lmaya devam ediyor. \u0130\u015fte uzman psikolog ve terapist Michael Kahn da Freud\u2019u Anlamak kitab\u0131nda Freud\u2019un teoride ve pratikte g\u00fcncelli\u011fini ortaya koyuyor; psikanalizin kurucusu Freud\u2019un temel fikirlerini ve kavramlar\u0131n\u0131 hem onun metinlerinden \u00f6rneklerle hem de kendi terapi tecr\u00fcbelerinden ve g\u00fcndelik hayattan \u00f6rneklerle a\u00e7\u0131kl\u0131yor. Her d\u00fczeyden okura hitap eden bir yakla\u015f\u0131m\u0131 \u00e7\u00f6z\u00fcmleyici ve ele\u015ftirel bir yakla\u015f\u0131mla birle\u015ftiren bu kitap Freud\u2019u hem terapi ba\u011flam\u0131nda hem de hayat ba\u011flam\u0131nda anlamak isteyenler i\u00e7in bir ba\u015fucu kitab\u0131.   <\/p>\n","protected":false},"excerpt":{"rendered":"<p>Freud\u2019un teorilerinin psikoloji alan\u0131n\u0131n \u00f6tesinde \u00e7ok geni\u015f bir etki sahas\u0131 olmu\u015ftur. Psikoterapiden k\u00fclt\u00fcr analizlerine, edebiyattan felsefeye, g\u00fcndelik jargondan pop\u00fcler k\u00fclt\u00fcre pek \u00e7ok konuya damgas\u0131n\u0131 vurmu\u015ftur Freud.<span class=\"excerpt-hellip\"> [\u2026]<\/span><\/p>\n","protected":false},"featured_media":0,"template":"","meta":{"_monsterinsights_skip_tracking":false,"_monsterinsights_sitenote_active":false,"_monsterinsights_sitenote_note":"","_monsterinsights_sitenote_category":0},"product_brand":[],"product_cat":[12357],"product_tag":[],"class_list":{"0":"post-746388","1":"product","2":"type-product","3":"status-publish","5":"product_cat-psikoloji","6":"pa_cilt-ciltsiz","7":"pa_tur-kitap","8":"pa_yayinevi-koridor-yayincilik","9":"pa_yazar-michael-d-kahn","11":"first","12":"instock","13":"sale","14":"shipping-taxable","15":"purchasable","16":"product-type-simple"},"_links":{"self":[{"href":"https:\/\/roveyayinevi.com.tr\/index.php\/wp-json\/wp\/v2\/product\/746388","targetHints":{"allow":["GET"]}}],"collection":[{"href":"https:\/\/roveyayinevi.com.tr\/index.php\/wp-json\/wp\/v2\/product"}],"about":[{"href":"https:\/\/roveyayinevi.com.tr\/index.php\/wp-json\/wp\/v2\/types\/product"}],"wp:attachment":[{"href":"https:\/\/roveyayinevi.com.tr\/index.php\/wp-json\/wp\/v2\/media?parent=746388"}],"wp:term":[{"taxonomy":"product_brand","embeddable":true,"href":"https:\/\/roveyayinevi.com.tr\/index.php\/wp-json\/wp\/v2\/product_brand?post=746388"},{"taxonomy":"product_cat","embeddable":true,"href":"https:\/\/roveyayinevi.com.tr\/index.php\/wp-json\/wp\/v2\/product_cat?post=746388"},{"taxonomy":"product_tag","embeddable":true,"href":"https:\/\/roveyayinevi.com.tr\/index.php\/wp-json\/wp\/v2\/product_tag?post=746388"}],"curies":[{"name":"wp","href":"https:\/\/api.w.org\/{rel}","templated":true}]}}