{"id":746379,"date":"2025-08-28T02:40:55","date_gmt":"2025-08-27T23:40:55","guid":{"rendered":"https:\/\/roveyayinevi.com.tr\/index.php\/urun\/fikirler-kitabi\/"},"modified":"2026-04-03T03:01:51","modified_gmt":"2026-04-03T00:01:51","slug":"fikirler-kitabi","status":"publish","type":"product","link":"https:\/\/roveyayinevi.com.tr\/index.php\/urun\/fikirler-kitabi\/","title":{"rendered":"Fikirler Kitab\u0131"},"content":{"rendered":"<p>PARLAK F\u0130K\u0130RLER \u00dcRET\u0130N VE ONLARI GER\u00c7EKLE\u015eT\u0130R\u0130NTek ba\u015f\u0131n\u0131za fikir ortaya atmak zor olabilir. Hatta bunu beyin f\u0131rt\u0131nas\u0131 dahilinde yapmak, daha da zor g\u00f6z\u00fckebilir. Fikirler Kitab\u0131, bir dizi tekni\u011fi kullanarak nas\u0131l fikir \u00fcretece\u011finizi ve \u00fcretti\u011finiz bu fikirleri, etkili bir \u015fekilde muhakeme ettikten sonra nas\u0131l hayata ge\u00e7irece\u011finizi a\u00e7\u0131kl\u0131yor. On dile \u00e7evrilen ve d\u00fcnya \u00e7ap\u0131nda \u00e7ok satan Fikirler Kitab\u0131, parlak fikirlerinizi anlat\u0131p onlar\u0131 pazarlaman\u0131za yard\u0131mc\u0131 olacak! En \u00e7ok satan yazarlar listesinde olan KEVIN DUNCAN i\u015f dan\u0131\u015fman\u0131 ve pazarlama uzman\u0131d\u0131r. \u201cB\u00fcy\u00fck fikirler \u00fcretmek, her \u015feyin m\u00fcmk\u00fcn oldu\u011fu dijital d\u00fcnyada \u00fcst\u00fcnl\u00fck kazand\u0131ran bir avantajd\u0131r. Kevin\u2019\u0131n k\u0131sa ama \u00f6z teknikleri, pratik ve etkili olman\u0131n yan\u0131 s\u0131ra yarat\u0131c\u0131l\u0131\u011f\u0131n kilidini de a\u00e7\u0131yor.\u201d \u2013Paul Davles Pazarlama \u0130leti\u015fimi M\u00fcd\u00fcr\u00fc, Microsoft \u201cKevin, y\u0131llar i\u00e7inde elde etti\u011fim ilkelerin \u00e7o\u011funu tek bir basit kaynakta \u00f6zetliyor. Ayr\u0131ca her bir tekni\u011fi, m\u00fcmk\u00fcn olan en basit a\u00e7\u0131klamayla ifade etme becerisine de sahip biri.\u201d\u2013David Helps Innovation Grup M\u00fcd\u00fcr\u00fc, Design Bridge \u201cBir \u015fekilde d\u00fcnyan\u0131z\u0131 tamamen yeni bir \u0131\u015f\u0131k alt\u0131nda g\u00f6rd\u00fc\u011f\u00fcn\u00fcz \u00e7al\u0131\u015fma hayat\u0131n\u0131n o birka\u00e7 milisaniyesi, \u00f6nemsiz e-postalar i\u00e7inde debelendi\u011finiz saatlerden \u00e7ok daha de\u011ferlidir. Ne yaz\u0131k ki bu paha bi\u00e7ilmez anlar\u0131 \u00fcretmenin kesin ve kolay bir yolu yok. Fakat bunun gibi kitaplar, \u015fans\u0131n\u0131z\u0131 b\u00fcy\u00fck \u00f6l\u00e7\u00fcde art\u0131racak. \u201d \u2013Rory Sutherland Ba\u015fkan Yard\u0131mc\u0131s\u0131, Ogilvy UK<\/p>\n","protected":false},"excerpt":{"rendered":"<p>PARLAK F\u0130K\u0130RLER \u00dcRET\u0130N VE ONLARI GER\u00c7EKLE\u015eT\u0130R\u0130NTek ba\u015f\u0131n\u0131za fikir ortaya atmak zor olabilir. Hatta bunu beyin f\u0131rt\u0131nas\u0131 dahilinde yapmak, daha da zor g\u00f6z\u00fckebilir. Fikirler Kitab\u0131, bir dizi<span class=\"excerpt-hellip\"> [\u2026]<\/span><\/p>\n","protected":false},"featured_media":0,"template":"","meta":{"_monsterinsights_skip_tracking":false,"_monsterinsights_sitenote_active":false,"_monsterinsights_sitenote_note":"","_monsterinsights_sitenote_category":0},"product_brand":[],"product_cat":[12364,12376],"product_tag":[],"class_list":{"0":"post-746379","1":"product","2":"type-product","3":"status-publish","5":"product_cat-genel-konular","6":"product_cat-kisisel-gelisim","7":"pa_cilt-ciltsiz","8":"pa_tur-kitap","9":"pa_yayinevi-mona-kitap","10":"pa_yazar-kevin-duncan","12":"first","13":"instock","14":"sale","15":"shipping-taxable","16":"purchasable","17":"product-type-simple"},"_links":{"self":[{"href":"https:\/\/roveyayinevi.com.tr\/index.php\/wp-json\/wp\/v2\/product\/746379","targetHints":{"allow":["GET"]}}],"collection":[{"href":"https:\/\/roveyayinevi.com.tr\/index.php\/wp-json\/wp\/v2\/product"}],"about":[{"href":"https:\/\/roveyayinevi.com.tr\/index.php\/wp-json\/wp\/v2\/types\/product"}],"wp:attachment":[{"href":"https:\/\/roveyayinevi.com.tr\/index.php\/wp-json\/wp\/v2\/media?parent=746379"}],"wp:term":[{"taxonomy":"product_brand","embeddable":true,"href":"https:\/\/roveyayinevi.com.tr\/index.php\/wp-json\/wp\/v2\/product_brand?post=746379"},{"taxonomy":"product_cat","embeddable":true,"href":"https:\/\/roveyayinevi.com.tr\/index.php\/wp-json\/wp\/v2\/product_cat?post=746379"},{"taxonomy":"product_tag","embeddable":true,"href":"https:\/\/roveyayinevi.com.tr\/index.php\/wp-json\/wp\/v2\/product_tag?post=746379"}],"curies":[{"name":"wp","href":"https:\/\/api.w.org\/{rel}","templated":true}]}}