{"id":746374,"date":"2025-08-28T02:40:47","date_gmt":"2025-08-27T23:40:47","guid":{"rendered":"https:\/\/roveyayinevi.com.tr\/index.php\/urun\/hep-birlikte-turkiye-olalim\/"},"modified":"2026-04-16T02:58:53","modified_gmt":"2026-04-15T23:58:53","slug":"hep-birlikte-turkiye-olalim","status":"publish","type":"product","link":"https:\/\/roveyayinevi.com.tr\/index.php\/urun\/hep-birlikte-turkiye-olalim\/","title":{"rendered":"Hep Birlikte T\u00fcrkiye Olal\u0131m"},"content":{"rendered":"<p>Bir memleket isterim, Senin ve benim gibi olsun. Bir memleket isterim, \u00c7ocuklu\u011fumdaki gibi olsun\u2026   Ayn\u0131 memleketin \u00e7ocuklar\u0131yken ne g\u00fczeldik KAN KARDE\u015e\u0130M. Sen ve ben kayg\u0131s\u0131 yoktu. Siyah senin i\u00e7in de, benim i\u00e7in de siyaht\u0131. Beyaz ve di\u011fer renkler de hepsi oldu\u011fu gibiydi\u2026 Okullarda y\u0131llarca ayn\u0131 ANDIMIZI ve \u0130ST\u0130KL\u00c2L MAR\u015eIMIZI okuyup, AY YILDIZLI BAYRA\u011eIMIZI g\u00f6klere \u00e7ektik. Memleket senin i\u00e7in de benim i\u00e7in de PAZARCIK\u2019TI. Hakk\u0131nda destan yaz\u0131lan madalyal\u0131 \u015fehrimiz KAHRAMANMARA\u015e\u2019\u0131n \u00e7ocuklar\u0131y\u0131z. Kalesinde d\u00fc\u015fman bayra\u011f\u0131n\u0131 kabul etmeyen bir ECDADIN torunlar\u0131y\u0131z. Atalar\u0131m\u0131z birlikte vatan i\u00e7in \u015eehit ve Gazi oldular. T\u0131pk\u0131 \u00c7ANAKKALE\u2018 DE oldu\u011fu gibi hep birlikte T\u00dcRK\u0130YE oldular. Ancak..! Sen vatan\u0131ndan, Ben memleketimden uzaklarda\u2026 Do\u011fulu, Bat\u0131l\u0131, G\u00fcneyli, Kuzeyli olman fark etmez; Dilin, Dinin, Mezhebin farkl\u0131 olmas\u0131 fark etmez. B\u00f6l\u00fcc\u00fcl\u00fck fitnesini sokan emperyalist \u00fclkelere inat, ULUSCA uyanal\u0131m \u00e7ok daha g\u00fc\u00e7l\u00fc VATAN olal\u0131m. Sokaklar\u0131nda \u00e7ocuklar\u0131m\u0131z\u0131n, torunlar\u0131m\u0131z\u0131n \u00f6zg\u00fcrce oynay\u0131p samimi ve d\u00fcr\u00fcst\u00e7e yeti\u015fti\u011fi, hem\u015feri, dost, akraba ve kan karde\u015f olabilmesi dile\u011fiile \u2026 Hep Birlikte T\u00dcRK\u0130YE olal\u0131m. \u015eAH\u0130N \u015eAH\u0130NO\u011eLU <\/p>\n","protected":false},"excerpt":{"rendered":"<p>Bir memleket isterim, Senin ve benim gibi olsun. Bir memleket isterim, \u00c7ocuklu\u011fumdaki gibi olsun\u2026 Ayn\u0131 memleketin \u00e7ocuklar\u0131yken ne g\u00fczeldik KAN KARDE\u015e\u0130M. Sen ve ben kayg\u0131s\u0131 yoktu.<span class=\"excerpt-hellip\"> [\u2026]<\/span><\/p>\n","protected":false},"featured_media":0,"template":"","meta":{"_monsterinsights_skip_tracking":false,"_monsterinsights_sitenote_active":false,"_monsterinsights_sitenote_note":"","_monsterinsights_sitenote_category":0},"product_brand":[],"product_cat":[12777,12291],"product_tag":[],"class_list":{"0":"post-746374","1":"product","2":"type-product","3":"status-publish","5":"product_cat-deneme","6":"product_cat-edebiyat","7":"pa_cilt-ciltsiz","8":"pa_tur-kitap","9":"pa_yayinevi-zet-yayinlari","10":"pa_yazar-sahin-sahinoglu","12":"first","13":"instock","14":"sale","15":"shipping-taxable","16":"purchasable","17":"product-type-simple"},"_links":{"self":[{"href":"https:\/\/roveyayinevi.com.tr\/index.php\/wp-json\/wp\/v2\/product\/746374","targetHints":{"allow":["GET"]}}],"collection":[{"href":"https:\/\/roveyayinevi.com.tr\/index.php\/wp-json\/wp\/v2\/product"}],"about":[{"href":"https:\/\/roveyayinevi.com.tr\/index.php\/wp-json\/wp\/v2\/types\/product"}],"wp:attachment":[{"href":"https:\/\/roveyayinevi.com.tr\/index.php\/wp-json\/wp\/v2\/media?parent=746374"}],"wp:term":[{"taxonomy":"product_brand","embeddable":true,"href":"https:\/\/roveyayinevi.com.tr\/index.php\/wp-json\/wp\/v2\/product_brand?post=746374"},{"taxonomy":"product_cat","embeddable":true,"href":"https:\/\/roveyayinevi.com.tr\/index.php\/wp-json\/wp\/v2\/product_cat?post=746374"},{"taxonomy":"product_tag","embeddable":true,"href":"https:\/\/roveyayinevi.com.tr\/index.php\/wp-json\/wp\/v2\/product_tag?post=746374"}],"curies":[{"name":"wp","href":"https:\/\/api.w.org\/{rel}","templated":true}]}}