{"id":746373,"date":"2025-08-28T02:40:46","date_gmt":"2025-08-27T23:40:46","guid":{"rendered":"https:\/\/roveyayinevi.com.tr\/index.php\/urun\/hiclik-mertebesi\/"},"modified":"2026-04-16T02:58:53","modified_gmt":"2026-04-15T23:58:53","slug":"hiclik-mertebesi","status":"publish","type":"product","link":"https:\/\/roveyayinevi.com.tr\/index.php\/urun\/hiclik-mertebesi\/","title":{"rendered":"Hi\u00e7lik Mertebesi"},"content":{"rendered":"<p>Sende azald\u0131m ben Sen sevmedik\u00e7e Bitti bir \u015feyler i\u00e7imde Var olanlarda yok oldu Bende yok olanlar\u0131n i\u00e7inde Bir hi\u00e7 oldum Ben se\u00e7medim ki hi\u00e7li\u011fi Ac\u0131d\u0131k\u00e7a y\u00fcre\u011fim Kanad\u0131k\u00e7a yaram T\u00fckendik\u00e7e sevgiler Sende gidince birde \u00fcst\u00fcne Geriye hi\u00e7 bir \u015fey kalm\u0131yor ki Y\u00fcre\u011fim enkaz y\u0131\u011f\u0131n\u0131 G\u00fcc\u00fcm yok derman s\u0131n\u0131rl\u0131 Ne a\u011fz\u0131m\u0131n tad\u0131 Ne sevginin ad\u0131 Her \u015fey anlams\u0131z Ne gidesim var Ne de gelesim Kalas\u0131mda yok Sorular\u0131m \u00e7ok Yokum anlayaca\u011f\u0131n Koskoca bo\u015fluk i\u00e7im Yukar\u0131 t\u00fck\u00fcrsem ne sakal ne b\u0131y\u0131k Her \u015fey karmakar\u0131\u015f\u0131k Kafamda epey bulan\u0131k Sorular en zorundan \u00e7\u0131kt\u0131 Cevaplar bilinmezlikte Kaybettim ben bu s\u0131nav\u0131 Hi\u00e7lik mertebesinde <\/p>\n","protected":false},"excerpt":{"rendered":"<p>Sende azald\u0131m ben Sen sevmedik\u00e7e Bitti bir \u015feyler i\u00e7imde Var olanlarda yok oldu Bende yok olanlar\u0131n i\u00e7inde Bir hi\u00e7 oldum Ben se\u00e7medim ki hi\u00e7li\u011fi Ac\u0131d\u0131k\u00e7a y\u00fcre\u011fim<span class=\"excerpt-hellip\"> [\u2026]<\/span><\/p>\n","protected":false},"featured_media":0,"template":"","meta":{"_monsterinsights_skip_tracking":false,"_monsterinsights_sitenote_active":false,"_monsterinsights_sitenote_note":"","_monsterinsights_sitenote_category":0},"product_brand":[],"product_cat":[12291,12509],"product_tag":[],"class_list":{"0":"post-746373","1":"product","2":"type-product","3":"status-publish","5":"product_cat-edebiyat","6":"product_cat-siir","7":"pa_cilt-ciltsiz","8":"pa_tur-kitap","9":"pa_yayinevi-zet-yayinlari","10":"pa_yazar-ersin-cavusgil","12":"first","13":"instock","14":"sale","15":"shipping-taxable","16":"purchasable","17":"product-type-simple"},"_links":{"self":[{"href":"https:\/\/roveyayinevi.com.tr\/index.php\/wp-json\/wp\/v2\/product\/746373","targetHints":{"allow":["GET"]}}],"collection":[{"href":"https:\/\/roveyayinevi.com.tr\/index.php\/wp-json\/wp\/v2\/product"}],"about":[{"href":"https:\/\/roveyayinevi.com.tr\/index.php\/wp-json\/wp\/v2\/types\/product"}],"wp:attachment":[{"href":"https:\/\/roveyayinevi.com.tr\/index.php\/wp-json\/wp\/v2\/media?parent=746373"}],"wp:term":[{"taxonomy":"product_brand","embeddable":true,"href":"https:\/\/roveyayinevi.com.tr\/index.php\/wp-json\/wp\/v2\/product_brand?post=746373"},{"taxonomy":"product_cat","embeddable":true,"href":"https:\/\/roveyayinevi.com.tr\/index.php\/wp-json\/wp\/v2\/product_cat?post=746373"},{"taxonomy":"product_tag","embeddable":true,"href":"https:\/\/roveyayinevi.com.tr\/index.php\/wp-json\/wp\/v2\/product_tag?post=746373"}],"curies":[{"name":"wp","href":"https:\/\/api.w.org\/{rel}","templated":true}]}}