{"id":746364,"date":"2025-08-28T02:40:34","date_gmt":"2025-08-27T23:40:34","guid":{"rendered":"https:\/\/roveyayinevi.com.tr\/index.php\/urun\/gantz-14\/"},"modified":"2026-04-16T02:58:52","modified_gmt":"2026-04-15T23:58:52","slug":"gantz-14","status":"publish","type":"product","link":"https:\/\/roveyayinevi.com.tr\/index.php\/urun\/gantz-14\/","title":{"rendered":"Gantz 14"},"content":{"rendered":"<p>Elbise giymiyor olmas\u0131na ra\u011fmen, Kurono son hedef olan devasa b\u00fcy\u00fckl\u00fckteki dinozoru \u00f6ld\u00fcrmeyi ba\u015far\u0131r. Ancak tam da g\u00f6rev sona ermi\u015f gibi g\u00f6r\u00fcn\u00fcrken siyah elbiseli tuhaf adamlar\u0131n sald\u0131r\u0131s\u0131na u\u011frarlar. Ne Kurono ne de \u0130zumi\u2019nin varl\u0131\u011f\u0131ndan haberdar olmad\u0131\u011f\u0131 bu tuhaf d\u00fc\u015fman\u0131n ortaya \u00e7\u0131k\u0131\u015f\u0131yla, dinozor sald\u0131r\u0131s\u0131ndan kurtulanlar\u0131n pek \u00e7o\u011fu transfer olamadan katledilirler. G\u00fcnl\u00fck hayata d\u00f6n\u00fckten sonra da Kurono hayatta kalan \u00fcyelerle yak\u0131nla\u015fmaya devam eder ancak bu huzur ortam\u0131, g\u00f6revde olmamalar\u0131na ra\u011fmen pe\u015flerine d\u00fc\u015fen bu siyah elbiseliler taraf\u0131ndan bozulacakt\u0131r. Hik\u00e2ye ak\u0131\u015f\u0131 ve ana kahramanlar\u0131n\u0131n ya\u015fad\u0131klar\u0131yla di\u011fer t\u00fcm mangalardan ayr\u0131lan yeti\u015fkin mangas\u0131 Gantz, y\u00fcksek temposuyla \u015fa\u015f\u0131rtmaya devam ediyor.<\/p>\n","protected":false},"excerpt":{"rendered":"<p>Elbise giymiyor olmas\u0131na ra\u011fmen, Kurono son hedef olan devasa b\u00fcy\u00fckl\u00fckteki dinozoru \u00f6ld\u00fcrmeyi ba\u015far\u0131r. Ancak tam da g\u00f6rev sona ermi\u015f gibi g\u00f6r\u00fcn\u00fcrken siyah elbiseli tuhaf adamlar\u0131n sald\u0131r\u0131s\u0131na<span class=\"excerpt-hellip\"> [\u2026]<\/span><\/p>\n","protected":false},"featured_media":0,"template":"","meta":{"_monsterinsights_skip_tracking":false,"_monsterinsights_sitenote_active":false,"_monsterinsights_sitenote_note":"","_monsterinsights_sitenote_category":0},"product_brand":[],"product_cat":[12416,12291],"product_tag":[],"class_list":{"0":"post-746364","1":"product","2":"type-product","3":"status-publish","5":"product_cat-cizgi-roman","6":"product_cat-edebiyat","7":"pa_cilt-ciltsiz","8":"pa_tur-kitap","9":"pa_yayinevi-kurukafa","10":"pa_yazar-hiroya-oku","12":"first","13":"instock","14":"sale","15":"shipping-taxable","16":"purchasable","17":"product-type-simple"},"_links":{"self":[{"href":"https:\/\/roveyayinevi.com.tr\/index.php\/wp-json\/wp\/v2\/product\/746364","targetHints":{"allow":["GET"]}}],"collection":[{"href":"https:\/\/roveyayinevi.com.tr\/index.php\/wp-json\/wp\/v2\/product"}],"about":[{"href":"https:\/\/roveyayinevi.com.tr\/index.php\/wp-json\/wp\/v2\/types\/product"}],"wp:attachment":[{"href":"https:\/\/roveyayinevi.com.tr\/index.php\/wp-json\/wp\/v2\/media?parent=746364"}],"wp:term":[{"taxonomy":"product_brand","embeddable":true,"href":"https:\/\/roveyayinevi.com.tr\/index.php\/wp-json\/wp\/v2\/product_brand?post=746364"},{"taxonomy":"product_cat","embeddable":true,"href":"https:\/\/roveyayinevi.com.tr\/index.php\/wp-json\/wp\/v2\/product_cat?post=746364"},{"taxonomy":"product_tag","embeddable":true,"href":"https:\/\/roveyayinevi.com.tr\/index.php\/wp-json\/wp\/v2\/product_tag?post=746364"}],"curies":[{"name":"wp","href":"https:\/\/api.w.org\/{rel}","templated":true}]}}