{"id":746357,"date":"2025-08-28T02:40:26","date_gmt":"2025-08-27T23:40:26","guid":{"rendered":"https:\/\/roveyayinevi.com.tr\/index.php\/urun\/medya-teorisi\/"},"modified":"2026-04-16T02:58:52","modified_gmt":"2026-04-15T23:58:52","slug":"medya-teorisi","status":"publish","type":"product","link":"https:\/\/roveyayinevi.com.tr\/index.php\/urun\/medya-teorisi\/","title":{"rendered":"Medya Teorisi"},"content":{"rendered":"<p>Bug\u00fcn ger\u00e7e\u011fin y\u00fczeysel alg\u0131lan\u0131\u015f\u0131n\u0131n heryerdeli\u011finin \u015fiddetinden malul\u00fcz. Toplumsal d\u00fcnya hakk\u0131ndaki bilgilenmenin etkin ve eylemsel boyutuna duyulan ilgiyi ise neredeyse yitirmi\u015f bulunuyoruz. Medyatik logosfer g\u00f6z al\u0131c\u0131 parlakl\u0131kta seyirlik manzaralar sunuyor ha bire, ama praksis \u00fcretmiyor. Y\u0131\u011f\u0131nlar, ana ak\u0131m medyan\u0131n her \u015feyden \u00e7ok da fikirleri zihin donduracak bir yetenek ve h\u0131zda ticari tahvillere d\u00f6n\u00fc\u015ft\u00fcrebilme tutkusu ve g\u00fcc\u00fcyle kar\u015f\u0131 kar\u015f\u0131ya. Ama iyi ki de toplumsal hakikatin bu \u015fekilde y\u00fczeysel\/ba\u011flams\u0131z alg\u0131lamalar ve taklitler denizinde \u201ci\u00e7 edilmesi\u201d problemine t\u00fcm d\u00fc\u015f\u00fcnsel g\u00fc\u00e7leriyle kar\u015f\u0131 \u00e7\u0131kan isimler var h\u00e2l\u00e2: Chomsky, Hall, Mattelart, Bourdieu, Baudrillard, van Dijk, vd.T\u00fcrk\u00e7ede, \u015fimdiye dek t\u00fcm boyutlar\u0131yla ileti\u015fimin sorunlar\u0131n\u0131 ve \u00f6zel olarak da medya ve toplumsal yap\u0131 ili\u015fkisini konu alan pek \u00e7ok \u00e7al\u0131\u015fma yay\u0131mland\u0131. Bunlardan ba\u015far\u0131lar\u0131 g\u00f6rece geni\u015f bir kitle taraf\u0131ndan onay g\u00f6rm\u00fc\u015f olanlar bile iki a\u00e7\u0131dan bir eksiklik i\u00e7eriyor. Birincisi, \u00e7o\u011funun \u00fcslubunda g\u00f6zle g\u00f6r\u00fcl\u00fcr bir nesnelle\u015ftirici e\u011filim g\u00f6ze \u00e7arp\u0131yor. \u00c2deta gelip nesnesine eklemlenmi\u015f ara\u015ft\u0131r\u0131c\u0131n\u0131n \u00f6znel sesinin eksikli\u011fiyle dolular. \u0130kinci olarak da, bizatihi medya toplumbilimi konusundaki mevcut T\u00fcrk\u00e7e literat\u00fcr\u00fcn belli bir b\u00fct\u00fcnl\u00fck olu\u015fturmayan da\u011f\u0131n\u0131kl\u0131\u011f\u0131na sahipler. Medya Teorisi, her iki e\u011filime kar\u015f\u0131 da mesafeli durarak \u00fc\u00e7\u00fcnc\u00fc bir cephe olu\u015fturma amac\u0131 ta\u015f\u0131yor. Kitap, \u00f6nc\u00fclleri, \u00f6nermeleri ve vard\u0131klar\u0131 sonu\u00e7lar bak\u0131m\u0131ndan bazen birbirini do\u011frulayan, bazen de birbirine taban tabana z\u0131t gibi g\u00f6r\u00fcnen bak\u0131\u015f a\u00e7\u0131lar\u0131, kavramsal yakla\u015f\u0131mlar\u0131 ve d\u00fc\u015f\u00fcnceleriyle ele\u015ftirel medya toplumbiliminin olu\u015fumuna katk\u0131da bulunmu\u015f on medya kuramc\u0131s\u0131n\u0131n d\u00fc\u015f\u00fcnsel mesailerine \u0131\u015f\u0131k tutmaya \u00e7al\u0131\u015f\u0131yor. <\/p>\n","protected":false},"excerpt":{"rendered":"<p>Bug\u00fcn ger\u00e7e\u011fin y\u00fczeysel alg\u0131lan\u0131\u015f\u0131n\u0131n heryerdeli\u011finin \u015fiddetinden malul\u00fcz. Toplumsal d\u00fcnya hakk\u0131ndaki bilgilenmenin etkin ve eylemsel boyutuna duyulan ilgiyi ise neredeyse yitirmi\u015f bulunuyoruz. Medyatik logosfer g\u00f6z al\u0131c\u0131 parlakl\u0131kta<span class=\"excerpt-hellip\"> [\u2026]<\/span><\/p>\n","protected":false},"featured_media":0,"template":"","meta":{"_monsterinsights_skip_tracking":false,"_monsterinsights_sitenote_active":false,"_monsterinsights_sitenote_note":"","_monsterinsights_sitenote_category":0},"product_brand":[],"product_cat":[15983,13488],"product_tag":[],"class_list":{"0":"post-746357","1":"product","2":"type-product","3":"status-publish","5":"product_cat-iletisim-ve-medya","6":"product_cat-toplum-ve-insan","7":"pa_cilt-ciltsiz","8":"pa_tur-kitap","9":"pa_yayinevi-nika-yayinevi","10":"pa_yazar-huseyin-kose","12":"first","13":"instock","14":"sale","15":"shipping-taxable","16":"purchasable","17":"product-type-simple"},"_links":{"self":[{"href":"https:\/\/roveyayinevi.com.tr\/index.php\/wp-json\/wp\/v2\/product\/746357","targetHints":{"allow":["GET"]}}],"collection":[{"href":"https:\/\/roveyayinevi.com.tr\/index.php\/wp-json\/wp\/v2\/product"}],"about":[{"href":"https:\/\/roveyayinevi.com.tr\/index.php\/wp-json\/wp\/v2\/types\/product"}],"wp:attachment":[{"href":"https:\/\/roveyayinevi.com.tr\/index.php\/wp-json\/wp\/v2\/media?parent=746357"}],"wp:term":[{"taxonomy":"product_brand","embeddable":true,"href":"https:\/\/roveyayinevi.com.tr\/index.php\/wp-json\/wp\/v2\/product_brand?post=746357"},{"taxonomy":"product_cat","embeddable":true,"href":"https:\/\/roveyayinevi.com.tr\/index.php\/wp-json\/wp\/v2\/product_cat?post=746357"},{"taxonomy":"product_tag","embeddable":true,"href":"https:\/\/roveyayinevi.com.tr\/index.php\/wp-json\/wp\/v2\/product_tag?post=746357"}],"curies":[{"name":"wp","href":"https:\/\/api.w.org\/{rel}","templated":true}]}}