{"id":746352,"date":"2025-08-28T02:40:21","date_gmt":"2025-08-27T23:40:21","guid":{"rendered":"https:\/\/roveyayinevi.com.tr\/index.php\/urun\/samanizm-ve-islam\/"},"modified":"2026-04-16T02:58:52","modified_gmt":"2026-04-15T23:58:52","slug":"samanizm-ve-islam","status":"publish","type":"product","link":"https:\/\/roveyayinevi.com.tr\/index.php\/urun\/samanizm-ve-islam\/","title":{"rendered":"\u015eamanizm Ve \u0130slam"},"content":{"rendered":"<p>\u201c\u0130slamla\u015fm\u0131\u015f \u015eamanizm\u201d nedir? R\u00fcyada kut nas\u0131l al\u0131n\u0131r? Halk ozanlar\u0131, \u00e2\u015f\u0131klar, ge\u00e7mi\u015fin \u015famanlar\u0131n\u0131n miras\u00e7\u0131s\u0131 m\u0131? Alevi-Bekta\u015fi turnalar semah\u0131 eski bir \u015eamanik gelenek mi? Bug\u00fcnk\u00fc T\u00fcrklerin cin inan\u0131\u015flar\u0131, eski T\u00fcrklerin ruh inan\u0131\u015flar\u0131 m\u0131d\u0131r? Cinci hocalar ve ocakl\u0131lar\u0131n \u015eamanizm\u2019le ilgisi ne? T\u00fcrk\u00e7enin bilinen ilk s\u00f6zl\u00fc\u011f\u00fc D\u00eev\u00e2nu Lug\u00e2ti\u2019t T\u00fcrk eski T\u00fcrk inan\u00e7lar\u0131 hakk\u0131nda nas\u0131l bilgiler i\u00e7eriyor? Orta\u00e7a\u011f T\u00fcrk ve Mo\u011fol toplumlar\u0131n\u0131n \u015eamanik inan\u00e7 ve gelenekleri neler? Bug\u00fcnk\u00fc Kazak ve K\u0131rg\u0131zlar\u0131n \u0130slam\u2019\u0131 ya\u015fama bi\u00e7imi k\u00f6ktenci gruplar taraf\u0131ndan nas\u0131l tehdit ediliyor? Bu makaleler derlemesi, \u00f6nde gelen T\u00fcrkolog, Mo\u011folog ve tarih\u00e7ilerin, dilimize ilk kez \u00e7evrilen ara\u015ft\u0131rmalar\u0131 \u0131\u015f\u0131\u011f\u0131nda, T\u00fcrk ve Mo\u011fol halklar\u0131 aras\u0131nda \u0130slam sonras\u0131nda \u015eamanizm\u2019in varl\u0131\u011f\u0131n\u0131 nas\u0131l s\u00fcrd\u00fcrd\u00fc\u011f\u00fcne odaklan\u0131yor.<\/p>\n","protected":false},"excerpt":{"rendered":"<p>\u201c\u0130slamla\u015fm\u0131\u015f \u015eamanizm\u201d nedir? R\u00fcyada kut nas\u0131l al\u0131n\u0131r? Halk ozanlar\u0131, \u00e2\u015f\u0131klar, ge\u00e7mi\u015fin \u015famanlar\u0131n\u0131n miras\u00e7\u0131s\u0131 m\u0131? Alevi-Bekta\u015fi turnalar semah\u0131 eski bir \u015eamanik gelenek mi? Bug\u00fcnk\u00fc T\u00fcrklerin cin inan\u0131\u015flar\u0131,<span class=\"excerpt-hellip\"> [\u2026]<\/span><\/p>\n","protected":false},"featured_media":0,"template":"","meta":{"_monsterinsights_skip_tracking":false,"_monsterinsights_sitenote_active":false,"_monsterinsights_sitenote_note":"","_monsterinsights_sitenote_category":0},"product_brand":[],"product_cat":[12312,12304],"product_tag":[],"class_list":{"0":"post-746352","1":"product","2":"type-product","3":"status-publish","5":"product_cat-diger","6":"product_cat-tarih","7":"pa_cilt-ciltsiz","8":"pa_tur-kitap","9":"pa_yayinevi-pinhan-yayincilik","10":"pa_yazar-kolektif","12":"first","13":"instock","14":"sale","15":"shipping-taxable","16":"purchasable","17":"product-type-simple"},"_links":{"self":[{"href":"https:\/\/roveyayinevi.com.tr\/index.php\/wp-json\/wp\/v2\/product\/746352","targetHints":{"allow":["GET"]}}],"collection":[{"href":"https:\/\/roveyayinevi.com.tr\/index.php\/wp-json\/wp\/v2\/product"}],"about":[{"href":"https:\/\/roveyayinevi.com.tr\/index.php\/wp-json\/wp\/v2\/types\/product"}],"wp:attachment":[{"href":"https:\/\/roveyayinevi.com.tr\/index.php\/wp-json\/wp\/v2\/media?parent=746352"}],"wp:term":[{"taxonomy":"product_brand","embeddable":true,"href":"https:\/\/roveyayinevi.com.tr\/index.php\/wp-json\/wp\/v2\/product_brand?post=746352"},{"taxonomy":"product_cat","embeddable":true,"href":"https:\/\/roveyayinevi.com.tr\/index.php\/wp-json\/wp\/v2\/product_cat?post=746352"},{"taxonomy":"product_tag","embeddable":true,"href":"https:\/\/roveyayinevi.com.tr\/index.php\/wp-json\/wp\/v2\/product_tag?post=746352"}],"curies":[{"name":"wp","href":"https:\/\/api.w.org\/{rel}","templated":true}]}}