{"id":746344,"date":"2025-08-28T02:40:12","date_gmt":"2025-08-27T23:40:12","guid":{"rendered":"https:\/\/roveyayinevi.com.tr\/index.php\/urun\/pr-teknoloji-veri-ve-icgoruler\/"},"modified":"2026-04-16T02:58:52","modified_gmt":"2026-04-15T23:58:52","slug":"pr-teknoloji-veri-ve-icgoruler","status":"publish","type":"product","link":"https:\/\/roveyayinevi.com.tr\/index.php\/urun\/pr-teknoloji-veri-ve-icgoruler\/","title":{"rendered":"PR Teknoloji, Veri ve \u0130\u00e7g\u00f6r\u00fcler"},"content":{"rendered":"<p>Teknoloji, veri ve i\u00e7g\u00f6r\u00fcler, halkla ili\u015fkiler ve kurumsal ileti\u015fim i\u015flevini sonsuza dek de\u011fi\u015ftirdi. S\u00f6z konusu de\u011fi\u015fikli\u011fe uyum sa\u011flayamamak ise yetersizlikten \u00e7ok bir isteksizlik meselesi haline geldi.   Art\u0131k teknoloji, veri ve i\u00e7g\u00f6r\u00fcler daha anlaml\u0131 hedefler olu\u015fturulmas\u0131na ve performans de\u011ferlendirmesinin daha sa\u011fl\u0131kl\u0131 yap\u0131lmas\u0131na katk\u0131 sa\u011fl\u0131yor. Bu sayede halkla ili\u015fkiler yat\u0131r\u0131m\u0131n\u0131n en \u00f6nemli getirisi olan itibar\u0131 zedeleyebilecek risklerin azalt\u0131lmas\u0131 ve optimum verimlili\u011fin sa\u011flanmas\u0131 m\u00fcmk\u00fcn k\u0131l\u0131nabiliyor.   Kurumsal ileti\u015fimi finanse eden ve de\u011ferlendiren \u00fcst d\u00fczey y\u00f6neticiler, \u00f6l\u00e7\u00fclebilir ve olumlu bir halkla ili\u015fkiler yat\u0131r\u0131m getirisi d\u00e2hil olmak \u00fczere \u00e7ok daha fazlas\u0131n\u0131 talep ediyorlar. Liderler, kurumsal ileti\u015fim ve halkla ili\u015fkiler uzmanlar\u0131n\u0131n i\u015fin temellerini bildiklerinin fark\u0131ndalar ancak buna ek olarak halkla ili\u015fkiler hedeflerini, \u00e7\u0131kt\u0131lar\u0131n\u0131 ve sonu\u00e7lar\u0131n\u0131 \u201ci\u015f dilinde\u201d ba\u011flamsalla\u015ft\u0131rma becerisi de bekliyorlar.   PR Teknoloji, Veri ve \u0130\u00e7g\u00f6r\u00fcler, ileti\u015fim uzmanlar\u0131n\u0131n hedeflere ve rakiplere kar\u015f\u0131 zaman i\u00e7inde iyile\u015ftirilmi\u015f bir halkla ili\u015fkiler performans\u0131 elde etmesini m\u00fcmk\u00fcn k\u0131lmak i\u00e7in uygulamaya y\u00f6nelik en iyi \u00f6rnekleri payla\u015f\u0131rken, uzmanlar\u0131n amaca y\u00f6nelik teknolojileri, veri varl\u0131klar\u0131n\u0131 ve eyleme ge\u00e7irilebilir i\u00e7g\u00f6r\u00fcleri anlamalar\u0131na da yard\u0131mc\u0131 oluyor.   Adobe, Mastercard, Southwest, Ford ve di\u011fer birinci s\u0131n\u0131f kurulu\u015flardan en iyi uygulama \u00f6rnekleriyle birlikte finansal hizmetler, teknoloji, seyahat, otomotiv gibi \u00e7e\u015fitli sekt\u00f6rlerden vaka \u00e7al\u0131\u015fmalar\u0131ndan yararlanan bu kitap, ileti\u015fim profesyonellerine teknolojiyi nas\u0131l optimize edeceklerini, verileri kullanarak kurulu\u015flar\u0131na nas\u0131l liderlik edeceklerini,  halkla ili\u015fkiler \u00e7\u0131kt\u0131lar\u0131n\u0131 i\u015f sonu\u00e7lar\u0131na d\u00f6n\u00fc\u015ft\u00fcrme yetene\u011fini nas\u0131l \u00f6l\u00e7eceklerini g\u00f6stererek y\u00f6neticilerin karar alma s\u00fcrecini g\u00fc\u00e7lendiren i\u00e7g\u00f6r\u00fcler sunuyor. <\/p>\n","protected":false},"excerpt":{"rendered":"<p>Teknoloji, veri ve i\u00e7g\u00f6r\u00fcler, halkla ili\u015fkiler ve kurumsal ileti\u015fim i\u015flevini sonsuza dek de\u011fi\u015ftirdi. S\u00f6z konusu de\u011fi\u015fikli\u011fe uyum sa\u011flayamamak ise yetersizlikten \u00e7ok bir isteksizlik meselesi haline geldi.<span class=\"excerpt-hellip\"> [\u2026]<\/span><\/p>\n","protected":false},"featured_media":0,"template":"","meta":{"_monsterinsights_skip_tracking":false,"_monsterinsights_sitenote_active":false,"_monsterinsights_sitenote_note":"","_monsterinsights_sitenote_category":0},"product_brand":[],"product_cat":[13043,17492],"product_tag":[],"class_list":{"0":"post-746344","1":"product","2":"type-product","3":"status-publish","5":"product_cat-ekonomi","6":"product_cat-pazarlama-satis-reklam","7":"pa_cilt-ciltsiz","8":"pa_tur-kitap","9":"pa_yayinevi-the-kitap","10":"pa_yazar-mark-weiner","12":"first","13":"instock","14":"sale","15":"shipping-taxable","16":"purchasable","17":"product-type-simple"},"_links":{"self":[{"href":"https:\/\/roveyayinevi.com.tr\/index.php\/wp-json\/wp\/v2\/product\/746344","targetHints":{"allow":["GET"]}}],"collection":[{"href":"https:\/\/roveyayinevi.com.tr\/index.php\/wp-json\/wp\/v2\/product"}],"about":[{"href":"https:\/\/roveyayinevi.com.tr\/index.php\/wp-json\/wp\/v2\/types\/product"}],"wp:attachment":[{"href":"https:\/\/roveyayinevi.com.tr\/index.php\/wp-json\/wp\/v2\/media?parent=746344"}],"wp:term":[{"taxonomy":"product_brand","embeddable":true,"href":"https:\/\/roveyayinevi.com.tr\/index.php\/wp-json\/wp\/v2\/product_brand?post=746344"},{"taxonomy":"product_cat","embeddable":true,"href":"https:\/\/roveyayinevi.com.tr\/index.php\/wp-json\/wp\/v2\/product_cat?post=746344"},{"taxonomy":"product_tag","embeddable":true,"href":"https:\/\/roveyayinevi.com.tr\/index.php\/wp-json\/wp\/v2\/product_tag?post=746344"}],"curies":[{"name":"wp","href":"https:\/\/api.w.org\/{rel}","templated":true}]}}