{"id":746332,"date":"2025-08-28T02:39:56","date_gmt":"2025-08-27T23:39:56","guid":{"rendered":"https:\/\/roveyayinevi.com.tr\/index.php\/urun\/gun-olur-2\/"},"modified":"2026-04-16T02:58:52","modified_gmt":"2026-04-15T23:58:52","slug":"gun-olur-2","status":"publish","type":"product","link":"https:\/\/roveyayinevi.com.tr\/index.php\/urun\/gun-olur-2\/","title":{"rendered":"G\u00fcn Olur"},"content":{"rendered":"<p>I\u015f\u0131klar s\u00f6nm\u00fc\u015f olsa da, \u201cG\u00f6recek bir \u015fey kalmad\u0131\u201d deseler de, Kalaca\u011f\u0131m, her zaman bakmaya de\u011fer bir \u015fey vard\u0131r. Rainer Maria Rilke Baz\u0131 g\u00fcnler \u00e7ok s\u0131radand\u0131r, baz\u0131lar\u0131ysa ola\u011fan\u00fcst\u00fc ve \u00e7ok \u015fa\u015f\u0131rt\u0131c\u0131 olabilir. Bu kitapta ayn\u0131 sat\u0131rlara e\u015flik eden iki g\u00f6zlemci var.  Manzara ayn\u0131 ama bak\u0131\u015f a\u00e7\u0131lar\u0131 ve g\u00f6rd\u00fckleri birbirinden \u00e7ok farkl\u0131!  Sen de onlarla ayn\u0131 manzaraya bak\u0131p farkl\u0131 bir \u015feyler ke\u015ffetmek ister misin? <\/p>\n","protected":false},"excerpt":{"rendered":"<p>I\u015f\u0131klar s\u00f6nm\u00fc\u015f olsa da, \u201cG\u00f6recek bir \u015fey kalmad\u0131\u201d deseler de, Kalaca\u011f\u0131m, her zaman bakmaya de\u011fer bir \u015fey vard\u0131r. Rainer Maria Rilke Baz\u0131 g\u00fcnler \u00e7ok s\u0131radand\u0131r, baz\u0131lar\u0131ysa<span class=\"excerpt-hellip\"> [\u2026]<\/span><\/p>\n","protected":false},"featured_media":0,"template":"","meta":{"_monsterinsights_skip_tracking":false,"_monsterinsights_sitenote_active":false,"_monsterinsights_sitenote_note":"","_monsterinsights_sitenote_category":0},"product_brand":[],"product_cat":[12274,12284],"product_tag":[],"class_list":{"0":"post-746332","1":"product","2":"type-product","3":"status-publish","5":"product_cat-cocuk-ve-genclik-kitaplari","6":"product_cat-hikayeler","7":"pa_cilt-ciltsiz","8":"pa_tur-kitap","9":"pa_yayinevi-vakifbank-kultur-yayinlari","10":"pa_yazar-oriane-smith","12":"first","13":"instock","14":"sale","15":"shipping-taxable","16":"purchasable","17":"product-type-simple"},"_links":{"self":[{"href":"https:\/\/roveyayinevi.com.tr\/index.php\/wp-json\/wp\/v2\/product\/746332","targetHints":{"allow":["GET"]}}],"collection":[{"href":"https:\/\/roveyayinevi.com.tr\/index.php\/wp-json\/wp\/v2\/product"}],"about":[{"href":"https:\/\/roveyayinevi.com.tr\/index.php\/wp-json\/wp\/v2\/types\/product"}],"wp:attachment":[{"href":"https:\/\/roveyayinevi.com.tr\/index.php\/wp-json\/wp\/v2\/media?parent=746332"}],"wp:term":[{"taxonomy":"product_brand","embeddable":true,"href":"https:\/\/roveyayinevi.com.tr\/index.php\/wp-json\/wp\/v2\/product_brand?post=746332"},{"taxonomy":"product_cat","embeddable":true,"href":"https:\/\/roveyayinevi.com.tr\/index.php\/wp-json\/wp\/v2\/product_cat?post=746332"},{"taxonomy":"product_tag","embeddable":true,"href":"https:\/\/roveyayinevi.com.tr\/index.php\/wp-json\/wp\/v2\/product_tag?post=746332"}],"curies":[{"name":"wp","href":"https:\/\/api.w.org\/{rel}","templated":true}]}}