{"id":746323,"date":"2025-08-28T02:39:46","date_gmt":"2025-08-27T23:39:46","guid":{"rendered":"https:\/\/roveyayinevi.com.tr\/index.php\/urun\/cumhuriyet-ve-laiklik\/"},"modified":"2026-04-16T02:58:52","modified_gmt":"2026-04-15T23:58:52","slug":"cumhuriyet-ve-laiklik","status":"publish","type":"product","link":"https:\/\/roveyayinevi.com.tr\/index.php\/urun\/cumhuriyet-ve-laiklik\/","title":{"rendered":"Cumhuriyet ve Laiklik"},"content":{"rendered":"<p>T\u00fcrk devrimini, di\u011fer d\u00fcnya devrimlerinin \u00f6zg\u00fcrl\u00fck, e\u015fitlik, karde\u015flik ile toplumdan yana olma gibi ilkelerinin yan\u0131nda \u00f6zg\u00fcn kalan taraf\u0131, hi\u00e7 ku\u015fkusuz her alanda ba\u011f\u0131ms\u0131zl\u0131\u011f\u0131 \u00f6ncelemesidir. Ekonomide, yurt y\u00f6netiminde oldu\u011fu gibi d\u00fc\u015f\u00fcncede de ba\u011f\u0131ms\u0131zl\u0131k, yaln\u0131zca ge\u00e7 kalm\u0131\u015f bir ayd\u0131nlanman\u0131n \u00f6tesinde, \u00f6zellikle Do\u011fu toplumlar\u0131na \u00f6zg\u00fc dura\u011fanla\u015fma ve donukla\u015fmadan da bir s\u0131yr\u0131l\u0131\u015f olarak tan\u0131mlanabilir.Laikli\u011fin T\u00fcrk devriminde \u201cdin ve devlet i\u015flerinin birbirinden ayr\u0131lmas\u0131\u201d gibi basmakal\u0131p kimi tan\u0131mlamalar\u0131n \u00f6tesinde bir yeri vard\u0131r ve i\u015fte bu s\u0131yr\u0131l\u0131\u015f\u0131, ba\u011f\u0131ms\u0131zla\u015fmay\u0131 i\u00e7erir.T\u00fcrk devrimi ile; hukuk da, ya\u015fay\u0131\u015f da, insan\u0131n ve yurtta\u015f\u0131n tan\u0131m\u0131 da, d\u00fc\u015f\u00fcnde de, abece de, kullan\u0131lan harf de, dil de, siyasa da, kamusal alan ve y\u00f6netim de, hatta inan\u00e7 da ba\u011f\u0131ms\u0131zla\u015fm\u0131\u015ft\u0131r.Prof. Dr. Bahri Savc\u0131\u2019ya g\u00f6ndermeyle Prof. Dr. Emre Kongar\u2019\u0131n dedi\u011fi gibi, laiklik, \u00e7ok yal\u0131n bir de\u011fi\u015fle \u201cdin ad\u0131na insanlara bask\u0131 yap\u0131lmas\u0131n\u0131 \u00f6nlemek\u201dtir.Elinizdeki kitap, \u00c7a\u011fda\u015f Ya\u015fam\u0131 Destekleme Derne\u011fi\u2019nin katk\u0131lar\u0131yla haz\u0131rlanan, \u00e7a\u011fda\u015f ya\u015fam\u0131n temeli olan laik, demokratik Cumhuriyet\u2019in harc\u0131n\u0131 olu\u015fturan ilkelerin de\u011ferli ayd\u0131nlar\u0131n kaleminden a\u00e7\u0131mland\u0131\u011f\u0131 bir dizi yap\u0131t\u0131n \u00e7ok \u00f6nemli ve tamamlay\u0131c\u0131 bir par\u00e7as\u0131d\u0131r. <\/p>\n","protected":false},"excerpt":{"rendered":"<p>T\u00fcrk devrimini, di\u011fer d\u00fcnya devrimlerinin \u00f6zg\u00fcrl\u00fck, e\u015fitlik, karde\u015flik ile toplumdan yana olma gibi ilkelerinin yan\u0131nda \u00f6zg\u00fcn kalan taraf\u0131, hi\u00e7 ku\u015fkusuz her alanda ba\u011f\u0131ms\u0131zl\u0131\u011f\u0131 \u00f6ncelemesidir. Ekonomide, yurt<span class=\"excerpt-hellip\"> [\u2026]<\/span><\/p>\n","protected":false},"featured_media":0,"template":"","meta":{"_monsterinsights_skip_tracking":false,"_monsterinsights_sitenote_active":false,"_monsterinsights_sitenote_note":"","_monsterinsights_sitenote_category":0},"product_brand":[],"product_cat":[12304,13493],"product_tag":[],"class_list":{"0":"post-746323","1":"product","2":"type-product","3":"status-publish","5":"product_cat-tarih","6":"product_cat-turkiye-ve-cumhuriyet-tarihi","7":"pa_cilt-ciltsiz","8":"pa_tur-kitap","9":"pa_yayinevi-cumhuriyet-kitaplari","10":"pa_yazar-nergis-mutevellioglu","11":"pa_yazar-sinan-sonmez","13":"first","14":"instock","15":"sale","16":"shipping-taxable","17":"purchasable","18":"product-type-simple"},"_links":{"self":[{"href":"https:\/\/roveyayinevi.com.tr\/index.php\/wp-json\/wp\/v2\/product\/746323","targetHints":{"allow":["GET"]}}],"collection":[{"href":"https:\/\/roveyayinevi.com.tr\/index.php\/wp-json\/wp\/v2\/product"}],"about":[{"href":"https:\/\/roveyayinevi.com.tr\/index.php\/wp-json\/wp\/v2\/types\/product"}],"wp:attachment":[{"href":"https:\/\/roveyayinevi.com.tr\/index.php\/wp-json\/wp\/v2\/media?parent=746323"}],"wp:term":[{"taxonomy":"product_brand","embeddable":true,"href":"https:\/\/roveyayinevi.com.tr\/index.php\/wp-json\/wp\/v2\/product_brand?post=746323"},{"taxonomy":"product_cat","embeddable":true,"href":"https:\/\/roveyayinevi.com.tr\/index.php\/wp-json\/wp\/v2\/product_cat?post=746323"},{"taxonomy":"product_tag","embeddable":true,"href":"https:\/\/roveyayinevi.com.tr\/index.php\/wp-json\/wp\/v2\/product_tag?post=746323"}],"curies":[{"name":"wp","href":"https:\/\/api.w.org\/{rel}","templated":true}]}}