{"id":746312,"date":"2025-08-28T02:39:31","date_gmt":"2025-08-27T23:39:31","guid":{"rendered":"https:\/\/roveyayinevi.com.tr\/index.php\/urun\/sevesim-geldi\/"},"modified":"2026-04-16T02:58:51","modified_gmt":"2026-04-15T23:58:51","slug":"sevesim-geldi","status":"publish","type":"product","link":"https:\/\/roveyayinevi.com.tr\/index.php\/urun\/sevesim-geldi\/","title":{"rendered":"Sevesim Geldi"},"content":{"rendered":"<p>15.3.1953 Karab\u00fck\u2019te do\u011fdu, Karab\u00fck Demir-\u00c7elik fabrikalar\u0131ndan emekli memur. Yedi karde\u015ften en b\u00fcy\u00fckleriyim. Babam\u0131n i\u015fleri dolay\u0131s\u0131 ile Y\u0131llar \u00f6nce Ankara\u2019da kald\u0131k. \u0130lk \u015fiirimi Ankara Kalaba ortaokulu 2-L s\u0131n\u0131f\u0131nda okurken, T\u00fcrk\u00e7e dersimin ve kompozisyonumun iyi, olmas\u0131 hocam\u0131n te\u015fviki ile orta dereceli okullar aras\u0131 yar\u0131\u015fmaya kat\u0131ld\u0131m. Yazd\u0131\u011f\u0131m \u015fiir orta dereceli okullar aras\u0131 birinci gelmi\u015fti, ben bile inanamam\u0131\u015ft\u0131m. Benim i\u00e7in s\u00fcrpriz olmu\u015ftu.   \u015eiirlerimden d\u00f6rt tanesi beste oldu. \u00dc\u00e7 kitab\u0131m bas\u0131ld\u0131. Emekli olunca \u015fehirleraras\u0131 gezi turlar\u0131 d\u00fczenledim. \u00c7e\u015fitli yard\u0131m derneklerinde \u00e7al\u0131\u015ft\u0131m, kermeslerde el sanatlar\u0131 \u00e7al\u0131\u015fmalar\u0131 yapt\u0131m. Buna benzer baz\u0131 kurulu\u015flarda \u00e7al\u0131\u015fmalar\u0131m oldu.   Duygusal, romantik, gezmeyi, e\u011flenceyi seven biriyim.   Ararsan beni b\u0131rakt\u0131\u011f\u0131n yerde bekliyor olaca\u011f\u0131m. Mor s\u00fcmb\u00fcller a\u00e7t\u0131\u011f\u0131nda gelirsin diye, Kalbimdeki buseler sana do\u011fru yol ald\u0131\u011f\u0131nda, G\u00fcl dalda ben sende sakl\u0131 kald\u0131m\u2026 <\/p>\n","protected":false},"excerpt":{"rendered":"<p>15.3.1953 Karab\u00fck\u2019te do\u011fdu, Karab\u00fck Demir-\u00c7elik fabrikalar\u0131ndan emekli memur. Yedi karde\u015ften en b\u00fcy\u00fckleriyim. Babam\u0131n i\u015fleri dolay\u0131s\u0131 ile Y\u0131llar \u00f6nce Ankara\u2019da kald\u0131k. \u0130lk \u015fiirimi Ankara Kalaba ortaokulu 2-L<span class=\"excerpt-hellip\"> [\u2026]<\/span><\/p>\n","protected":false},"featured_media":0,"template":"","meta":{"_monsterinsights_skip_tracking":false,"_monsterinsights_sitenote_active":false,"_monsterinsights_sitenote_note":"","_monsterinsights_sitenote_category":0},"product_brand":[],"product_cat":[12291,12509],"product_tag":[],"class_list":{"0":"post-746312","1":"product","2":"type-product","3":"status-publish","5":"product_cat-edebiyat","6":"product_cat-siir","7":"pa_cilt-ciltsiz","8":"pa_tur-kitap","9":"pa_yayinevi-gulnar-yayinlari","10":"pa_yazar-cavide-topcu","12":"first","13":"instock","14":"sale","15":"shipping-taxable","16":"purchasable","17":"product-type-simple"},"_links":{"self":[{"href":"https:\/\/roveyayinevi.com.tr\/index.php\/wp-json\/wp\/v2\/product\/746312","targetHints":{"allow":["GET"]}}],"collection":[{"href":"https:\/\/roveyayinevi.com.tr\/index.php\/wp-json\/wp\/v2\/product"}],"about":[{"href":"https:\/\/roveyayinevi.com.tr\/index.php\/wp-json\/wp\/v2\/types\/product"}],"wp:attachment":[{"href":"https:\/\/roveyayinevi.com.tr\/index.php\/wp-json\/wp\/v2\/media?parent=746312"}],"wp:term":[{"taxonomy":"product_brand","embeddable":true,"href":"https:\/\/roveyayinevi.com.tr\/index.php\/wp-json\/wp\/v2\/product_brand?post=746312"},{"taxonomy":"product_cat","embeddable":true,"href":"https:\/\/roveyayinevi.com.tr\/index.php\/wp-json\/wp\/v2\/product_cat?post=746312"},{"taxonomy":"product_tag","embeddable":true,"href":"https:\/\/roveyayinevi.com.tr\/index.php\/wp-json\/wp\/v2\/product_tag?post=746312"}],"curies":[{"name":"wp","href":"https:\/\/api.w.org\/{rel}","templated":true}]}}