{"id":746307,"date":"2025-08-28T02:39:25","date_gmt":"2025-08-27T23:39:25","guid":{"rendered":"https:\/\/roveyayinevi.com.tr\/index.php\/urun\/kisa-ingiltere-tarihi-2\/"},"modified":"2026-04-16T02:58:51","modified_gmt":"2026-04-15T23:58:51","slug":"kisa-ingiltere-tarihi-2","status":"publish","type":"product","link":"https:\/\/roveyayinevi.com.tr\/index.php\/urun\/kisa-ingiltere-tarihi-2\/","title":{"rendered":"K\u0131sa \u0130ngiltere Tarihi"},"content":{"rendered":"<p>\u0130ngiltere, ke\u015fifler \u00f6ncesinde sadece g\u00fcne\u015fin batt\u0131\u011f\u0131 yani d\u00fcnyan\u0131n sonundaki bir yerdi. Sonras\u0131nda Roma, Anglosakson, Viking ve Norman i\u015fgalleri ile yo\u011frulmu\u015f ve ikinci bin y\u0131l\u0131n ba\u015flar\u0131ndan itibaren kararl\u0131 bir \u015fekilde d\u00fcnya siyasetinde yerini alm\u0131\u015ft\u0131r. \u00d6yle ki Heredot\u2019un Pers imparatorlu\u011fu hakk\u0131nda kullanm\u0131\u015f oldu\u011fu \u201cg\u00fcne\u015f batmayan imparatorluk\u201d ifadesi daha ziyade Britanya i\u00e7in kullan\u0131lm\u0131\u015f ve bir d\u00f6nem ger\u00e7ekten de \u00f6yle olmu\u015ftur. G\u00fcney Amerika\u2019dan G\u00fcneydo\u011fu Asya\u2019ya kadar d\u00fcnyan\u0131n bir\u00e7ok yerinde s\u00f6m\u00fcrgeler kurmu\u015ftur. Bir s\u00f6m\u00fcrgesinden ald\u0131\u011f\u0131 \u00fcr\u00fcnleri, ba\u015fka bir s\u00f6m\u00fcrgesinde satm\u0131\u015f ve devasa bir ekonomiye sahip olmu\u015ftur. \u0130\u015fte bu \u00e7al\u0131\u015fma, g\u00fcne\u015fin batt\u0131\u011f\u0131 yerdeki bir \u00fclkenin, muhtelif kavimlerin i\u015fgalleri, Magna Charta, Y\u00fczy\u0131l Sava\u015flar\u0131, G\u00fcl Sava\u015f\u0131, devrimler, s\u00f6m\u00fcrgecilik ve daha bir\u00e7ok \u00f6nemli geli\u015fmeler neticesinde \u201cg\u00fcne\u015f batmayan imparatorlu\u011fa\u201d d\u00f6n\u00fc\u015fmesinin k\u0131sa bir tarihidir.   <\/p>\n","protected":false},"excerpt":{"rendered":"<p>\u0130ngiltere, ke\u015fifler \u00f6ncesinde sadece g\u00fcne\u015fin batt\u0131\u011f\u0131 yani d\u00fcnyan\u0131n sonundaki bir yerdi. Sonras\u0131nda Roma, Anglosakson, Viking ve Norman i\u015fgalleri ile yo\u011frulmu\u015f ve ikinci bin y\u0131l\u0131n ba\u015flar\u0131ndan itibaren<span class=\"excerpt-hellip\"> [\u2026]<\/span><\/p>\n","protected":false},"featured_media":0,"template":"","meta":{"_monsterinsights_skip_tracking":false,"_monsterinsights_sitenote_active":false,"_monsterinsights_sitenote_note":"","_monsterinsights_sitenote_category":0},"product_brand":[],"product_cat":[12312,12304],"product_tag":[],"class_list":{"0":"post-746307","1":"product","2":"type-product","3":"status-publish","5":"product_cat-diger","6":"product_cat-tarih","7":"pa_cilt-ciltsiz","8":"pa_tur-kitap","9":"pa_yayinevi-yeditepe-yayinevi","10":"pa_yazar-halil-yavas","12":"first","13":"instock","14":"sale","15":"shipping-taxable","16":"purchasable","17":"product-type-simple"},"_links":{"self":[{"href":"https:\/\/roveyayinevi.com.tr\/index.php\/wp-json\/wp\/v2\/product\/746307","targetHints":{"allow":["GET"]}}],"collection":[{"href":"https:\/\/roveyayinevi.com.tr\/index.php\/wp-json\/wp\/v2\/product"}],"about":[{"href":"https:\/\/roveyayinevi.com.tr\/index.php\/wp-json\/wp\/v2\/types\/product"}],"wp:attachment":[{"href":"https:\/\/roveyayinevi.com.tr\/index.php\/wp-json\/wp\/v2\/media?parent=746307"}],"wp:term":[{"taxonomy":"product_brand","embeddable":true,"href":"https:\/\/roveyayinevi.com.tr\/index.php\/wp-json\/wp\/v2\/product_brand?post=746307"},{"taxonomy":"product_cat","embeddable":true,"href":"https:\/\/roveyayinevi.com.tr\/index.php\/wp-json\/wp\/v2\/product_cat?post=746307"},{"taxonomy":"product_tag","embeddable":true,"href":"https:\/\/roveyayinevi.com.tr\/index.php\/wp-json\/wp\/v2\/product_tag?post=746307"}],"curies":[{"name":"wp","href":"https:\/\/api.w.org\/{rel}","templated":true}]}}