{"id":746304,"date":"2025-08-28T02:39:21","date_gmt":"2025-08-27T23:39:21","guid":{"rendered":"https:\/\/roveyayinevi.com.tr\/index.php\/urun\/maymun-cocuk\/"},"modified":"2026-04-16T02:58:51","modified_gmt":"2026-04-15T23:58:51","slug":"maymun-cocuk","status":"publish","type":"product","link":"https:\/\/roveyayinevi.com.tr\/index.php\/urun\/maymun-cocuk\/","title":{"rendered":"Maymun \u00c7ocuk"},"content":{"rendered":"<p>2022 Pulitzer Kurgu \u00d6d\u00fcl\u00fc Finalisti \u201cAc\u0131 verici, k\u0131r\u0131c\u0131, g\u00fczel\u2026 Goldman seviliyor.\u201d \u2013 New York Review of Books Francisco Goldman\u2019\u0131n \u201cak\u0131ll\u0131ca in\u015fa edilmi\u015f oto kurgusu\u201d Maymun \u00c7ocuk\u2019ta, aile ve a\u015fk\u0131n zorluklar\u0131yla, \u015fiddet ve sava\u015f\u0131n miras\u0131yla bo\u011fu\u015fan ve bir Guatemalal\u0131 Katolik ve Rus bir Yahudi g\u00f6\u00e7men ebeveynlerin o\u011flu olarak a\u011f\u0131rl\u0131kl\u0131 olarak beyaz, i\u015f\u00e7i s\u0131n\u0131f\u0131 Boston banliy\u00f6s\u00fcnde b\u00fcy\u00fcyen orta ya\u015fl\u0131 bir yazar olan Francisco Goldberg ile tan\u0131\u015f\u0131yoruz. Kar\u015f\u0131 konulmaz derecede komik, \u015fefkatli ve tutkulu bir sesle anlat\u0131lan bu ola\u011fan\u00fcst\u00fc aile portresi, d\u00fcnyalar aras\u0131nda ya\u015faman\u0131n bask\u0131lar\u0131n\u0131 ara\u015ft\u0131r\u0131yor. Amerikal\u0131 bir yazar olan Francisco Goldberg, gazetecili\u011finin k\u0131\u015fk\u0131rtt\u0131\u011f\u0131 bir tehdit nedeniyle, yeni bir ba\u015flang\u0131\u00e7 umuduyla New York\u2019a ka\u00e7t\u0131\u011f\u0131 zamanlarda Meksika\u2019da ya\u015f\u0131yordu. Son ili\u015fkisi be\u015f y\u0131l \u00f6nce y\u0131k\u0131c\u0131 bir \u015fekilde sona erdi ve \u015fimdi, nihayet Brooklyn\u2019de tan\u0131\u015ft\u0131\u011f\u0131 gen\u00e7 bir Meksikal\u0131 kad\u0131nla yeni bir a\u015fk\u0131n e\u015fi\u011finde olabilir. Ancak Francisco, gen\u00e7li\u011finde ya\u015fad\u0131\u011f\u0131 a\u015fa\u011f\u0131lanmalara tan\u0131k olan bir liseli k\u0131z arkada\u015f\u0131 taraf\u0131ndan k\u0131sa s\u00fcre sonra Boston d\u0131\u015f\u0131ndaki \u00e7ocukluk evine geri \u00e7a\u011f\u0131r\u0131l\u0131r ve aral\u0131kl\u0131 berrakl\u0131\u011f\u0131 ge\u00e7mi\u015fin unutulmu\u015f ceplerini g\u00fcn y\u00fcz\u00fcne \u00e7\u0131karan Guatemalal\u0131 annesi Yolanda\u2019y\u0131 ziyaret eder. Bu be\u015f g\u00fcnl\u00fck gezide, Frank\u2019in yak\u0131n zamanda \u00f6len babas\u0131, Ukraynal\u0131 bir g\u00f6\u00e7men olan Bert\u2019in \u2013 patolojik olarak taciz edici ama ayn\u0131 zamanda bazen de \u00e7ileden \u00e7\u0131karan bir \u015fekilde sevecen\u2013 hayaletinin yan\u0131 s\u0131ra, onu b\u00fcy\u00fctmeye yard\u0131m eden dramatik Guatemalal\u0131 kad\u0131n yer al\u0131yor ve ona \u201cMaymun \u00c7ocuk\u201d diyen lise kabaday\u0131lar\u0131n\u0131n hepsi g\u00fcn gibi ortada. Samimi, kar\u015f\u0131 konulmaz bir \u015fekilde komik ve tutkulu bir ifadeyle anlat\u0131lan bu ola\u011fan\u00fcst\u00fc aile portresi ve bir yan\u0131 eksik b\u00fcy\u00fcmek, Francisco\u2019nun re\u015fit oldu\u011fu, a\u011f\u0131rl\u0131kl\u0131 olarak beyaz, i\u015f\u00e7i s\u0131n\u0131f\u0131 bir Boston banliy\u00f6s\u00fcnde gizli gaddarl\u0131klar\u0131 g\u00fcn y\u00fcz\u00fcne \u00e7\u0131kar\u0131yor ve hayat\u0131 boyunca d\u00fcnyalar aras\u0131nda ya\u015faman\u0131n bask\u0131lar\u0131n\u0131 ke\u015ffediyor. Maymun \u00c7ocuk, son k\u0131rk y\u0131l\u0131n en \u00f6nemli Amerikan seslerinden birinden yeni bir kurgu \u015faheseri. 2022 Pulitizer Kurgu \u00d6d\u00fcl\u00fc Finalisti ULUSAL HALK RADYOSU, Boston Globe, Kirkus Reviews ve Washington Independent Review of Books TARAFINDAN YILIN EN \u0130Y\u0130 K\u0130TAPLARINDAN B\u0130R\u0130 OLARAK ADLANDIRILDI Bir New York Times \u2018Yeni ve Kayda De\u011fer\u2019 kitab\u0131 Maymun \u00c7ocuk\u2019a \u00f6vg\u00fc: \u201cKimli\u011fin de\u011fi\u015fken do\u011fas\u0131na dair, silahs\u0131z b\u0131rakan bir samimiyet ve zarafetle yaz\u0131lm\u0131\u015f, haf\u0131za ve hayal g\u00fcc\u00fcn\u00fc d\u00f6n\u00fc\u015ft\u00fcr\u00fcc\u00fc bir etkiyle harmanlayan oto-kurgusal bir ara\u015ft\u0131rma.\u201d \u2013 2022 Pulitzer Kurgu \u00d6d\u00fcl\u00fc J\u00fcrisi <\/p>\n","protected":false},"excerpt":{"rendered":"<p>2022 Pulitzer Kurgu \u00d6d\u00fcl\u00fc Finalisti \u201cAc\u0131 verici, k\u0131r\u0131c\u0131, g\u00fczel\u2026 Goldman seviliyor.\u201d \u2013 New York Review of Books Francisco Goldman\u2019\u0131n \u201cak\u0131ll\u0131ca in\u015fa edilmi\u015f oto kurgusu\u201d Maymun \u00c7ocuk\u2019ta,<span class=\"excerpt-hellip\"> [\u2026]<\/span><\/p>\n","protected":false},"featured_media":0,"template":"","meta":{"_monsterinsights_skip_tracking":false,"_monsterinsights_sitenote_active":false,"_monsterinsights_sitenote_note":"","_monsterinsights_sitenote_category":0},"product_brand":[],"product_cat":[12291,12711],"product_tag":[],"class_list":{"0":"post-746304","1":"product","2":"type-product","3":"status-publish","5":"product_cat-edebiyat","6":"product_cat-roman-oyku","7":"pa_cilt-ciltsiz","8":"pa_tur-kitap","9":"pa_yayinevi-theseus-yayinevi","10":"pa_yazar-francisco-goldman","12":"first","13":"instock","14":"sale","15":"shipping-taxable","16":"purchasable","17":"product-type-simple"},"_links":{"self":[{"href":"https:\/\/roveyayinevi.com.tr\/index.php\/wp-json\/wp\/v2\/product\/746304","targetHints":{"allow":["GET"]}}],"collection":[{"href":"https:\/\/roveyayinevi.com.tr\/index.php\/wp-json\/wp\/v2\/product"}],"about":[{"href":"https:\/\/roveyayinevi.com.tr\/index.php\/wp-json\/wp\/v2\/types\/product"}],"wp:attachment":[{"href":"https:\/\/roveyayinevi.com.tr\/index.php\/wp-json\/wp\/v2\/media?parent=746304"}],"wp:term":[{"taxonomy":"product_brand","embeddable":true,"href":"https:\/\/roveyayinevi.com.tr\/index.php\/wp-json\/wp\/v2\/product_brand?post=746304"},{"taxonomy":"product_cat","embeddable":true,"href":"https:\/\/roveyayinevi.com.tr\/index.php\/wp-json\/wp\/v2\/product_cat?post=746304"},{"taxonomy":"product_tag","embeddable":true,"href":"https:\/\/roveyayinevi.com.tr\/index.php\/wp-json\/wp\/v2\/product_tag?post=746304"}],"curies":[{"name":"wp","href":"https:\/\/api.w.org\/{rel}","templated":true}]}}