{"id":746301,"date":"2025-08-28T02:39:18","date_gmt":"2025-08-27T23:39:18","guid":{"rendered":"https:\/\/roveyayinevi.com.tr\/index.php\/urun\/failin-ontolojisi\/"},"modified":"2026-04-16T02:58:51","modified_gmt":"2026-04-15T23:58:51","slug":"failin-ontolojisi","status":"publish","type":"product","link":"https:\/\/roveyayinevi.com.tr\/index.php\/urun\/failin-ontolojisi\/","title":{"rendered":"Failin Ontolojisi"},"content":{"rendered":"<p>Sosyal bilimlerin \u00f6teden beri kar\u015f\u0131 kar\u015f\u0131ya kald\u0131klar\u0131 do\u011fa\/k\u00fclt\u00fcr, birey\/toplum, fail\/yap\u0131, neden\/sebep, a\u00e7\u0131klama\/anlama gibi \u00e7ok tart\u0131\u015f\u0131lan ikiliklerin k\u0131skac\u0131nda faillik sorunu ve failin e\u015fk\u00e2li meselesi, son y\u0131llarda g\u00fcndeme daha fazla geliyor. Bu e\u015fk\u00e2li belirlemenin g\u00f6r\u00fcnd\u00fc\u011f\u00fcnden de g\u00fc\u00e7 bir i\u015f oldu\u011fu ortaya \u00e7\u0131kt\u0131. Peki, sosyal bilimlerde fail dendi\u011finde kime ve neye bakmak gerekir? Bireye mi bak\u0131lmal\u0131d\u0131r yoksa gruplara ve toplumlara m\u0131? Failden sadece insan\u0131 m\u0131 anlamak gerekir? Hem kendi sosyalli\u011finin \u00fcr\u00fcn\u00fc olup hem de o sosyalli\u011fi d\u00f6n\u00fc\u015ft\u00fcrme kapasitesine sahip olan insan faili nas\u0131l kavramla\u015ft\u0131raca\u011f\u0131z? Dahas\u0131, faillik sadece insanlara has bir kapasite midir, hayvanlar fail olamazlar m\u0131? Olabiliyorlarsa bunun sosyal bilimler i\u00e7in ne gibi sonu\u00e7lar\u0131 olur? Sosyal bilimlerin en temel kavramlar\u0131yla felsefi bir hesapla\u015fman\u0131n \u00fcr\u00fcn\u00fc olan bu kitap,  bu disiplinlerin  de\u011fi\u015fmez unsuru h\u00e2line gelmi\u015f olan \u2018fail\u2019in e\u015fk\u00e2lini belirlemeye \u00e7al\u0131\u015f\u0131yor. Max Weber\u2019den Edmund Husserl\u2019e, Maurice Merleau-Ponty\u2019den Roy Bhaskar\u2019a ve Margaret Archer\u2019a kadar uzanan bir \u00e7izgide, sosyal bilimlerin en temel ikiliklerinden baz\u0131lar\u0131n\u0131 irdeleyerek, do\u011fal d\u00fcnyan\u0131n nedenleri ile insan d\u00fcnyas\u0131n\u0131n sebepleri aras\u0131ndaki karma\u015f\u0131k ili\u015fkiyi \u00e7\u00f6z\u00fcml\u00fcyor, bedenin insan d\u00fcnyas\u0131n\u0131n in\u015fas\u0131nda oynad\u0131\u011f\u0131 rol\u00fc ve her t\u00fcrl\u00fc sosyal bilimin olana\u011f\u0131 i\u00e7in neden vazge\u00e7ilmez bir unsur oldu\u011funu g\u00f6steriyor. Bedenli bir fail olman\u0131n do\u011fa bilimleri ile sosyal bilimler aras\u0131nda indirgeyici olmayan bir i\u015fbirli\u011fini m\u00fcmk\u00fcn h\u00e2le getirdi\u011fini ve failli\u011fin hayvanlarla payla\u015ft\u0131\u011f\u0131m\u0131z bir \u00f6zellik oldu\u011funu ortaya koyuyor.<\/p>\n","protected":false},"excerpt":{"rendered":"<p>Sosyal bilimlerin \u00f6teden beri kar\u015f\u0131 kar\u015f\u0131ya kald\u0131klar\u0131 do\u011fa\/k\u00fclt\u00fcr, birey\/toplum, fail\/yap\u0131, neden\/sebep, a\u00e7\u0131klama\/anlama gibi \u00e7ok tart\u0131\u015f\u0131lan ikiliklerin k\u0131skac\u0131nda faillik sorunu ve failin e\u015fk\u00e2li meselesi, son y\u0131llarda g\u00fcndeme<span class=\"excerpt-hellip\"> [\u2026]<\/span><\/p>\n","protected":false},"featured_media":0,"template":"","meta":{"_monsterinsights_skip_tracking":false,"_monsterinsights_sitenote_active":false,"_monsterinsights_sitenote_note":"","_monsterinsights_sitenote_category":0},"product_brand":[],"product_cat":[12325,12324],"product_tag":[],"class_list":{"0":"post-746301","1":"product","2":"type-product","3":"status-publish","5":"product_cat-diger-sosyoloji","6":"product_cat-sosyoloji","7":"pa_cilt-ciltsiz","8":"pa_tur-kitap","9":"pa_yayinevi-fol-kitap","10":"pa_yazar-vefa-saygin-ogutle","12":"first","13":"instock","14":"sale","15":"shipping-taxable","16":"purchasable","17":"product-type-simple"},"_links":{"self":[{"href":"https:\/\/roveyayinevi.com.tr\/index.php\/wp-json\/wp\/v2\/product\/746301","targetHints":{"allow":["GET"]}}],"collection":[{"href":"https:\/\/roveyayinevi.com.tr\/index.php\/wp-json\/wp\/v2\/product"}],"about":[{"href":"https:\/\/roveyayinevi.com.tr\/index.php\/wp-json\/wp\/v2\/types\/product"}],"wp:attachment":[{"href":"https:\/\/roveyayinevi.com.tr\/index.php\/wp-json\/wp\/v2\/media?parent=746301"}],"wp:term":[{"taxonomy":"product_brand","embeddable":true,"href":"https:\/\/roveyayinevi.com.tr\/index.php\/wp-json\/wp\/v2\/product_brand?post=746301"},{"taxonomy":"product_cat","embeddable":true,"href":"https:\/\/roveyayinevi.com.tr\/index.php\/wp-json\/wp\/v2\/product_cat?post=746301"},{"taxonomy":"product_tag","embeddable":true,"href":"https:\/\/roveyayinevi.com.tr\/index.php\/wp-json\/wp\/v2\/product_tag?post=746301"}],"curies":[{"name":"wp","href":"https:\/\/api.w.org\/{rel}","templated":true}]}}