{"id":746289,"date":"2025-08-28T02:39:05","date_gmt":"2025-08-27T23:39:05","guid":{"rendered":"https:\/\/roveyayinevi.com.tr\/index.php\/urun\/boynuzname-aldatilmak-uzerine-tertipli-bir-garabet\/"},"modified":"2026-04-16T02:58:51","modified_gmt":"2026-04-15T23:58:51","slug":"boynuzname-aldatilmak-uzerine-tertipli-bir-garabet","status":"publish","type":"product","link":"https:\/\/roveyayinevi.com.tr\/index.php\/urun\/boynuzname-aldatilmak-uzerine-tertipli-bir-garabet\/","title":{"rendered":"Boynuzname: Aldat\u0131lmak \u00dczerine Tertipli Bir Garabet"},"content":{"rendered":"<p>E\u015fitlik ve \u00f6zg\u00fcrl\u00fc\u011f\u00fcn\u00fc savundu\u011fu kad\u0131nlar\u0131n evlilik kurumu i\u00e7indeki esaretine, iffet ve bek\u00e2ret dayatmas\u0131ndaki cinsiyet\u00e7ili\u011fe itiraz eden Charles Fourier, ailenin ortadan kald\u0131r\u0131lmas\u0131ndan, arzunun her t\u00fcrl\u00fc bask\u0131 ve yoksunluktan kurtulu\u015fundan yanayd\u0131. Bug\u00fcn bir\u00e7ok ara\u015ft\u0131rmac\u0131n\u0131n teslim etti\u011fi \u00fczere &#8220;feminist&#8221; s\u00f6zc\u00fc\u011f\u00fcn\u00fcn de mucidiydi.Boynuzname ticaretin, yani al\u0131\u015fveri\u015fin t\u00fcm riyak\u00e2rl\u0131\u011f\u0131yla tecess\u00fcm etti\u011fi evlilik m\u00fcessesine y\u00f6nelik, Fourier&#8217;nin d\u00fc\u015f\u00fcncesinin temelindeki detay imgelemine ili\u015fkin ipu\u00e7lar\u0131 da i\u00e7eren keyifli bir ta\u015flama&#8230;<\/p>\n","protected":false},"excerpt":{"rendered":"<p>E\u015fitlik ve \u00f6zg\u00fcrl\u00fc\u011f\u00fcn\u00fc savundu\u011fu kad\u0131nlar\u0131n evlilik kurumu i\u00e7indeki esaretine, iffet ve bek\u00e2ret dayatmas\u0131ndaki cinsiyet\u00e7ili\u011fe itiraz eden Charles Fourier, ailenin ortadan kald\u0131r\u0131lmas\u0131ndan, arzunun her t\u00fcrl\u00fc bask\u0131 ve<span class=\"excerpt-hellip\"> [\u2026]<\/span><\/p>\n","protected":false},"featured_media":0,"template":"","meta":{"_monsterinsights_skip_tracking":false,"_monsterinsights_sitenote_active":false,"_monsterinsights_sitenote_note":"","_monsterinsights_sitenote_category":0},"product_brand":[],"product_cat":[12777,12291],"product_tag":[],"class_list":{"0":"post-746289","1":"product","2":"type-product","3":"status-publish","5":"product_cat-deneme","6":"product_cat-edebiyat","7":"pa_cilt-ciltsiz","8":"pa_tur-kitap","9":"pa_yayinevi-sel-yayincilik","10":"pa_yazar-charles-fourier","12":"first","13":"instock","14":"sale","15":"shipping-taxable","16":"purchasable","17":"product-type-simple"},"_links":{"self":[{"href":"https:\/\/roveyayinevi.com.tr\/index.php\/wp-json\/wp\/v2\/product\/746289","targetHints":{"allow":["GET"]}}],"collection":[{"href":"https:\/\/roveyayinevi.com.tr\/index.php\/wp-json\/wp\/v2\/product"}],"about":[{"href":"https:\/\/roveyayinevi.com.tr\/index.php\/wp-json\/wp\/v2\/types\/product"}],"wp:attachment":[{"href":"https:\/\/roveyayinevi.com.tr\/index.php\/wp-json\/wp\/v2\/media?parent=746289"}],"wp:term":[{"taxonomy":"product_brand","embeddable":true,"href":"https:\/\/roveyayinevi.com.tr\/index.php\/wp-json\/wp\/v2\/product_brand?post=746289"},{"taxonomy":"product_cat","embeddable":true,"href":"https:\/\/roveyayinevi.com.tr\/index.php\/wp-json\/wp\/v2\/product_cat?post=746289"},{"taxonomy":"product_tag","embeddable":true,"href":"https:\/\/roveyayinevi.com.tr\/index.php\/wp-json\/wp\/v2\/product_tag?post=746289"}],"curies":[{"name":"wp","href":"https:\/\/api.w.org\/{rel}","templated":true}]}}