{"id":746288,"date":"2025-08-28T02:39:04","date_gmt":"2025-08-27T23:39:04","guid":{"rendered":"https:\/\/roveyayinevi.com.tr\/index.php\/urun\/cografi-tarihi-ve-kulturel-yonleriyle-atkaracalar\/"},"modified":"2026-04-16T02:58:51","modified_gmt":"2026-04-15T23:58:51","slug":"cografi-tarihi-ve-kulturel-yonleriyle-atkaracalar","status":"publish","type":"product","link":"https:\/\/roveyayinevi.com.tr\/index.php\/urun\/cografi-tarihi-ve-kulturel-yonleriyle-atkaracalar\/","title":{"rendered":"Co\u011frafi-Tarihi ve K\u00fclt\u00fcrel Y\u00f6nleriyle Atkaracalar"},"content":{"rendered":"<p>B\u00d6L\u00dcM I ATKARACALAR \u0130L\u00c7ES\u0130N\u0130N CO\u011eRAF\u0130 \u00d6ZELL\u0130KLER\u0130   B\u00d6L\u00dcM II OSMANLI\u2019DAN CUMHUR\u0130YET\u2019E ATKARACALAR\u2019IN \u0130DAR\u0130 YAPISI   B\u00d6L\u00dcM III \u0130LK OSMANLI N\u00dcFUS SAYIMINA (1246\/1830-1831) G\u00d6RE ATKARACALAR\u2019DA \u015eAHIS ve A\u0130LE \u0130S\u0130MLER\u0130   B\u00d6L\u00dcM IV KUTSAL MEK\u00c2NLARI VE EFSANELER\u0130YLE ATKARACALAR   B\u00d6L\u00dcM V ATKARACALAR \u0130L\u00c7ES\u0130NDE TUR\u0130ZM: SORUNLAR VE \u00d6NER\u0130LER   B\u00d6L\u00dcM VI TUR\u0130ZM GEL\u0130\u015eT\u0130RME STRATEJ\u0130LER\u0130: ATKARACALAR \u00d6RNE\u011e\u0130 <\/p>\n","protected":false},"excerpt":{"rendered":"<p>B\u00d6L\u00dcM I ATKARACALAR \u0130L\u00c7ES\u0130N\u0130N CO\u011eRAF\u0130 \u00d6ZELL\u0130KLER\u0130 B\u00d6L\u00dcM II OSMANLI\u2019DAN CUMHUR\u0130YET\u2019E ATKARACALAR\u2019IN \u0130DAR\u0130 YAPISI B\u00d6L\u00dcM III \u0130LK OSMANLI N\u00dcFUS SAYIMINA (1246\/1830-1831) G\u00d6RE ATKARACALAR\u2019DA \u015eAHIS ve A\u0130LE \u0130S\u0130MLER\u0130<span class=\"excerpt-hellip\"> [\u2026]<\/span><\/p>\n","protected":false},"featured_media":0,"template":"","meta":{"_monsterinsights_skip_tracking":false,"_monsterinsights_sitenote_active":false,"_monsterinsights_sitenote_note":"","_monsterinsights_sitenote_category":0},"product_brand":[],"product_cat":[12573,12566],"product_tag":[],"class_list":{"0":"post-746288","1":"product","2":"type-product","3":"status-publish","5":"product_cat-akademik-kitaplar","6":"product_cat-egitim","7":"pa_cilt-ciltsiz","8":"pa_tur-kitap","9":"pa_yayinevi-gazi-kitabevi","10":"pa_yazar-kolektif","12":"first","13":"instock","14":"sale","15":"shipping-taxable","16":"purchasable","17":"product-type-simple"},"_links":{"self":[{"href":"https:\/\/roveyayinevi.com.tr\/index.php\/wp-json\/wp\/v2\/product\/746288","targetHints":{"allow":["GET"]}}],"collection":[{"href":"https:\/\/roveyayinevi.com.tr\/index.php\/wp-json\/wp\/v2\/product"}],"about":[{"href":"https:\/\/roveyayinevi.com.tr\/index.php\/wp-json\/wp\/v2\/types\/product"}],"wp:attachment":[{"href":"https:\/\/roveyayinevi.com.tr\/index.php\/wp-json\/wp\/v2\/media?parent=746288"}],"wp:term":[{"taxonomy":"product_brand","embeddable":true,"href":"https:\/\/roveyayinevi.com.tr\/index.php\/wp-json\/wp\/v2\/product_brand?post=746288"},{"taxonomy":"product_cat","embeddable":true,"href":"https:\/\/roveyayinevi.com.tr\/index.php\/wp-json\/wp\/v2\/product_cat?post=746288"},{"taxonomy":"product_tag","embeddable":true,"href":"https:\/\/roveyayinevi.com.tr\/index.php\/wp-json\/wp\/v2\/product_tag?post=746288"}],"curies":[{"name":"wp","href":"https:\/\/api.w.org\/{rel}","templated":true}]}}

Coğrafi-Tarihi ve Kültürel Yönleriyle Atkaracalar

<p>BÖLÜM I ATKARACALAR İLÇESİNİN COĞRAFİ ÖZELLİKLERİ   BÖLÜM II OSMANLI’DAN CUMHURİYET’E ATKARACALAR’IN İDARİ YAPISI   BÖLÜM III İLK OSMANLI NÜFUS SAYIMINA (1246/1830-1831) GÖRE ATKARACALAR’DA ŞAHIS ve AİLE İSİMLERİ   BÖLÜM IV KUTSAL MEKÂNLARI VE EFSANELERİYLE ATKARACALAR   BÖLÜM V ATKARACALAR İLÇESİNDE TURİZM: SORUNLAR VE ÖNERİLER   BÖLÜM VI TURİZM GELİŞTİRME STRATEJİLERİ: ATKARACALAR ÖRNEĞİ </p>

<p>BÖLÜM I ATKARACALAR İLÇESİNİN COĞRAFİ ÖZELLİKLERİ BÖLÜM II OSMANLI’DAN CUMHURİYET’E ATKARACALAR’IN İDARİ YAPISI BÖLÜM III İLK OSMANLI NÜFUS SAYIMINA (1246/1830-1831) GÖRE ATKARACALAR’DA ŞAHIS ve AİLE İSİMLERİ<span class="excerpt-hellip"> […]</span></p>
