{"id":746274,"date":"2025-08-28T02:38:48","date_gmt":"2025-08-27T23:38:48","guid":{"rendered":"https:\/\/roveyayinevi.com.tr\/index.php\/urun\/kozmik-adalet\/"},"modified":"2026-04-16T02:58:50","modified_gmt":"2026-04-15T23:58:50","slug":"kozmik-adalet","status":"publish","type":"product","link":"https:\/\/roveyayinevi.com.tr\/index.php\/urun\/kozmik-adalet\/","title":{"rendered":"Kozmik  Adalet"},"content":{"rendered":"<p>\u015eule Funda Polat\u2019\u0131n ilk eseri olan Kozmik Adalet, okurlar\u0131n\u0131, yapt\u0131klar\u0131n\u0131n neticesini d\u00fc\u015f\u00fcnd\u00fcren gizemli bir yolculu\u011fa davet ediyor.   Ger\u00e7ek bir ya\u015famdan esinlenerek kaleme al\u0131nm\u0131\u015f bu eserde, B\u00fckre ad\u0131nda gen\u00e7 bir kad\u0131n\u0131n, kendi benli\u011fini aray\u0131\u015f\u0131na tan\u0131kl\u0131k ederek onun ya\u015fam yolculu\u011funda, insanlar\u0131n hayat\u0131nda b\u0131rakt\u0131\u011f\u0131 izleri takip ederek kendi yolumuzdaki patikalar\u0131 ke\u015ffediyoruz.   \u015eifal\u0131 otlarla, dualarla, ac\u0131larla, yollarla ve var\u0131\u015flarla, en \u00e7ok da s\u0131rlarla dolu B\u00fckre\u2019nin ya\u015fam\u0131, bir evin yuva olu\u015funun, bir s\u00fcrg\u00fcn\u00fcn gizemli bir yolculu\u011fa evrili\u015finin hik\u00e2yesi.   Kozmik Adalet, t\u00fcm okurlar\u0131n\u0131, kendi s\u00fcrg\u00fcn\u00fcnden yola \u00e7\u0131kma vakti geldi\u011fini fark edece\u011fi o muhte\u015fem \u00e2na davet ediyor. <\/p>\n","protected":false},"excerpt":{"rendered":"<p>\u015eule Funda Polat\u2019\u0131n ilk eseri olan Kozmik Adalet, okurlar\u0131n\u0131, yapt\u0131klar\u0131n\u0131n neticesini d\u00fc\u015f\u00fcnd\u00fcren gizemli bir yolculu\u011fa davet ediyor. Ger\u00e7ek bir ya\u015famdan esinlenerek kaleme al\u0131nm\u0131\u015f bu eserde, B\u00fckre<span class=\"excerpt-hellip\"> [\u2026]<\/span><\/p>\n","protected":false},"featured_media":0,"template":"","meta":{"_monsterinsights_skip_tracking":false,"_monsterinsights_sitenote_active":false,"_monsterinsights_sitenote_note":"","_monsterinsights_sitenote_category":0},"product_brand":[],"product_cat":[12291,12711],"product_tag":[],"class_list":{"0":"post-746274","1":"product","2":"type-product","3":"status-publish","5":"product_cat-edebiyat","6":"product_cat-roman-oyku","7":"pa_cilt-ciltsiz","8":"pa_tur-kitap","9":"pa_yayinevi-mona-kitap","10":"pa_yazar-sule-funda-polat","12":"first","13":"instock","14":"sale","15":"shipping-taxable","16":"purchasable","17":"product-type-simple"},"_links":{"self":[{"href":"https:\/\/roveyayinevi.com.tr\/index.php\/wp-json\/wp\/v2\/product\/746274","targetHints":{"allow":["GET"]}}],"collection":[{"href":"https:\/\/roveyayinevi.com.tr\/index.php\/wp-json\/wp\/v2\/product"}],"about":[{"href":"https:\/\/roveyayinevi.com.tr\/index.php\/wp-json\/wp\/v2\/types\/product"}],"wp:attachment":[{"href":"https:\/\/roveyayinevi.com.tr\/index.php\/wp-json\/wp\/v2\/media?parent=746274"}],"wp:term":[{"taxonomy":"product_brand","embeddable":true,"href":"https:\/\/roveyayinevi.com.tr\/index.php\/wp-json\/wp\/v2\/product_brand?post=746274"},{"taxonomy":"product_cat","embeddable":true,"href":"https:\/\/roveyayinevi.com.tr\/index.php\/wp-json\/wp\/v2\/product_cat?post=746274"},{"taxonomy":"product_tag","embeddable":true,"href":"https:\/\/roveyayinevi.com.tr\/index.php\/wp-json\/wp\/v2\/product_tag?post=746274"}],"curies":[{"name":"wp","href":"https:\/\/api.w.org\/{rel}","templated":true}]}}