{"id":746270,"date":"2025-08-28T02:38:43","date_gmt":"2025-08-27T23:38:43","guid":{"rendered":"https:\/\/roveyayinevi.com.tr\/index.php\/urun\/isagoge\/"},"modified":"2026-04-16T02:58:50","modified_gmt":"2026-04-15T23:58:50","slug":"isagoge","status":"publish","type":"product","link":"https:\/\/roveyayinevi.com.tr\/index.php\/urun\/isagoge\/","title":{"rendered":"Isagoge"},"content":{"rendered":"<p>&#8220;Porphyrios\u2019un Isagoge\u2019si felsefe ve mant\u0131k alan\u0131nda y\u00fczy\u0131llar boyunca etkili olmu\u015f ender yap\u0131tlardan biridir. Felsefe tarih\u00e7ileri ve filozoflar taraf\u0131ndan \u00e7ok \u00e7e\u015fitli zamanlarda ele al\u0131nm\u0131\u015f, de\u011ferlendirilmi\u015f olmas\u0131, hi\u00e7 ku\u015fkusuz onun i\u00e7eri\u011finden kaynaklanmaktad\u0131r. Bir yandan Aristoteles\u2019in Kategoriler\u2019i ile kurdu\u011fu ilgi, \u00f6te yandan da sezinletti\u011fi felsefi sorunlar\u0131n her zaman ta\u015f\u0131d\u0131\u011f\u0131 g\u00fcncellik (\u00e7\u00fcnk\u00fc as\u0131l, ger\u00e7ek felsefe sorular\u0131 g\u00fcncelliklerinden hi\u00e7bir \u015fey yitirmezler), felsefe ile ilgi kuran ki\u015filerin bu yap\u0131t\u0131 \u015fu ya da bu bi\u00e7imde g\u00f6z ard\u0131 etmemesine yol a\u00e7m\u0131\u015ft\u0131r.&#8221; <\/p>\n","protected":false},"excerpt":{"rendered":"<p>&#8220;Porphyrios\u2019un Isagoge\u2019si felsefe ve mant\u0131k alan\u0131nda y\u00fczy\u0131llar boyunca etkili olmu\u015f ender yap\u0131tlardan biridir. Felsefe tarih\u00e7ileri ve filozoflar taraf\u0131ndan \u00e7ok \u00e7e\u015fitli zamanlarda ele al\u0131nm\u0131\u015f, de\u011ferlendirilmi\u015f olmas\u0131, hi\u00e7<span class=\"excerpt-hellip\"> [\u2026]<\/span><\/p>\n","protected":false},"featured_media":0,"template":"","meta":{"_monsterinsights_skip_tracking":false,"_monsterinsights_sitenote_active":false,"_monsterinsights_sitenote_note":"","_monsterinsights_sitenote_category":0},"product_brand":[],"product_cat":[12389,12388],"product_tag":[],"class_list":{"0":"post-746270","1":"product","2":"type-product","3":"status-publish","5":"product_cat-diger-felsefe","6":"product_cat-felsefe","7":"pa_cilt-ciltsiz","8":"pa_tur-kitap","9":"pa_yayinevi-bilgesu-yayincilik","10":"pa_yazar-porphyrios","12":"first","13":"instock","14":"sale","15":"shipping-taxable","16":"purchasable","17":"product-type-simple"},"_links":{"self":[{"href":"https:\/\/roveyayinevi.com.tr\/index.php\/wp-json\/wp\/v2\/product\/746270","targetHints":{"allow":["GET"]}}],"collection":[{"href":"https:\/\/roveyayinevi.com.tr\/index.php\/wp-json\/wp\/v2\/product"}],"about":[{"href":"https:\/\/roveyayinevi.com.tr\/index.php\/wp-json\/wp\/v2\/types\/product"}],"wp:attachment":[{"href":"https:\/\/roveyayinevi.com.tr\/index.php\/wp-json\/wp\/v2\/media?parent=746270"}],"wp:term":[{"taxonomy":"product_brand","embeddable":true,"href":"https:\/\/roveyayinevi.com.tr\/index.php\/wp-json\/wp\/v2\/product_brand?post=746270"},{"taxonomy":"product_cat","embeddable":true,"href":"https:\/\/roveyayinevi.com.tr\/index.php\/wp-json\/wp\/v2\/product_cat?post=746270"},{"taxonomy":"product_tag","embeddable":true,"href":"https:\/\/roveyayinevi.com.tr\/index.php\/wp-json\/wp\/v2\/product_tag?post=746270"}],"curies":[{"name":"wp","href":"https:\/\/api.w.org\/{rel}","templated":true}]}}