{"id":746258,"date":"2025-08-28T02:38:30","date_gmt":"2025-08-27T23:38:30","guid":{"rendered":"https:\/\/roveyayinevi.com.tr\/index.php\/urun\/hobek-gunesi\/"},"modified":"2026-04-16T02:58:50","modified_gmt":"2026-04-15T23:58:50","slug":"hobek-gunesi","status":"publish","type":"product","link":"https:\/\/roveyayinevi.com.tr\/index.php\/urun\/hobek-gunesi\/","title":{"rendered":"H\u00f6bek G\u00fcne\u015fi"},"content":{"rendered":"<p>Ve gece donlu k\u00fcheylan\u0131n toynaklar\u0131 topra\u011f\u0131 bulamaz \u00c7ald\u0131ran topra\u011f\u0131n\u0131 kaplayan \u00f6l\u00fclerden. G\u00fcne\u015f y\u00fcz\u00fcn\u00fc kapat\u0131rken, toprak kan\u0131 emip yalan\u0131rken kabard\u0131 obur toprak gibi g\u00f6\u011fs\u00fc muzaffer H\u00fcnk\u00e2r\u2019\u0131n. Dilini, dinini ve de rengini kaybetmi\u015f tek\u00e7e insand\u0131lar yerde yatanlar, parampar\u00e7a d\u00f6rt bir k\u00f6\u015feye serpilenler. Vatanlar\u0131nda topra\u011fa d\u00fc\u015fen ve uzaktan gelen \u00f6l\u00fcler, \u00f6l\u00fcler, \u00f6l\u00fcler&#8230; \u00d6l\u00fcler aras\u0131nda \u00e7ok\u00e7a maskeli sava\u015f\u00e7\u0131. Mi\u011fferi bir yana d\u00fc\u015fm\u00fc\u015f uzun sa\u00e7lar\u0131 kana bulanm\u0131\u015f \u00f6l\u00fcler&#8230; H\u00fcnk\u00e2r buyurdu. \u00c7\u0131kar\u0131ld\u0131 maskeler. Bak\u0131ld\u0131, toprakta erlerinin yan\u0131 ba\u015f\u0131nda yatan kad\u0131nlara. Onlar geceye \u015favk\u0131 vuran ay y\u00fczl\u00fc K\u0131z\u0131lba\u015f kad\u0131nlard\u0131. Sava\u015fm\u0131\u015flar ve a\u015fik\u00e2r bir yenilgi i\u00e7ine devrilen mutlu sava\u015f\u00e7\u0131lard\u0131. K\u0131l\u0131\u00e7lar\u0131n\u0131n kabzas\u0131 hen\u00fcz s\u0131k\u0131lm\u0131\u015f avu\u00e7lar\u0131nda, bedenlerinden ayr\u0131 kollar\u0131nda k\u0131l\u0131\u00e7lar\u0131 kad\u0131nlar\u2026 A\u015fik\u00e2r oldu herkese bunlar birer di\u015fi alpt\u0131lar, uzaktan gelip vatanlar\u0131n\u0131 savundular, k\u0131l\u0131\u00e7 \u00e7al\u0131p bu topraklarda kald\u0131lar.   H\u00fcnk\u00e2r bir an duraksad\u0131. Dik dik bakt\u0131 onlara, yerde yatan kad\u0131nlara\u2026 Bir s\u00fcre bakt\u0131 mutlu \u00f6l\u00fc kad\u0131nlara, hayret ve takdirle. Ve sonra \u201cBu kad\u0131nlar\u0131 t\u00f6renle g\u00f6m\u00fcn! Sayg\u0131da kusur olunmaya!\u201d diye ferman eyledi. <\/p>\n","protected":false},"excerpt":{"rendered":"<p>Ve gece donlu k\u00fcheylan\u0131n toynaklar\u0131 topra\u011f\u0131 bulamaz \u00c7ald\u0131ran topra\u011f\u0131n\u0131 kaplayan \u00f6l\u00fclerden. G\u00fcne\u015f y\u00fcz\u00fcn\u00fc kapat\u0131rken, toprak kan\u0131 emip yalan\u0131rken kabard\u0131 obur toprak gibi g\u00f6\u011fs\u00fc muzaffer H\u00fcnk\u00e2r\u2019\u0131n. Dilini,<span class=\"excerpt-hellip\"> [\u2026]<\/span><\/p>\n","protected":false},"featured_media":0,"template":"","meta":{"_monsterinsights_skip_tracking":false,"_monsterinsights_sitenote_active":false,"_monsterinsights_sitenote_note":"","_monsterinsights_sitenote_category":0},"product_brand":[],"product_cat":[12291,12711],"product_tag":[],"class_list":{"0":"post-746258","1":"product","2":"type-product","3":"status-publish","5":"product_cat-edebiyat","6":"product_cat-roman-oyku","7":"pa_cilt-ciltsiz","8":"pa_tur-kitap","9":"pa_yayinevi-totem-yayinlari","10":"pa_yazar-hasim-husrevsahi","12":"first","13":"instock","14":"sale","15":"shipping-taxable","16":"purchasable","17":"product-type-simple"},"_links":{"self":[{"href":"https:\/\/roveyayinevi.com.tr\/index.php\/wp-json\/wp\/v2\/product\/746258","targetHints":{"allow":["GET"]}}],"collection":[{"href":"https:\/\/roveyayinevi.com.tr\/index.php\/wp-json\/wp\/v2\/product"}],"about":[{"href":"https:\/\/roveyayinevi.com.tr\/index.php\/wp-json\/wp\/v2\/types\/product"}],"wp:attachment":[{"href":"https:\/\/roveyayinevi.com.tr\/index.php\/wp-json\/wp\/v2\/media?parent=746258"}],"wp:term":[{"taxonomy":"product_brand","embeddable":true,"href":"https:\/\/roveyayinevi.com.tr\/index.php\/wp-json\/wp\/v2\/product_brand?post=746258"},{"taxonomy":"product_cat","embeddable":true,"href":"https:\/\/roveyayinevi.com.tr\/index.php\/wp-json\/wp\/v2\/product_cat?post=746258"},{"taxonomy":"product_tag","embeddable":true,"href":"https:\/\/roveyayinevi.com.tr\/index.php\/wp-json\/wp\/v2\/product_tag?post=746258"}],"curies":[{"name":"wp","href":"https:\/\/api.w.org\/{rel}","templated":true}]}}