{"id":746247,"date":"2025-08-28T02:38:14","date_gmt":"2025-08-27T23:38:14","guid":{"rendered":"https:\/\/roveyayinevi.com.tr\/index.php\/urun\/gece-yolculari-gordiosun-gizemi\/"},"modified":"2025-09-25T08:29:00","modified_gmt":"2025-09-25T05:29:00","slug":"gece-yolculari-gordiosun-gizemi","status":"publish","type":"product","link":"https:\/\/roveyayinevi.com.tr\/index.php\/urun\/gece-yolculari-gordiosun-gizemi\/","title":{"rendered":"Gece Yolcular\u0131 Gordios\u2019un Gizemi"},"content":{"rendered":"<p>Bir bina d\u00fc\u015f\u00fcn\u00fcn, binlerce y\u0131ld\u0131r \u00e7evresindeki her \u015fey y\u0131k\u0131l\u0131rken dimdik ayakta kalmaya devameden gizemli ve kibirli bir yap\u0131&#8230; Peki bu yap\u0131 bir okula d\u00f6n\u00fc\u015ft\u00fcr\u00fclecek olsayd\u0131&#8230;E\u011fer gizemli olaylar\u0131n pe\u015finden gidecek cesaretiniz yoksa bu kitap size g\u00f6re de\u011fil. Ancakherkes uyurken gizemli t\u00fcnellerde dola\u015fmaktan ve gece bek\u00e7isi Bay Filch&#8217;e yakalanmaktankorkmuyorsan\u0131z do\u011fru yerdesiniz. Gizemli bir macera, biraz mizah ve biraz da h\u00fcz\u00fcnar\u0131yorsan\u0131z yolculu\u011fumuza siz de kat\u0131l\u0131n. Ama unutmay\u0131n, bu yolculuk sonunda ula\u015faca\u011f\u0131n\u0131zyer, ula\u015fmak istedi\u011finiz yer olmayabilir.GORD\u0130OS sizi \u00e7a\u011f\u0131r\u0131yor&#8230;(Arka Kapaktan)<\/p>\n","protected":false},"excerpt":{"rendered":"<p>Bir bina d\u00fc\u015f\u00fcn\u00fcn, binlerce y\u0131ld\u0131r \u00e7evresindeki her \u015fey y\u0131k\u0131l\u0131rken dimdik ayakta kalmaya devameden gizemli ve kibirli bir yap\u0131&#8230; Peki bu yap\u0131 bir okula d\u00f6n\u00fc\u015ft\u00fcr\u00fclecek olsayd\u0131&#8230;E\u011fer gizemli<span class=\"excerpt-hellip\"> [\u2026]<\/span><\/p>\n","protected":false},"featured_media":0,"template":"","meta":{"_monsterinsights_skip_tracking":false,"_monsterinsights_sitenote_active":false,"_monsterinsights_sitenote_note":"","_monsterinsights_sitenote_category":0},"product_brand":[],"product_cat":[12291,14777],"product_tag":[],"class_list":{"0":"post-746247","1":"product","2":"type-product","3":"status-publish","5":"product_cat-edebiyat","6":"product_cat-fantastik","7":"pa_cilt-ciltsiz","8":"pa_tur-kitap","9":"pa_yayinevi-parana-yayinlari","10":"pa_yazar-murat-yildiz","12":"first","13":"instock","14":"sale","15":"shipping-taxable","16":"purchasable","17":"product-type-simple"},"_links":{"self":[{"href":"https:\/\/roveyayinevi.com.tr\/index.php\/wp-json\/wp\/v2\/product\/746247","targetHints":{"allow":["GET"]}}],"collection":[{"href":"https:\/\/roveyayinevi.com.tr\/index.php\/wp-json\/wp\/v2\/product"}],"about":[{"href":"https:\/\/roveyayinevi.com.tr\/index.php\/wp-json\/wp\/v2\/types\/product"}],"wp:attachment":[{"href":"https:\/\/roveyayinevi.com.tr\/index.php\/wp-json\/wp\/v2\/media?parent=746247"}],"wp:term":[{"taxonomy":"product_brand","embeddable":true,"href":"https:\/\/roveyayinevi.com.tr\/index.php\/wp-json\/wp\/v2\/product_brand?post=746247"},{"taxonomy":"product_cat","embeddable":true,"href":"https:\/\/roveyayinevi.com.tr\/index.php\/wp-json\/wp\/v2\/product_cat?post=746247"},{"taxonomy":"product_tag","embeddable":true,"href":"https:\/\/roveyayinevi.com.tr\/index.php\/wp-json\/wp\/v2\/product_tag?post=746247"}],"curies":[{"name":"wp","href":"https:\/\/api.w.org\/{rel}","templated":true}]}}