{"id":746228,"date":"2025-08-28T02:37:39","date_gmt":"2025-08-27T23:37:39","guid":{"rendered":"https:\/\/roveyayinevi.com.tr\/index.php\/urun\/bana-ragmen\/"},"modified":"2026-04-16T02:58:50","modified_gmt":"2026-04-15T23:58:50","slug":"bana-ragmen","status":"publish","type":"product","link":"https:\/\/roveyayinevi.com.tr\/index.php\/urun\/bana-ragmen\/","title":{"rendered":"Bana Ra\u011fmen"},"content":{"rendered":"<p>Biz kendi ayaklar\u0131 \u00fczerinde durmaya \u00e7al\u0131\u015fan Ortado\u011fu\u2019nun kad\u0131nlar\u0131yd\u0131k. Bir \u015fey yapmak istedi\u011fimizde \u00f6nce ku\u015fkuyla bak\u0131lan, i\u015fin ba\u015f\u0131na ge\u00e7ti\u011fimizde de olmamas\u0131na dair gerek\u00e7elerle bo\u011fulan&#8230; Buna ra\u011fmen vazge\u00e7meme d\u00fc\u015f\u00fcncesizli\u011fini g\u00f6sterirsek de t\u00fcm g\u00f6zlerin \u00fczerimize \u00e7evrildi\u011fi, a\u00e7\u0131k arand\u0131\u011f\u0131 bir podyuma \u00e7\u0131kard\u0131k.   Korkular yerlerini yeni meydan okuyu\u015flara b\u0131rak\u0131p her \u015fey bamba\u015fka bir \u00e7ehre kazan\u0131rken, biz \u00e7ok da bilinmedik ve beklenmedik yollara sapard\u0131k.   Ben de \u015fimdi kendime ra\u011fmen, ba\u015fka sokaklar\u0131n aras\u0131nda yeni d\u00fcnyam\u0131n izlerini ar\u0131yorumdur, kim bilir?<\/p>\n","protected":false},"excerpt":{"rendered":"<p>Biz kendi ayaklar\u0131 \u00fczerinde durmaya \u00e7al\u0131\u015fan Ortado\u011fu\u2019nun kad\u0131nlar\u0131yd\u0131k. Bir \u015fey yapmak istedi\u011fimizde \u00f6nce ku\u015fkuyla bak\u0131lan, i\u015fin ba\u015f\u0131na ge\u00e7ti\u011fimizde de olmamas\u0131na dair gerek\u00e7elerle bo\u011fulan&#8230; Buna ra\u011fmen vazge\u00e7meme<span class=\"excerpt-hellip\"> [\u2026]<\/span><\/p>\n","protected":false},"featured_media":0,"template":"","meta":{"_monsterinsights_skip_tracking":false,"_monsterinsights_sitenote_active":false,"_monsterinsights_sitenote_note":"","_monsterinsights_sitenote_category":0},"product_brand":[],"product_cat":[12291,12711],"product_tag":[],"class_list":{"0":"post-746228","1":"product","2":"type-product","3":"status-publish","5":"product_cat-edebiyat","6":"product_cat-roman-oyku","7":"pa_cilt-ciltsiz","8":"pa_tur-kitap","9":"pa_yayinevi-masa-kitap","10":"pa_yazar-ezgi-karasin","12":"first","13":"instock","14":"sale","15":"shipping-taxable","16":"purchasable","17":"product-type-simple"},"_links":{"self":[{"href":"https:\/\/roveyayinevi.com.tr\/index.php\/wp-json\/wp\/v2\/product\/746228","targetHints":{"allow":["GET"]}}],"collection":[{"href":"https:\/\/roveyayinevi.com.tr\/index.php\/wp-json\/wp\/v2\/product"}],"about":[{"href":"https:\/\/roveyayinevi.com.tr\/index.php\/wp-json\/wp\/v2\/types\/product"}],"wp:attachment":[{"href":"https:\/\/roveyayinevi.com.tr\/index.php\/wp-json\/wp\/v2\/media?parent=746228"}],"wp:term":[{"taxonomy":"product_brand","embeddable":true,"href":"https:\/\/roveyayinevi.com.tr\/index.php\/wp-json\/wp\/v2\/product_brand?post=746228"},{"taxonomy":"product_cat","embeddable":true,"href":"https:\/\/roveyayinevi.com.tr\/index.php\/wp-json\/wp\/v2\/product_cat?post=746228"},{"taxonomy":"product_tag","embeddable":true,"href":"https:\/\/roveyayinevi.com.tr\/index.php\/wp-json\/wp\/v2\/product_tag?post=746228"}],"curies":[{"name":"wp","href":"https:\/\/api.w.org\/{rel}","templated":true}]}}