{"id":746223,"date":"2025-08-28T02:37:33","date_gmt":"2025-08-27T23:37:33","guid":{"rendered":"https:\/\/roveyayinevi.com.tr\/index.php\/urun\/gulsum-ayisigi-cocuk-kitaplari-3-kitap-set\/"},"modified":"2026-04-16T02:58:49","modified_gmt":"2026-04-15T23:58:49","slug":"gulsum-ayisigi-cocuk-kitaplari-3-kitap-set","status":"publish","type":"product","link":"https:\/\/roveyayinevi.com.tr\/index.php\/urun\/gulsum-ayisigi-cocuk-kitaplari-3-kitap-set\/","title":{"rendered":"G\u00fcls\u00fcm Ay\u0131\u015f\u0131\u011f\u0131 \u00c7ocuk Kitaplar\u0131 (3 Kitap Set)"},"content":{"rendered":"<p>ARKADA\u015eIM B\u0130R HAYALETNilay normal hayat s\u00fcren bir \u00e7ocuktu. Ta ki bir g\u00fcn hayalet arkada\u015f bulana kadar. Hi\u00e7 beklemedi\u011fi anda hayat\u0131 de\u011fi\u015fen Nilay\u0131n art\u0131k bir g\u00f6revi vard\u0131. Hayalet arkada\u015f\u0131yla cinayetleri \u00e7\u00f6zme g\u00f6reviydi bu Nilay gibi korkusuzlara bu roman.1 KED\u0130 1 \u00c7OCUK Hayvanlarda t\u0131pk\u0131 insanlar gibi ya\u015fam hakk\u0131na sahiptirler. K\u00dc\u00c7\u00dcK SU DAMLASI Evren anan\u0131n koynunda g\u00f6ky\u00fcz\u00fc ve yery\u00fcz\u00fc karde\u015ftir.   K\u00dc\u00c7\u00dcK KIZ M\u0130RA VE DEV ADAM \u00c7ocuklar; merak ve heyecan dolu bu kitapta, Mira sizi hayvanlar \u00e2leminde ki maceras\u0131nda birlikte olmaya davet ediyor. <\/p>\n","protected":false},"excerpt":{"rendered":"<p>ARKADA\u015eIM B\u0130R HAYALETNilay normal hayat s\u00fcren bir \u00e7ocuktu. Ta ki bir g\u00fcn hayalet arkada\u015f bulana kadar. Hi\u00e7 beklemedi\u011fi anda hayat\u0131 de\u011fi\u015fen Nilay\u0131n art\u0131k bir g\u00f6revi vard\u0131.<span class=\"excerpt-hellip\"> [\u2026]<\/span><\/p>\n","protected":false},"featured_media":0,"template":"","meta":{"_monsterinsights_skip_tracking":false,"_monsterinsights_sitenote_active":false,"_monsterinsights_sitenote_note":"","_monsterinsights_sitenote_category":0},"product_brand":[],"product_cat":[12274,12284],"product_tag":[],"class_list":{"0":"post-746223","1":"product","2":"type-product","3":"status-publish","5":"product_cat-cocuk-ve-genclik-kitaplari","6":"product_cat-hikayeler","7":"pa_cilt-ciltsiz","8":"pa_tur-kitap","9":"pa_yayinevi-kitap-muptelasi-yayinlari","10":"pa_yazar-gulsum-ayisigi","12":"first","13":"instock","14":"sale","15":"shipping-taxable","16":"purchasable","17":"product-type-simple"},"_links":{"self":[{"href":"https:\/\/roveyayinevi.com.tr\/index.php\/wp-json\/wp\/v2\/product\/746223","targetHints":{"allow":["GET"]}}],"collection":[{"href":"https:\/\/roveyayinevi.com.tr\/index.php\/wp-json\/wp\/v2\/product"}],"about":[{"href":"https:\/\/roveyayinevi.com.tr\/index.php\/wp-json\/wp\/v2\/types\/product"}],"wp:attachment":[{"href":"https:\/\/roveyayinevi.com.tr\/index.php\/wp-json\/wp\/v2\/media?parent=746223"}],"wp:term":[{"taxonomy":"product_brand","embeddable":true,"href":"https:\/\/roveyayinevi.com.tr\/index.php\/wp-json\/wp\/v2\/product_brand?post=746223"},{"taxonomy":"product_cat","embeddable":true,"href":"https:\/\/roveyayinevi.com.tr\/index.php\/wp-json\/wp\/v2\/product_cat?post=746223"},{"taxonomy":"product_tag","embeddable":true,"href":"https:\/\/roveyayinevi.com.tr\/index.php\/wp-json\/wp\/v2\/product_tag?post=746223"}],"curies":[{"name":"wp","href":"https:\/\/api.w.org\/{rel}","templated":true}]}}