{"id":746222,"date":"2025-08-28T02:37:31","date_gmt":"2025-08-27T23:37:31","guid":{"rendered":"https:\/\/roveyayinevi.com.tr\/index.php\/urun\/hangi-ask-degdi-yuregine\/"},"modified":"2026-04-16T02:58:49","modified_gmt":"2026-04-15T23:58:49","slug":"hangi-ask-degdi-yuregine","status":"publish","type":"product","link":"https:\/\/roveyayinevi.com.tr\/index.php\/urun\/hangi-ask-degdi-yuregine\/","title":{"rendered":"Hangi A\u015fk De\u011fdi Y\u00fcre\u011fine"},"content":{"rendered":"<p>\u201cBen bittim hayat, \u00fcst\u00fc kals\u0131n\u201d s\u00f6z\u00fcn\u00fc d\u00fcnyaya arma\u011fan edip, ben do\u011fdum yeniden&#8230; Hayat, a\u015fk bana \u201cVars\u0131n\u201d diyerek nasibimi beklemek, a\u015fk\u0131 yaratan\u0131n a\u015fk\u0131 ile yanmak i\u00e7in gidiyorum. Bav\u0131ko diyar\u0131ndan, Peygambere (sav) yolda\u015f olmu\u015f Safvan B. Muattal Hz. diyar\u0131ndan, Seyitler makam\u0131 Menzil diyar\u0131ndan en sevgiliye ba\u011fl\u0131l\u0131k g\u00f6stermek i\u00e7in a\u015fk\u0131 bulanlar\u0131n yoluna gidiyorum. Sabrediyoruz ALLAH\u2019IM&#8230; Topraktan Var Olduk, Toprakta Bitece\u011fiz&#8230; Sen\u2019den Geldik, Sana Gelece\u011fiz\u2026 <\/p>\n","protected":false},"excerpt":{"rendered":"<p>\u201cBen bittim hayat, \u00fcst\u00fc kals\u0131n\u201d s\u00f6z\u00fcn\u00fc d\u00fcnyaya arma\u011fan edip, ben do\u011fdum yeniden&#8230; Hayat, a\u015fk bana \u201cVars\u0131n\u201d diyerek nasibimi beklemek, a\u015fk\u0131 yaratan\u0131n a\u015fk\u0131 ile yanmak i\u00e7in gidiyorum.<span class=\"excerpt-hellip\"> [\u2026]<\/span><\/p>\n","protected":false},"featured_media":0,"template":"","meta":{"_monsterinsights_skip_tracking":false,"_monsterinsights_sitenote_active":false,"_monsterinsights_sitenote_note":"","_monsterinsights_sitenote_category":0},"product_brand":[],"product_cat":[12291,12711],"product_tag":[],"class_list":{"0":"post-746222","1":"product","2":"type-product","3":"status-publish","5":"product_cat-edebiyat","6":"product_cat-roman-oyku","7":"pa_cilt-ciltsiz","8":"pa_tur-kitap","9":"pa_yayinevi-kitap-muptelasi-yayinlari","10":"pa_yazar-yakup-tosun","12":"first","13":"instock","14":"sale","15":"shipping-taxable","16":"purchasable","17":"product-type-simple"},"_links":{"self":[{"href":"https:\/\/roveyayinevi.com.tr\/index.php\/wp-json\/wp\/v2\/product\/746222","targetHints":{"allow":["GET"]}}],"collection":[{"href":"https:\/\/roveyayinevi.com.tr\/index.php\/wp-json\/wp\/v2\/product"}],"about":[{"href":"https:\/\/roveyayinevi.com.tr\/index.php\/wp-json\/wp\/v2\/types\/product"}],"wp:attachment":[{"href":"https:\/\/roveyayinevi.com.tr\/index.php\/wp-json\/wp\/v2\/media?parent=746222"}],"wp:term":[{"taxonomy":"product_brand","embeddable":true,"href":"https:\/\/roveyayinevi.com.tr\/index.php\/wp-json\/wp\/v2\/product_brand?post=746222"},{"taxonomy":"product_cat","embeddable":true,"href":"https:\/\/roveyayinevi.com.tr\/index.php\/wp-json\/wp\/v2\/product_cat?post=746222"},{"taxonomy":"product_tag","embeddable":true,"href":"https:\/\/roveyayinevi.com.tr\/index.php\/wp-json\/wp\/v2\/product_tag?post=746222"}],"curies":[{"name":"wp","href":"https:\/\/api.w.org\/{rel}","templated":true}]}}