{"id":746220,"date":"2025-08-28T02:37:29","date_gmt":"2025-08-27T23:37:29","guid":{"rendered":"https:\/\/roveyayinevi.com.tr\/index.php\/urun\/arkadasim-bir-hayalet\/"},"modified":"2026-04-16T02:58:49","modified_gmt":"2026-04-15T23:58:49","slug":"arkadasim-bir-hayalet","status":"publish","type":"product","link":"https:\/\/roveyayinevi.com.tr\/index.php\/urun\/arkadasim-bir-hayalet\/","title":{"rendered":"Arkada\u015f\u0131m Bir Hayalet"},"content":{"rendered":"<p>Nilay normal hayat s\u00fcren bir \u00e7ocuktu. Ta ki bir g\u00fcn hayalet arkada\u015f bulana kadar. Hi\u00e7 beklemedi\u011fi anda hayat\u0131 de\u011fi\u015fen Nilay\u0131n art\u0131k bir g\u00f6revi vard\u0131. Hayalet arkada\u015f\u0131yla cinayetleri \u00e7\u00f6zme g\u00f6reviydi bu<\/p>\n","protected":false},"excerpt":{"rendered":"<p>Nilay normal hayat s\u00fcren bir \u00e7ocuktu. Ta ki bir g\u00fcn hayalet arkada\u015f bulana kadar. Hi\u00e7 beklemedi\u011fi anda hayat\u0131 de\u011fi\u015fen Nilay\u0131n art\u0131k bir g\u00f6revi vard\u0131. Hayalet arkada\u015f\u0131yla<span class=\"excerpt-hellip\"> [\u2026]<\/span><\/p>\n","protected":false},"featured_media":0,"template":"","meta":{"_monsterinsights_skip_tracking":false,"_monsterinsights_sitenote_active":false,"_monsterinsights_sitenote_note":"","_monsterinsights_sitenote_category":0},"product_brand":[],"product_cat":[12689,12274],"product_tag":[],"class_list":{"0":"post-746220","1":"product","2":"type-product","3":"status-publish","5":"product_cat-cizgi-roman-cocuk-ve-genclik-kitaplari","6":"product_cat-cocuk-ve-genclik-kitaplari","7":"pa_cilt-ciltsiz","8":"pa_tur-kitap","9":"pa_yayinevi-kitap-muptelasi-yayinlari","10":"pa_yazar-gulsum-ayisigi","12":"first","13":"instock","14":"sale","15":"shipping-taxable","16":"purchasable","17":"product-type-simple"},"_links":{"self":[{"href":"https:\/\/roveyayinevi.com.tr\/index.php\/wp-json\/wp\/v2\/product\/746220","targetHints":{"allow":["GET"]}}],"collection":[{"href":"https:\/\/roveyayinevi.com.tr\/index.php\/wp-json\/wp\/v2\/product"}],"about":[{"href":"https:\/\/roveyayinevi.com.tr\/index.php\/wp-json\/wp\/v2\/types\/product"}],"wp:attachment":[{"href":"https:\/\/roveyayinevi.com.tr\/index.php\/wp-json\/wp\/v2\/media?parent=746220"}],"wp:term":[{"taxonomy":"product_brand","embeddable":true,"href":"https:\/\/roveyayinevi.com.tr\/index.php\/wp-json\/wp\/v2\/product_brand?post=746220"},{"taxonomy":"product_cat","embeddable":true,"href":"https:\/\/roveyayinevi.com.tr\/index.php\/wp-json\/wp\/v2\/product_cat?post=746220"},{"taxonomy":"product_tag","embeddable":true,"href":"https:\/\/roveyayinevi.com.tr\/index.php\/wp-json\/wp\/v2\/product_tag?post=746220"}],"curies":[{"name":"wp","href":"https:\/\/api.w.org\/{rel}","templated":true}]}}