{"id":746217,"date":"2025-08-28T02:37:25","date_gmt":"2025-08-27T23:37:25","guid":{"rendered":"https:\/\/roveyayinevi.com.tr\/index.php\/urun\/secilmis-kahramanin-el-kitabi-3-4\/"},"modified":"2026-04-16T02:58:49","modified_gmt":"2026-04-15T23:58:49","slug":"secilmis-kahramanin-el-kitabi-3-4","status":"publish","type":"product","link":"https:\/\/roveyayinevi.com.tr\/index.php\/urun\/secilmis-kahramanin-el-kitabi-3-4\/","title":{"rendered":"Se\u00e7ilmi\u015f Kahraman\u0131n El Kitab\u0131 3-4"},"content":{"rendered":"<p>Se\u00e7ilmi\u015f Kahraman\u0131m\u0131z i\u015fte buradas\u0131n!   Seni tekrardan g\u00f6rd\u00fc\u011f\u00fcm i\u00e7in \u00e7ok mutluyum ama \u015fu anda bunu uzun uzun anlatamayaca\u011f\u0131m. \u00c7\u00fcnk\u00fc sen gitti\u011finden beri her \u015fey normal ilerliyorken birden hi\u00e7 tahmin edemeyece\u011fin bir olay ger\u00e7ekle\u015fti. Bize bir kez yard\u0131m edip kahramanl\u0131\u011f\u0131n\u0131 g\u00f6stermi\u015ftin. \u015eimdi senden bir kez daha yard\u0131m istiyoruz. Ama bu sefer mecburuz\u2026 \u00c7\u00fcnk\u00fc senden ba\u015fka g\u00fcvenece\u011fimiz ve yard\u0131m isteyece\u011fimiz kimse kalmad\u0131. Kabul ediyorsan kitab\u0131 \u00e7evir ve okumaya ba\u015fla. E\u011fer kabul etmiyorsan kitab\u0131 kesinlikle a\u00e7ma ve ald\u0131\u011f\u0131n yere b\u0131rak. Bu olaylardan da kimseye bahsetme\u2026   Oyuncu Arkada\u015f\u0131n Res<\/p>\n","protected":false},"excerpt":{"rendered":"<p>Se\u00e7ilmi\u015f Kahraman\u0131m\u0131z i\u015fte buradas\u0131n! Seni tekrardan g\u00f6rd\u00fc\u011f\u00fcm i\u00e7in \u00e7ok mutluyum ama \u015fu anda bunu uzun uzun anlatamayaca\u011f\u0131m. \u00c7\u00fcnk\u00fc sen gitti\u011finden beri her \u015fey normal ilerliyorken birden<span class=\"excerpt-hellip\"> [\u2026]<\/span><\/p>\n","protected":false},"featured_media":0,"template":"","meta":{"_monsterinsights_skip_tracking":false,"_monsterinsights_sitenote_active":false,"_monsterinsights_sitenote_note":"","_monsterinsights_sitenote_category":0},"product_brand":[],"product_cat":[12274,17859],"product_tag":[],"class_list":{"0":"post-746217","1":"product","2":"type-product","3":"status-publish","5":"product_cat-cocuk-ve-genclik-kitaplari","6":"product_cat-oyun-kitaplari","7":"pa_cilt-ciltsiz","8":"pa_tur-kitap","9":"pa_yayinevi-masalperest-ozel-urun","10":"pa_yazar-resul-aydogan","12":"first","13":"instock","14":"sale","15":"shipping-taxable","16":"purchasable","17":"product-type-simple"},"_links":{"self":[{"href":"https:\/\/roveyayinevi.com.tr\/index.php\/wp-json\/wp\/v2\/product\/746217","targetHints":{"allow":["GET"]}}],"collection":[{"href":"https:\/\/roveyayinevi.com.tr\/index.php\/wp-json\/wp\/v2\/product"}],"about":[{"href":"https:\/\/roveyayinevi.com.tr\/index.php\/wp-json\/wp\/v2\/types\/product"}],"wp:attachment":[{"href":"https:\/\/roveyayinevi.com.tr\/index.php\/wp-json\/wp\/v2\/media?parent=746217"}],"wp:term":[{"taxonomy":"product_brand","embeddable":true,"href":"https:\/\/roveyayinevi.com.tr\/index.php\/wp-json\/wp\/v2\/product_brand?post=746217"},{"taxonomy":"product_cat","embeddable":true,"href":"https:\/\/roveyayinevi.com.tr\/index.php\/wp-json\/wp\/v2\/product_cat?post=746217"},{"taxonomy":"product_tag","embeddable":true,"href":"https:\/\/roveyayinevi.com.tr\/index.php\/wp-json\/wp\/v2\/product_tag?post=746217"}],"curies":[{"name":"wp","href":"https:\/\/api.w.org\/{rel}","templated":true}]}}