{"id":746193,"date":"2025-08-28T02:36:52","date_gmt":"2025-08-27T23:36:52","guid":{"rendered":"https:\/\/roveyayinevi.com.tr\/index.php\/urun\/iki-kez-olen-adam\/"},"modified":"2026-04-16T02:58:33","modified_gmt":"2026-04-15T23:58:33","slug":"iki-kez-olen-adam","status":"publish","type":"product","link":"https:\/\/roveyayinevi.com.tr\/index.php\/urun\/iki-kez-olen-adam\/","title":{"rendered":"\u0130ki Kez \u00d6len Adam"},"content":{"rendered":"<p>Bir sonraki per\u015fembe geldi. Elizabeth eski bir meslekta\u015f\u0131ndan, uzun ge\u00e7mi\u015fleri olan bir adamdan mektup ald\u0131. Adam\u0131n pe\u015finde birileri var ve bu y\u00fczden Elizabeth\u2019in yard\u0131m\u0131 gerekiyor. Adam\u0131n hik\u00e2yesi, \u00e7al\u0131nt\u0131 elmaslar, \u015fiddet e\u011filimli bir gangster ve \u00e7ok b\u00fcy\u00fck bir hatay\u0131 i\u00e7eriyor. \u00d6l\u00fcmler artmaya ba\u015flay\u0131nca Elizabeth katili yakalamak \u00fczere Joyce, \u0130brahim ve Ron\u2019un da yard\u0131m\u0131na ba\u015fvuruyor. Peki ya katilin yan\u0131nda elmaslar\u0131 da bulurlarsa? Bu da i\u015fin \u00f6d\u00fcl\u00fc olmaz m\u0131? Ama bu sefer yetmi\u015flerinde d\u00f6rt ki\u015fiyi g\u00f6z\u00fcn\u00fc k\u0131rpmadan \u00f6ld\u00fcrebilecek ac\u0131mas\u0131z bir katille kar\u015f\u0131 kar\u015f\u0131yalar. Katil onlar\u0131 bulmadan, Per\u015fembe G\u00fcn\u00fc Cinayet Kul\u00fcb\u00fc katili -ve elmaslar\u0131- bulabilecek mi? Huzurlu bir emekli k\u00f6y\u00fcnde d\u00f6rt s\u0131ra d\u0131\u015f\u0131 arkada\u015f \u00e7\u00f6z\u00fclmemi\u015f cinayetlerin pe\u015finde!   \u0130lk kitab\u0131 Per\u015fembe G\u00fcn\u00fc Cinayet Kul\u00fcb\u00fc\u2019yle \u0130ngiltere\u2019de sat\u0131\u015f rekorlar\u0131 k\u0131ran ve b\u00fcy\u00fck yank\u0131 uyand\u0131ran Richard Osman, \u00e7\u0131kt\u0131\u011f\u0131 g\u00fcn \u00e7ok satanlar listesinin ilk s\u0131ras\u0131na yerle\u015fen \u0130ki Kez \u00d6len Adam\u2019da yine mizah ve polisiyeyi ustaca birle\u015ftirdi\u011fi s\u00fcr\u00fckleyici bir macera sunuyor.   \u201c\u015ea\u015f\u0131rt\u0131c\u0131, muzip ve keyifli.\u201d   (Sunday Express)  \u201cMuhte\u015fem bir e\u011flence.\u201d  (Guardian) <\/p>\n","protected":false},"excerpt":{"rendered":"<p>Bir sonraki per\u015fembe geldi. Elizabeth eski bir meslekta\u015f\u0131ndan, uzun ge\u00e7mi\u015fleri olan bir adamdan mektup ald\u0131. Adam\u0131n pe\u015finde birileri var ve bu y\u00fczden Elizabeth\u2019in yard\u0131m\u0131 gerekiyor. Adam\u0131n<span class=\"excerpt-hellip\"> [\u2026]<\/span><\/p>\n","protected":false},"featured_media":0,"template":"","meta":{"_monsterinsights_skip_tracking":false,"_monsterinsights_sitenote_active":false,"_monsterinsights_sitenote_note":"","_monsterinsights_sitenote_category":0},"product_brand":[],"product_cat":[12291,12711],"product_tag":[],"class_list":{"0":"post-746193","1":"product","2":"type-product","3":"status-publish","5":"product_cat-edebiyat","6":"product_cat-roman-oyku","7":"pa_cilt-ciltsiz","8":"pa_tur-kitap","9":"pa_yayinevi-bilgi-yayinevi","10":"pa_yazar-richard-osman","12":"first","13":"instock","14":"sale","15":"shipping-taxable","16":"purchasable","17":"product-type-simple"},"_links":{"self":[{"href":"https:\/\/roveyayinevi.com.tr\/index.php\/wp-json\/wp\/v2\/product\/746193","targetHints":{"allow":["GET"]}}],"collection":[{"href":"https:\/\/roveyayinevi.com.tr\/index.php\/wp-json\/wp\/v2\/product"}],"about":[{"href":"https:\/\/roveyayinevi.com.tr\/index.php\/wp-json\/wp\/v2\/types\/product"}],"wp:attachment":[{"href":"https:\/\/roveyayinevi.com.tr\/index.php\/wp-json\/wp\/v2\/media?parent=746193"}],"wp:term":[{"taxonomy":"product_brand","embeddable":true,"href":"https:\/\/roveyayinevi.com.tr\/index.php\/wp-json\/wp\/v2\/product_brand?post=746193"},{"taxonomy":"product_cat","embeddable":true,"href":"https:\/\/roveyayinevi.com.tr\/index.php\/wp-json\/wp\/v2\/product_cat?post=746193"},{"taxonomy":"product_tag","embeddable":true,"href":"https:\/\/roveyayinevi.com.tr\/index.php\/wp-json\/wp\/v2\/product_tag?post=746193"}],"curies":[{"name":"wp","href":"https:\/\/api.w.org\/{rel}","templated":true}]}}