{"id":746186,"date":"2025-08-28T02:36:41","date_gmt":"2025-08-27T23:36:41","guid":{"rendered":"https:\/\/roveyayinevi.com.tr\/index.php\/urun\/yasam-bilinmezligi-uzerine-aforizmalar\/"},"modified":"2026-04-16T02:58:33","modified_gmt":"2026-04-15T23:58:33","slug":"yasam-bilinmezligi-uzerine-aforizmalar","status":"publish","type":"product","link":"https:\/\/roveyayinevi.com.tr\/index.php\/urun\/yasam-bilinmezligi-uzerine-aforizmalar\/","title":{"rendered":"Ya\u015fam Bilinmezli\u011fi \u00dczerine Aforizmalar"},"content":{"rendered":"<p>\u201cY\u0131ld\u0131zlar\u0131n aras\u0131nda bulu\u015furuz belki de bir g\u00fcn, a\u015fa\u011f\u0131dan bakt\u0131\u011f\u0131m\u0131zda g\u00f6zlerimizi alan o y\u0131ld\u0131zlar\u0131n aras\u0131nda. Kulak ver g\u00f6ky\u00fcz\u00fcne, y\u0131ld\u0131zlar bizi \u00e7a\u011f\u0131r\u0131yor. \u201c \ufffc    K\u0131sac\u0131k hayat\u0131m\u0131z\u0131, sonsuzlu\u011fa uzanan g\u00f6ky\u00fcz\u00fcn\u00fcn alt\u0131nda ge\u00e7iyoruz. Unutuyoruz bazen g\u00f6ky\u00fcz\u00fcn\u00fcn varl\u0131\u011f\u0131n\u0131, hat\u0131rlad\u0131\u011f\u0131m\u0131zda ise alg\u0131layam\u0131yoruz b\u00fcy\u00fckl\u00fc\u011f\u00fcn\u00fc. Daha do\u011frusu koskoca evrende asl\u0131nda birer noktadan bile k\u00fc\u00e7\u00fck oldu\u011fumuza inanmak istemiyoruz sadece. Ya\u015fam Bilinmezli\u011fi \u00dczerine Aforizmalar ise g\u00fcndelik arzu ve zevkleri k\u0131sa s\u00fcreli\u011fine bir kenara b\u0131rakt\u0131ran ve sadece bizi var eden duygular\u0131n su y\u00fcz\u00fcne \u00e7\u0131kmas\u0131na olanak sa\u011flayan bir kitap. Bu koskoca evrende bir nokta olarak var olman\u0131n asl\u0131nda ne kadar paha bi\u00e7ilmez oldu\u011funu g\u00f6receksiniz. <\/p>\n","protected":false},"excerpt":{"rendered":"<p>\u201cY\u0131ld\u0131zlar\u0131n aras\u0131nda bulu\u015furuz belki de bir g\u00fcn, a\u015fa\u011f\u0131dan bakt\u0131\u011f\u0131m\u0131zda g\u00f6zlerimizi alan o y\u0131ld\u0131zlar\u0131n aras\u0131nda. Kulak ver g\u00f6ky\u00fcz\u00fcne, y\u0131ld\u0131zlar bizi \u00e7a\u011f\u0131r\u0131yor. \u201c \ufffc K\u0131sac\u0131k hayat\u0131m\u0131z\u0131, sonsuzlu\u011fa uzanan<span class=\"excerpt-hellip\"> [\u2026]<\/span><\/p>\n","protected":false},"featured_media":0,"template":"","meta":{"_monsterinsights_skip_tracking":false,"_monsterinsights_sitenote_active":false,"_monsterinsights_sitenote_note":"","_monsterinsights_sitenote_category":0},"product_brand":[],"product_cat":[75065,12291],"product_tag":[],"class_list":{"0":"post-746186","1":"product","2":"type-product","3":"status-publish","5":"product_cat-aforizmalar","6":"product_cat-edebiyat","7":"pa_cilt-ciltsiz","8":"pa_tur-kitap","9":"pa_yayinevi-elpis-yayinlari","10":"pa_yazar-asya-konaklioglu","12":"first","13":"instock","14":"sale","15":"shipping-taxable","16":"purchasable","17":"product-type-simple"},"_links":{"self":[{"href":"https:\/\/roveyayinevi.com.tr\/index.php\/wp-json\/wp\/v2\/product\/746186","targetHints":{"allow":["GET"]}}],"collection":[{"href":"https:\/\/roveyayinevi.com.tr\/index.php\/wp-json\/wp\/v2\/product"}],"about":[{"href":"https:\/\/roveyayinevi.com.tr\/index.php\/wp-json\/wp\/v2\/types\/product"}],"wp:attachment":[{"href":"https:\/\/roveyayinevi.com.tr\/index.php\/wp-json\/wp\/v2\/media?parent=746186"}],"wp:term":[{"taxonomy":"product_brand","embeddable":true,"href":"https:\/\/roveyayinevi.com.tr\/index.php\/wp-json\/wp\/v2\/product_brand?post=746186"},{"taxonomy":"product_cat","embeddable":true,"href":"https:\/\/roveyayinevi.com.tr\/index.php\/wp-json\/wp\/v2\/product_cat?post=746186"},{"taxonomy":"product_tag","embeddable":true,"href":"https:\/\/roveyayinevi.com.tr\/index.php\/wp-json\/wp\/v2\/product_tag?post=746186"}],"curies":[{"name":"wp","href":"https:\/\/api.w.org\/{rel}","templated":true}]}}