{"id":746160,"date":"2025-08-28T02:36:03","date_gmt":"2025-08-27T23:36:03","guid":{"rendered":"https:\/\/roveyayinevi.com.tr\/index.php\/urun\/kaplanin-sirtinda-ciltli\/"},"modified":"2026-04-16T02:58:33","modified_gmt":"2026-04-15T23:58:33","slug":"kaplanin-sirtinda-ciltli","status":"publish","type":"product","link":"https:\/\/roveyayinevi.com.tr\/index.php\/urun\/kaplanin-sirtinda-ciltli\/","title":{"rendered":"Kaplan\u0131n S\u0131rt\u0131nda \u2013 Ciltli"},"content":{"rendered":"<p>\u201cKaplan\u0131n S\u0131rt\u0131nda\u2019y\u0131 mutlaka okuyun.\u201d M\u00fcjdat Gezen \u201cII. Abd\u00fclhamid\u2019e \u015fablonlar\u0131n d\u0131\u015f\u0131nda bir bak\u0131\u015f&#8230;\u201d Metin Cel\u00e2l \u201cOla\u011fan\u00fcst\u00fc ve ayr\u0131ks\u0131 bir roman.\u201d Prof. Onur Bilge Kula \u201cKaplan\u0131n S\u0131rt\u0131nda ba\u015fl\u0131kl\u0131 muhte\u015fem eser\u2026\u201d \u00d6zdem Sanberk \u201cSoluk solu\u011fa okunacak ve bir yazar kurgusu olamayacak kadar m\u00fcthi\u015f g\u00fczellikte\u2026\u201d S\u0131rr\u0131 S\u00fcreyya \u00d6nder \u201c\u2018Kaplandan\u2019 inince \u2018kendini kaybeden\u2019 bir \u2018insan\u0131n\u2019 hik\u00e2yesi.\u201d Burak Soyer Tahttan indirili\u015finin \u00fczerinden bir as\u0131rdan uzun bir zaman ge\u00e7mi\u015f olan II. Abd\u00fclhamid\u2019in ya\u015fam\u0131n\u0131n en ilgin\u00e7 evresi Livaneli\u2019nin \u00e7a\u011fda\u015f anlat\u0131s\u0131yla g\u00fcn y\u00fcz\u00fcne \u00e7\u0131k\u0131yor. Devrik padi\u015fah\u0131n, ihtilalci fikirlerin filizlendi\u011fi Selanik \u015fehrindeki g\u00fcnleri hem bir vicdan muhasebesi hem de yo\u011fun bir psikolojik gelgit dalgas\u0131. T\u00fcrk edebiyat\u0131n\u0131n ku\u015fak ba\u011f\u0131 Z\u00fclf\u00fc Livaneli, II. Abd\u00fclhamid\u2019in taht\u0131n\u0131 kaybettikten sonra ya\u015fad\u0131klar\u0131na odaklan\u0131rken, okuru d\u00f6nemin atmosferine ve d\u00fc\u015f\u00fcnce yap\u0131s\u0131na yakla\u015ft\u0131ran bir dil lezzetini, ak\u0131c\u0131 \u00fcslubuyla harmanl\u0131yor. Tarih ile kurgunun i\u00e7 i\u00e7e ge\u00e7ti\u011fi bu anlat\u0131da II. Abd\u00fclhamid kaplan\u0131n s\u0131rt\u0131ndan iniyor ve t\u00fcm roman kahramanlar\u0131 gibi kendini savunmaya \u00e7al\u0131\u015f\u0131yor.<\/p>\n","protected":false},"excerpt":{"rendered":"<p>\u201cKaplan\u0131n S\u0131rt\u0131nda\u2019y\u0131 mutlaka okuyun.\u201d M\u00fcjdat Gezen \u201cII. Abd\u00fclhamid\u2019e \u015fablonlar\u0131n d\u0131\u015f\u0131nda bir bak\u0131\u015f&#8230;\u201d Metin Cel\u00e2l \u201cOla\u011fan\u00fcst\u00fc ve ayr\u0131ks\u0131 bir roman.\u201d Prof. Onur Bilge Kula \u201cKaplan\u0131n S\u0131rt\u0131nda ba\u015fl\u0131kl\u0131<span class=\"excerpt-hellip\"> [\u2026]<\/span><\/p>\n","protected":false},"featured_media":0,"template":"","meta":{"_monsterinsights_skip_tracking":false,"_monsterinsights_sitenote_active":false,"_monsterinsights_sitenote_note":"","_monsterinsights_sitenote_category":0},"product_brand":[],"product_cat":[12291,12711],"product_tag":[],"class_list":{"0":"post-746160","1":"product","2":"type-product","3":"status-publish","5":"product_cat-edebiyat","6":"product_cat-roman-oyku","7":"pa_cilt-ciltli","8":"pa_tur-kitap","9":"pa_yayinevi-inkilap-kitabevi","10":"pa_yazar-zulfu-livaneli","12":"first","13":"instock","14":"sale","15":"shipping-taxable","16":"purchasable","17":"product-type-simple"},"_links":{"self":[{"href":"https:\/\/roveyayinevi.com.tr\/index.php\/wp-json\/wp\/v2\/product\/746160","targetHints":{"allow":["GET"]}}],"collection":[{"href":"https:\/\/roveyayinevi.com.tr\/index.php\/wp-json\/wp\/v2\/product"}],"about":[{"href":"https:\/\/roveyayinevi.com.tr\/index.php\/wp-json\/wp\/v2\/types\/product"}],"wp:attachment":[{"href":"https:\/\/roveyayinevi.com.tr\/index.php\/wp-json\/wp\/v2\/media?parent=746160"}],"wp:term":[{"taxonomy":"product_brand","embeddable":true,"href":"https:\/\/roveyayinevi.com.tr\/index.php\/wp-json\/wp\/v2\/product_brand?post=746160"},{"taxonomy":"product_cat","embeddable":true,"href":"https:\/\/roveyayinevi.com.tr\/index.php\/wp-json\/wp\/v2\/product_cat?post=746160"},{"taxonomy":"product_tag","embeddable":true,"href":"https:\/\/roveyayinevi.com.tr\/index.php\/wp-json\/wp\/v2\/product_tag?post=746160"}],"curies":[{"name":"wp","href":"https:\/\/api.w.org\/{rel}","templated":true}]}}