{"id":746145,"date":"2025-08-28T02:35:43","date_gmt":"2025-08-27T23:35:43","guid":{"rendered":"https:\/\/roveyayinevi.com.tr\/index.php\/urun\/kiyisinda-durdurulamaz-zamanin\/"},"modified":"2026-04-16T02:58:32","modified_gmt":"2026-04-15T23:58:32","slug":"kiyisinda-durdurulamaz-zamanin","status":"publish","type":"product","link":"https:\/\/roveyayinevi.com.tr\/index.php\/urun\/kiyisinda-durdurulamaz-zamanin\/","title":{"rendered":"K\u0131y\u0131s\u0131nda Durdurulamaz Zaman\u0131n"},"content":{"rendered":"<p>Ben \u015fimdi orada, \u00f6tede bir ta\u015f\u0131n \u00fczerinde oturuyorum. Ben, yine ayn\u0131 ben; K\u0131y\u0131s\u0131nda durdurulamaz zaman\u0131n. Aya\u011f\u0131m\u0131 salland\u0131rm\u0131\u015f\u0131m  ak\u0131p giden zamana. Ayak parmaklar\u0131m\u0131  \u0131slat\u0131yor zaman. Benden \u00f6ncekilerin b\u0131rakt\u0131klar\u0131 yapraklar ve \u00e7i\u00e7ekler y\u00fcz\u00fcyor zaman\u0131n ak\u0131\u015f\u0131nda\u2026 <\/p>\n","protected":false},"excerpt":{"rendered":"<p>Ben \u015fimdi orada, \u00f6tede bir ta\u015f\u0131n \u00fczerinde oturuyorum. Ben, yine ayn\u0131 ben; K\u0131y\u0131s\u0131nda durdurulamaz zaman\u0131n. Aya\u011f\u0131m\u0131 salland\u0131rm\u0131\u015f\u0131m ak\u0131p giden zamana. Ayak parmaklar\u0131m\u0131 \u0131slat\u0131yor zaman. Benden \u00f6ncekilerin<span class=\"excerpt-hellip\"> [\u2026]<\/span><\/p>\n","protected":false},"featured_media":0,"template":"","meta":{"_monsterinsights_skip_tracking":false,"_monsterinsights_sitenote_active":false,"_monsterinsights_sitenote_note":"","_monsterinsights_sitenote_category":0},"product_brand":[],"product_cat":[12291,12509],"product_tag":[],"class_list":{"0":"post-746145","1":"product","2":"type-product","3":"status-publish","5":"product_cat-edebiyat","6":"product_cat-siir","7":"pa_cilt-ciltsiz","8":"pa_tur-kitap","9":"pa_yayinevi-luna-yayinlari","10":"pa_yazar-mehmet-baranaydin-yusuf-aydin","12":"first","13":"instock","14":"sale","15":"shipping-taxable","16":"purchasable","17":"product-type-simple"},"_links":{"self":[{"href":"https:\/\/roveyayinevi.com.tr\/index.php\/wp-json\/wp\/v2\/product\/746145","targetHints":{"allow":["GET"]}}],"collection":[{"href":"https:\/\/roveyayinevi.com.tr\/index.php\/wp-json\/wp\/v2\/product"}],"about":[{"href":"https:\/\/roveyayinevi.com.tr\/index.php\/wp-json\/wp\/v2\/types\/product"}],"wp:attachment":[{"href":"https:\/\/roveyayinevi.com.tr\/index.php\/wp-json\/wp\/v2\/media?parent=746145"}],"wp:term":[{"taxonomy":"product_brand","embeddable":true,"href":"https:\/\/roveyayinevi.com.tr\/index.php\/wp-json\/wp\/v2\/product_brand?post=746145"},{"taxonomy":"product_cat","embeddable":true,"href":"https:\/\/roveyayinevi.com.tr\/index.php\/wp-json\/wp\/v2\/product_cat?post=746145"},{"taxonomy":"product_tag","embeddable":true,"href":"https:\/\/roveyayinevi.com.tr\/index.php\/wp-json\/wp\/v2\/product_tag?post=746145"}],"curies":[{"name":"wp","href":"https:\/\/api.w.org\/{rel}","templated":true}]}}