{"id":746104,"date":"2025-08-28T02:34:50","date_gmt":"2025-08-27T23:34:50","guid":{"rendered":"https:\/\/roveyayinevi.com.tr\/index.php\/urun\/esir-sehrin-mahpusu\/"},"modified":"2026-04-16T02:58:28","modified_gmt":"2026-04-15T23:58:28","slug":"esir-sehrin-mahpusu","status":"publish","type":"product","link":"https:\/\/roveyayinevi.com.tr\/index.php\/urun\/esir-sehrin-mahpusu\/","title":{"rendered":"Esir \u015eehrin Mahpusu"},"content":{"rendered":"<p>\u201cB\u00fcy\u00fck tarih romanlar\u0131, bizi milletimizin ve toplumumuzun geli\u015fmesindeki belli \u00e7at\u0131\u015fma \u00e7a\u011flar\u0131n\u0131n do\u011frular\u0131nda ve ger\u00e7eklerinde yeniden ya\u015fatma g\u00fcc\u00fcn\u00fc ta\u015f\u0131yan eserlerdir.\u201d   \u0130nsan\u0131n esareti ve toplumun esareti birbiriyle ba\u011flant\u0131l\u0131, birbirinin sebep ve sonucu say\u0131lan haller midir?   \u201cEsir \u015eehir\u201d \u00fc\u00e7lemesinde Kemal Tahir, kurucu unsur olarak tarih\u00ee malzemeleri ve insan do\u011fas\u0131na dair \u015fa\u015f\u0131rt\u0131c\u0131 do\u011fruluktaki g\u00f6zlemlerini kullan\u0131r. Tarih nehrinin yo\u011fun, hareketli ve gerilimi y\u00fcksek sular\u0131nda yol al\u0131rken bireysel ger\u00e7ekli\u011fi toplumsal ger\u00e7ekli\u011fe feda etmeksizin g\u00fcndelik hayat\u0131n temel dinamiklerini soyutlar. Bu soyutlama, onu s\u0131radan insan\u0131n ya da kahraman\u0131n, bir mahpusun ya da kent soylu asilzadenin ahlaki sefalet ve asalete ayn\u0131 mesafede durdu\u011fu tedirgin edici bir ara yere s\u0131\u00e7rat\u0131r.   \u201cEsir \u015eehir\u201d \u00fc\u00e7lemesinin ikinci kitab\u0131 Esir \u015eehrin Mahpusu, Kemal Tahir\u2019in \u201cdar yer\u201d dedi\u011fi hapishanede ge\u00e7er. \u0130\u015fgal alt\u0131ndaki \u015fehrin mahpuslar\u0131; esaretin b\u00fct\u00fcn ezicili\u011fini ya\u015fam\u0131\u015f, h\u00fcrriyet duygusuyla kalbi burulan bu insanlar, d\u0131\u015far\u0131daki i\u015fgal ve esaret atmosferini anlamak i\u00e7in adeta birer laboratuvar g\u00f6revi g\u00f6r\u00fcrler.  <\/p>\n","protected":false},"excerpt":{"rendered":"<p>\u201cB\u00fcy\u00fck tarih romanlar\u0131, bizi milletimizin ve toplumumuzun geli\u015fmesindeki belli \u00e7at\u0131\u015fma \u00e7a\u011flar\u0131n\u0131n do\u011frular\u0131nda ve ger\u00e7eklerinde yeniden ya\u015fatma g\u00fcc\u00fcn\u00fc ta\u015f\u0131yan eserlerdir.\u201d \u0130nsan\u0131n esareti ve toplumun esareti birbiriyle ba\u011flant\u0131l\u0131,<span class=\"excerpt-hellip\"> [\u2026]<\/span><\/p>\n","protected":false},"featured_media":0,"template":"","meta":{"_monsterinsights_skip_tracking":false,"_monsterinsights_sitenote_active":false,"_monsterinsights_sitenote_note":"","_monsterinsights_sitenote_category":0},"product_brand":[],"product_cat":[12291,12711],"product_tag":[],"class_list":{"0":"post-746104","1":"product","2":"type-product","3":"status-publish","5":"product_cat-edebiyat","6":"product_cat-roman-oyku","7":"pa_cilt-ciltsiz","8":"pa_tur-kitap","9":"pa_yayinevi-ketebe-yayinlari","10":"pa_yazar-kemal-tahir","12":"first","13":"instock","14":"sale","15":"shipping-taxable","16":"purchasable","17":"product-type-simple"},"_links":{"self":[{"href":"https:\/\/roveyayinevi.com.tr\/index.php\/wp-json\/wp\/v2\/product\/746104","targetHints":{"allow":["GET"]}}],"collection":[{"href":"https:\/\/roveyayinevi.com.tr\/index.php\/wp-json\/wp\/v2\/product"}],"about":[{"href":"https:\/\/roveyayinevi.com.tr\/index.php\/wp-json\/wp\/v2\/types\/product"}],"wp:attachment":[{"href":"https:\/\/roveyayinevi.com.tr\/index.php\/wp-json\/wp\/v2\/media?parent=746104"}],"wp:term":[{"taxonomy":"product_brand","embeddable":true,"href":"https:\/\/roveyayinevi.com.tr\/index.php\/wp-json\/wp\/v2\/product_brand?post=746104"},{"taxonomy":"product_cat","embeddable":true,"href":"https:\/\/roveyayinevi.com.tr\/index.php\/wp-json\/wp\/v2\/product_cat?post=746104"},{"taxonomy":"product_tag","embeddable":true,"href":"https:\/\/roveyayinevi.com.tr\/index.php\/wp-json\/wp\/v2\/product_tag?post=746104"}],"curies":[{"name":"wp","href":"https:\/\/api.w.org\/{rel}","templated":true}]}}