{"id":746096,"date":"2025-08-28T02:34:37","date_gmt":"2025-08-27T23:34:37","guid":{"rendered":"https:\/\/roveyayinevi.com.tr\/index.php\/urun\/kelleci-memet\/"},"modified":"2026-04-16T02:58:28","modified_gmt":"2026-04-15T23:58:28","slug":"kelleci-memet","status":"publish","type":"product","link":"https:\/\/roveyayinevi.com.tr\/index.php\/urun\/kelleci-memet\/","title":{"rendered":"Kelleci Memet"},"content":{"rendered":"<p>\u201c\u00c7\u00fcnk\u00fc eskimek, benzeri var olanlar i\u00e7in s\u00f6z konusudur.\u201d   Her ku\u015fa\u011f\u0131n yeniden ve kendinden \u00f6ncekilerden farkl\u0131 bir bi\u00e7imde ke\u015ffetti\u011fi Kemal Tahir, benzersiz \u00fcslubu ile her daim yeni kalmay\u0131 ba\u015fard\u0131. Onun roman evreninin, dil zenginli\u011finin en k\u0131ymetli par\u00e7alar\u0131ndan biri olan Kelleci Memet ise farkl\u0131 okumalara ve yorumlara a\u00e7\u0131k olmas\u0131yla bug\u00fcn de ilk yay\u0131mland\u0131\u011f\u0131 g\u00fcnlerde g\u00f6rd\u00fc\u011f\u00fc ilgiyi koruyor. Kelleci Memet, 40\u2019l\u0131 y\u0131llar\u0131n T\u00fcrkiye dinamiklerinden ta\u015fran\u0131n koyu yaln\u0131zl\u0131\u011f\u0131na, mahpushanelerin dram y\u00fckl\u00fc avlular\u0131ndan cepheden kederle d\u00f6nmenin hat\u0131ralar\u0131na uzanan \u00e7ok katmanl\u0131 bir anlat\u0131 orman\u0131nda gezdirir okuyucusunu. Kemal Tahir\u2019in, tan\u0131mak ve anlamak i\u00e7in \u00f6mr\u00fcn\u00fc adad\u0131\u011f\u0131 Anadolu insan\u0131n\u0131n, zor zamanlardan ge\u00e7erken edindi\u011fi toplumsal deneyimin yak\u0131n tarihli bir kesiti olan bu roman, b\u00fcy\u00fck insanl\u0131k hikayesine dair de \u00e7ok \u015fey s\u00f6yler. Ma\u011fdurken ma\u011frur, kurnazken ma\u011flup, ya\u015farken \u00f6l\u00fc olman\u0131n bu \u00e7ok sesli korosu, edebiyat\u0131m\u0131z\u0131n k\u00f6\u015fe ta\u015flar\u0131ndan biri olmaya devam edecektir. <\/p>\n","protected":false},"excerpt":{"rendered":"<p>\u201c\u00c7\u00fcnk\u00fc eskimek, benzeri var olanlar i\u00e7in s\u00f6z konusudur.\u201d Her ku\u015fa\u011f\u0131n yeniden ve kendinden \u00f6ncekilerden farkl\u0131 bir bi\u00e7imde ke\u015ffetti\u011fi Kemal Tahir, benzersiz \u00fcslubu ile her daim yeni<span class=\"excerpt-hellip\"> [\u2026]<\/span><\/p>\n","protected":false},"featured_media":0,"template":"","meta":{"_monsterinsights_skip_tracking":false,"_monsterinsights_sitenote_active":false,"_monsterinsights_sitenote_note":"","_monsterinsights_sitenote_category":0},"product_brand":[],"product_cat":[12291,12711],"product_tag":[],"class_list":{"0":"post-746096","1":"product","2":"type-product","3":"status-publish","5":"product_cat-edebiyat","6":"product_cat-roman-oyku","7":"pa_cilt-ciltsiz","8":"pa_tur-kitap","9":"pa_yayinevi-ketebe-yayinlari","10":"pa_yazar-kemal-tahir","12":"first","13":"instock","14":"sale","15":"shipping-taxable","16":"purchasable","17":"product-type-simple"},"_links":{"self":[{"href":"https:\/\/roveyayinevi.com.tr\/index.php\/wp-json\/wp\/v2\/product\/746096","targetHints":{"allow":["GET"]}}],"collection":[{"href":"https:\/\/roveyayinevi.com.tr\/index.php\/wp-json\/wp\/v2\/product"}],"about":[{"href":"https:\/\/roveyayinevi.com.tr\/index.php\/wp-json\/wp\/v2\/types\/product"}],"wp:attachment":[{"href":"https:\/\/roveyayinevi.com.tr\/index.php\/wp-json\/wp\/v2\/media?parent=746096"}],"wp:term":[{"taxonomy":"product_brand","embeddable":true,"href":"https:\/\/roveyayinevi.com.tr\/index.php\/wp-json\/wp\/v2\/product_brand?post=746096"},{"taxonomy":"product_cat","embeddable":true,"href":"https:\/\/roveyayinevi.com.tr\/index.php\/wp-json\/wp\/v2\/product_cat?post=746096"},{"taxonomy":"product_tag","embeddable":true,"href":"https:\/\/roveyayinevi.com.tr\/index.php\/wp-json\/wp\/v2\/product_tag?post=746096"}],"curies":[{"name":"wp","href":"https:\/\/api.w.org\/{rel}","templated":true}]}}