{"id":746087,"date":"2025-08-28T02:34:23","date_gmt":"2025-08-27T23:34:23","guid":{"rendered":"https:\/\/roveyayinevi.com.tr\/index.php\/urun\/floransa-tarihi\/"},"modified":"2026-04-16T02:58:28","modified_gmt":"2026-04-15T23:58:28","slug":"floransa-tarihi","status":"publish","type":"product","link":"https:\/\/roveyayinevi.com.tr\/index.php\/urun\/floransa-tarihi\/","title":{"rendered":"Floransa Tarihi"},"content":{"rendered":"<p>\u00d6zelde Bat\u0131 sanat\u0131n\u0131n kalbi ve m\u00fccevher \u015fehri Floransa\u2019y\u0131 merkeze alarak \u0130talya tarihini, genelde ise sadece R\u00f6nesans\u2019\u0131n de\u011fil, d\u00fcnya tarihinin en \u00f6nemli siyaset felsefesi d\u00fc\u015f\u00fcn\u00fcrlerinden Machiavelli\u2019nin kendi d\u00f6nemine kadar \u00fclkenin siyasi atmosferini ilk elden aktarmas\u0131yla her zaman ba\u015fucu eserlerden biri olan Floransa Tarihi ilk kez tam metin olarak T\u00fcrk\u00e7ede.   Machiavelli\u2019nin \u00f6zg\u00fcnl\u00fc\u011f\u00fc Floransa\u2019y\u0131 hem i\u00e7eriden hem d\u0131\u015far\u0131dan betimlemesidir. Machiavelli\u2019nin bu eseri yazmaktaki amac\u0131 so\u011fuk bir Floransa tarihi anlat\u0131s\u0131 yaratmak de\u011fildi. O her eserinde oldu\u011fu gibi bu eserinde de salt bir konuya odaklanmam\u0131\u015ft\u0131r. Eserde rafine bir Floransa tarihi anlat\u0131s\u0131n\u0131n yan\u0131nda cumhuriyet rejimindeki aksakl\u0131klar, \u0130talya\u2019n\u0131n i\u00e7inde bulundu\u011fu bitmek bilmeyen istikrars\u0131zl\u0131k ve bu istikrars\u0131zl\u0131\u011f\u0131n sebepleri, b\u00fcy\u00fck asker\u00ee ve politik ba\u015far\u0131lar ve utan\u00e7 verici ba\u015far\u0131s\u0131zl\u0131klar, Papal\u0131k kurumunun nas\u0131l g\u00fc\u00e7lendi\u011fi ve bu g\u00fcc\u00fcn \u0130talya\u2019y\u0131 nas\u0131l karga\u015falara s\u00fcr\u00fckledi\u011fi \u00e7arp\u0131c\u0131 bir \u015fekilde anlat\u0131lm\u0131\u015ft\u0131r. \u00d6zetle eserin ad\u0131 her ne kadar Floransa Tarihi olsa da Machiavelli kendi politik d\u00fc\u015f\u00fcncelerini \u0130talya sahnesindeki durum \u00fczerinden okurlar\u0131na sunuyor. <\/p>\n","protected":false},"excerpt":{"rendered":"<p>\u00d6zelde Bat\u0131 sanat\u0131n\u0131n kalbi ve m\u00fccevher \u015fehri Floransa\u2019y\u0131 merkeze alarak \u0130talya tarihini, genelde ise sadece R\u00f6nesans\u2019\u0131n de\u011fil, d\u00fcnya tarihinin en \u00f6nemli siyaset felsefesi d\u00fc\u015f\u00fcn\u00fcrlerinden Machiavelli\u2019nin kendi<span class=\"excerpt-hellip\"> [\u2026]<\/span><\/p>\n","protected":false},"featured_media":0,"template":"","meta":{"_monsterinsights_skip_tracking":false,"_monsterinsights_sitenote_active":false,"_monsterinsights_sitenote_note":"","_monsterinsights_sitenote_category":0},"product_brand":[],"product_cat":[12312,12304],"product_tag":[],"class_list":{"0":"post-746087","1":"product","2":"type-product","3":"status-publish","5":"product_cat-diger","6":"product_cat-tarih","7":"pa_cilt-ciltsiz","8":"pa_tur-kitap","9":"pa_yayinevi-dogu-bati-yayinlari","10":"pa_yazar-niccolo-machiavelli","12":"first","13":"instock","14":"sale","15":"shipping-taxable","16":"purchasable","17":"product-type-simple"},"_links":{"self":[{"href":"https:\/\/roveyayinevi.com.tr\/index.php\/wp-json\/wp\/v2\/product\/746087","targetHints":{"allow":["GET"]}}],"collection":[{"href":"https:\/\/roveyayinevi.com.tr\/index.php\/wp-json\/wp\/v2\/product"}],"about":[{"href":"https:\/\/roveyayinevi.com.tr\/index.php\/wp-json\/wp\/v2\/types\/product"}],"wp:attachment":[{"href":"https:\/\/roveyayinevi.com.tr\/index.php\/wp-json\/wp\/v2\/media?parent=746087"}],"wp:term":[{"taxonomy":"product_brand","embeddable":true,"href":"https:\/\/roveyayinevi.com.tr\/index.php\/wp-json\/wp\/v2\/product_brand?post=746087"},{"taxonomy":"product_cat","embeddable":true,"href":"https:\/\/roveyayinevi.com.tr\/index.php\/wp-json\/wp\/v2\/product_cat?post=746087"},{"taxonomy":"product_tag","embeddable":true,"href":"https:\/\/roveyayinevi.com.tr\/index.php\/wp-json\/wp\/v2\/product_tag?post=746087"}],"curies":[{"name":"wp","href":"https:\/\/api.w.org\/{rel}","templated":true}]}}