{"id":746079,"date":"2025-08-28T02:34:11","date_gmt":"2025-08-27T23:34:11","guid":{"rendered":"https:\/\/roveyayinevi.com.tr\/index.php\/urun\/beden-egitimi-derslerinde-kullanilan-esli-calisma-uygulamalarinin-koruma-ve-bakim-altinda-kalmakta-olan-kiz-cocuklarinin-saldirg\/"},"modified":"2026-04-16T02:58:28","modified_gmt":"2026-04-15T23:58:28","slug":"beden-egitimi-derslerinde-kullanilan-esli-calisma-uygulamalarinin-koruma-ve-bakim-altinda-kalmakta-olan-kiz-cocuklarinin-saldirg","status":"publish","type":"product","link":"https:\/\/roveyayinevi.com.tr\/index.php\/urun\/beden-egitimi-derslerinde-kullanilan-esli-calisma-uygulamalarinin-koruma-ve-bakim-altinda-kalmakta-olan-kiz-cocuklarinin-saldirg\/","title":{"rendered":"Beden E\u011fitimi Derslerinde Kullan\u0131lan E\u015fli \u00c7al\u0131\u015fma Uygulamalar\u0131n\u0131n Koruma ve Bak\u0131m Alt\u0131nda Kalmakta Olan K\u0131z \u00c7ocuklar\u0131n\u0131n Sald\u0131rg"},"content":{"rendered":"<p>1.      G\u0130R\u0130\u015e VE AMA\u00c7 2.      L\u0130TERAT\u00dcR TARAMA 3.      GENEL B\u0130LG\u0130LER 4.      MATERYAL ve METOT 5.      BULGULAR 6.      TARTI\u015eMA 7.      SONU\u00c7 VE \u00d6NER\u0130LER <\/p>\n","protected":false},"excerpt":{"rendered":"<p>1. G\u0130R\u0130\u015e VE AMA\u00c7 2. L\u0130TERAT\u00dcR TARAMA 3. GENEL B\u0130LG\u0130LER 4. MATERYAL ve METOT 5. BULGULAR 6. TARTI\u015eMA 7. SONU\u00c7 VE \u00d6NER\u0130LER<\/p>\n","protected":false},"featured_media":0,"template":"","meta":{"_monsterinsights_skip_tracking":false,"_monsterinsights_sitenote_active":false,"_monsterinsights_sitenote_note":"","_monsterinsights_sitenote_category":0},"product_brand":[],"product_cat":[15563,15564],"product_tag":[],"class_list":{"0":"post-746079","1":"product","2":"type-product","3":"status-publish","5":"product_cat-hobi","6":"product_cat-spor","7":"pa_cilt-ciltsiz","8":"pa_tur-kitap","9":"pa_yayinevi-gazi-kitabevi","10":"pa_yazar-murvet-aydin-hakki-coknaz","12":"first","13":"instock","14":"sale","15":"shipping-taxable","16":"purchasable","17":"product-type-simple"},"_links":{"self":[{"href":"https:\/\/roveyayinevi.com.tr\/index.php\/wp-json\/wp\/v2\/product\/746079","targetHints":{"allow":["GET"]}}],"collection":[{"href":"https:\/\/roveyayinevi.com.tr\/index.php\/wp-json\/wp\/v2\/product"}],"about":[{"href":"https:\/\/roveyayinevi.com.tr\/index.php\/wp-json\/wp\/v2\/types\/product"}],"wp:attachment":[{"href":"https:\/\/roveyayinevi.com.tr\/index.php\/wp-json\/wp\/v2\/media?parent=746079"}],"wp:term":[{"taxonomy":"product_brand","embeddable":true,"href":"https:\/\/roveyayinevi.com.tr\/index.php\/wp-json\/wp\/v2\/product_brand?post=746079"},{"taxonomy":"product_cat","embeddable":true,"href":"https:\/\/roveyayinevi.com.tr\/index.php\/wp-json\/wp\/v2\/product_cat?post=746079"},{"taxonomy":"product_tag","embeddable":true,"href":"https:\/\/roveyayinevi.com.tr\/index.php\/wp-json\/wp\/v2\/product_tag?post=746079"}],"curies":[{"name":"wp","href":"https:\/\/api.w.org\/{rel}","templated":true}]}}