{"id":746077,"date":"2025-08-28T02:34:10","date_gmt":"2025-08-27T23:34:10","guid":{"rendered":"https:\/\/roveyayinevi.com.tr\/index.php\/urun\/multidisipliner-yaklasimla-guncel-spor-arastirmalari-iii\/"},"modified":"2026-04-16T02:58:28","modified_gmt":"2026-04-15T23:58:28","slug":"multidisipliner-yaklasimla-guncel-spor-arastirmalari-iii","status":"publish","type":"product","link":"https:\/\/roveyayinevi.com.tr\/index.php\/urun\/multidisipliner-yaklasimla-guncel-spor-arastirmalari-iii\/","title":{"rendered":"Multidisipliner Yakla\u015f\u0131mla G\u00fcncel Spor Ara\u015ft\u0131rmalar\u0131 III"},"content":{"rendered":"<p>B\u00d6L\u00dcM 1 SPORCULARDA YEN\u0130 T\u0130P KORONAV\u0130R\u00dcSE (COVID-19) YAKALANMA KAYGI D\u00dcZEYLER\u0130N\u0130N \u0130NCELENMES\u0130   B\u00d6L\u00dcM 2 SPOR T\u00dcKET\u0130C\u0130LER\u0130N\u0130N DE\u011eER ALGI D\u00dcZEYLER\u0130N\u0130N \u0130NCELENMES\u0130   B\u00d6L\u00dcM 3 GEN\u00c7L\u0130K VE SPOR \u0130L M\u00dcD\u00dcRL\u00dc\u011e\u00dcNDE \u00c7ALI\u015eAN PERSONEL\u0130N ENERJ\u0130K \u0130KL\u0130M ALGILARININ \u0130NCELENMES\u0130   B\u00d6L\u00dcM 4 KO\u015eUCULARIN SPORT\u0130F PERFORMANSINDA ETK\u0130L\u0130 OLAN ADAY GENLER: ACE, ACTN3 VE MCT1   B\u00d6L\u00dcM 5 FUTBOLDA L\u0130DERL\u0130K, K\u0130\u015e\u0130L\u0130K VE EMPAT\u0130N\u0130N B\u0130BL\u0130YOMETR\u0130K PROF\u0130L\u0130(2011-2021)   B\u00d6L\u00dcM 6 ETK\u0130L\u0130 B\u0130R \u00d6\u011eRET\u0130M Y\u00d6NTEM\u0130 OLARAK DRAMANIN BEDEN E\u011e\u0130T\u0130M\u0130 VE SPOR DERS\u0130NDE KULLANIMI: DERLEME \u00c7ALI\u015eMASI B\u00d6L\u00dcM 7 F\u0130Z\u0130KSEL AKT\u0130V\u0130TEN\u0130N B\u0130REY \u00dcZER\u0130NDEK\u0130 ETK\u0130S\u0130   B\u00d6L\u00dcM 8 BEDEN E\u011e\u0130T\u0130M\u0130 VE SPOR \u00d6\u011eRETMEN ADAYLARININ HEDON\u0130ZM DUYGU DURUMLARININ D\u0130\u011eER \u00d6\u011eRETMEN ADAYLARIYLA KAR\u015eILA\u015eTIRILMASI (BAYBURT \u00dcN\u0130VERS\u0130TE \u00d6RNE\u011e\u0130)   B\u00d6L\u00dcM 9 B\u00dcT\u00dcNLE\u015e\u0130K PAZARLAMA \u0130LET\u0130\u015e\u0130M\u0130 VE SPOR SPONSORLU\u011eU \u00d6RNEK UYGULAMALARI   B\u00d6L\u00dcM 10 FITNESS MERKEZLER\u0130NDEN ALGILANAN H\u0130ZMET KAL\u0130TES\u0130N\u0130N \u0130NCELENMES\u0130 (BAYBURT \u0130L\u0130 \u00d6RNE\u011e\u0130)   B\u00d6L\u00dcM 11 BOCCE TEMEL D\u0130S\u0130PL\u0130NLER\u0130 VE OYUN KURALLAR <\/p>\n","protected":false},"excerpt":{"rendered":"<p>B\u00d6L\u00dcM 1 SPORCULARDA YEN\u0130 T\u0130P KORONAV\u0130R\u00dcSE (COVID-19) YAKALANMA KAYGI D\u00dcZEYLER\u0130N\u0130N \u0130NCELENMES\u0130 B\u00d6L\u00dcM 2 SPOR T\u00dcKET\u0130C\u0130LER\u0130N\u0130N DE\u011eER ALGI D\u00dcZEYLER\u0130N\u0130N \u0130NCELENMES\u0130 B\u00d6L\u00dcM 3 GEN\u00c7L\u0130K VE SPOR \u0130L M\u00dcD\u00dcRL\u00dc\u011e\u00dcNDE<span class=\"excerpt-hellip\"> [\u2026]<\/span><\/p>\n","protected":false},"featured_media":0,"template":"","meta":{"_monsterinsights_skip_tracking":false,"_monsterinsights_sitenote_active":false,"_monsterinsights_sitenote_note":"","_monsterinsights_sitenote_category":0},"product_brand":[],"product_cat":[15563,15564],"product_tag":[],"class_list":{"0":"post-746077","1":"product","2":"type-product","3":"status-publish","5":"product_cat-hobi","6":"product_cat-spor","7":"pa_cilt-ciltsiz","8":"pa_tur-kitap","9":"pa_yayinevi-gazi-kitabevi","10":"pa_yazar-kolektif","12":"first","13":"instock","14":"sale","15":"shipping-taxable","16":"purchasable","17":"product-type-simple"},"_links":{"self":[{"href":"https:\/\/roveyayinevi.com.tr\/index.php\/wp-json\/wp\/v2\/product\/746077","targetHints":{"allow":["GET"]}}],"collection":[{"href":"https:\/\/roveyayinevi.com.tr\/index.php\/wp-json\/wp\/v2\/product"}],"about":[{"href":"https:\/\/roveyayinevi.com.tr\/index.php\/wp-json\/wp\/v2\/types\/product"}],"wp:attachment":[{"href":"https:\/\/roveyayinevi.com.tr\/index.php\/wp-json\/wp\/v2\/media?parent=746077"}],"wp:term":[{"taxonomy":"product_brand","embeddable":true,"href":"https:\/\/roveyayinevi.com.tr\/index.php\/wp-json\/wp\/v2\/product_brand?post=746077"},{"taxonomy":"product_cat","embeddable":true,"href":"https:\/\/roveyayinevi.com.tr\/index.php\/wp-json\/wp\/v2\/product_cat?post=746077"},{"taxonomy":"product_tag","embeddable":true,"href":"https:\/\/roveyayinevi.com.tr\/index.php\/wp-json\/wp\/v2\/product_tag?post=746077"}],"curies":[{"name":"wp","href":"https:\/\/api.w.org\/{rel}","templated":true}]}}