{"id":746072,"date":"2025-08-28T02:34:04","date_gmt":"2025-08-27T23:34:04","guid":{"rendered":"https:\/\/roveyayinevi.com.tr\/index.php\/urun\/uzaktan-calisma-devrimi\/"},"modified":"2026-04-16T02:58:27","modified_gmt":"2026-04-15T23:58:27","slug":"uzaktan-calisma-devrimi","status":"publish","type":"product","link":"https:\/\/roveyayinevi.com.tr\/index.php\/urun\/uzaktan-calisma-devrimi\/","title":{"rendered":"Uzaktan \u00c7al\u0131\u015fma Devrimi"},"content":{"rendered":"<p>Teknoloji herhangi bir yerde ve zamanda \u00e7al\u0131\u015fabilmemizi m\u00fcmk\u00fcn k\u0131l\u0131yor ancak pek \u00e7ok \u015firketin uzaktan \u00e7al\u0131\u015fmay\u0131 ciddiye almas\u0131 ve geni\u015f \u00f6l\u00e7ekte uygulamaya koymas\u0131 i\u00e7in k\u00fcresel bir pandemi gerekti. 2020 y\u0131l\u0131n\u0131n ortalar\u0131nda Avrupa \u00e7ap\u0131nda y\u00fcz milyon \u00e7al\u0131\u015fan\u0131n evden \u00e7al\u0131\u015ft\u0131\u011f\u0131 ve pek \u00e7o\u011funun bunu ilk kez yapt\u0131\u011f\u0131 tahmin ediliyor. Bu s\u00fcre zarf\u0131nda g\u00fc\u00e7l\u00fc ve tutarl\u0131 bir ses y\u00fckseldi: \u00c7al\u0131\u015fanlar gelecekte evden \u00e7al\u0131\u015fmak istiyordu. \u015eirketler buna h\u0131zla kar\u015f\u0131l\u0131k verdi ve pek \u00e7o\u011fu, \u00e7al\u0131\u015fanlar\u0131n\u0131n ofislerine d\u00f6nmeleri gerekmeyece\u011fini onaylad\u0131 \u2013 en az\u0131ndan s\u00fcrekli olarak. Peki ama:   \u2022 Uzaktan \u00e7al\u0131\u015fma, y\u00fcz y\u00fcze \u00e7al\u0131\u015fma kadar etkili mi?   \u2022 Fiziksel mesafe ayn\u0131 zamanda psikolojik mesafeye de yol a\u00e7ar m\u0131?  \u2022 Uzaktan \u00e7al\u0131\u015fan insanlar kariyerlerine yeterince ba\u011fl\u0131 de\u011fil mi?    Pratik al\u0131\u015ft\u0131rmalar ve \u00f6nemli ipu\u00e7lar\u0131yla dolu bu kitap, evden \u00e7al\u0131\u015f\u0131rken kendinizi iyi hissetmenize, nas\u0131l organize olaca\u011f\u0131n\u0131za, ofiste de\u011filken nas\u0131l yeni bir g\u00f6reve ba\u015flayaca\u011f\u0131n\u0131za ve \u00fcretken olmaya ili\u015fkin tavsiyeler i\u00e7eriyor. \u0130nsan kaynaklar\u0131 uzman\u0131 Gemma Dale ayr\u0131ca uzaktan veya evde etkili bir \u015fekilde \u00e7al\u0131\u015fmay\u0131, profesyonel ili\u015fkileri beslemeyi, performans ile \u00fcretkenli\u011fi \u00f6l\u00e7meyi ve hem olas\u0131 zorluklardan hem de kariyer tuzaklar\u0131ndan ka\u00e7\u0131nman\u0131n yollar\u0131n\u0131 anlat\u0131yor.   <\/p>\n","protected":false},"excerpt":{"rendered":"<p>Teknoloji herhangi bir yerde ve zamanda \u00e7al\u0131\u015fabilmemizi m\u00fcmk\u00fcn k\u0131l\u0131yor ancak pek \u00e7ok \u015firketin uzaktan \u00e7al\u0131\u015fmay\u0131 ciddiye almas\u0131 ve geni\u015f \u00f6l\u00e7ekte uygulamaya koymas\u0131 i\u00e7in k\u00fcresel bir pandemi<span class=\"excerpt-hellip\"> [\u2026]<\/span><\/p>\n","protected":false},"featured_media":0,"template":"","meta":{"_monsterinsights_skip_tracking":false,"_monsterinsights_sitenote_active":false,"_monsterinsights_sitenote_note":"","_monsterinsights_sitenote_category":0},"product_brand":[],"product_cat":[13043,17647],"product_tag":[],"class_list":{"0":"post-746072","1":"product","2":"type-product","3":"status-publish","5":"product_cat-ekonomi","6":"product_cat-is-dunyasi","7":"pa_cilt-ciltsiz","8":"pa_tur-kitap","9":"pa_yayinevi-nova-kitap","10":"pa_yazar-gemma-dale","12":"first","13":"instock","14":"sale","15":"shipping-taxable","16":"purchasable","17":"product-type-simple"},"_links":{"self":[{"href":"https:\/\/roveyayinevi.com.tr\/index.php\/wp-json\/wp\/v2\/product\/746072","targetHints":{"allow":["GET"]}}],"collection":[{"href":"https:\/\/roveyayinevi.com.tr\/index.php\/wp-json\/wp\/v2\/product"}],"about":[{"href":"https:\/\/roveyayinevi.com.tr\/index.php\/wp-json\/wp\/v2\/types\/product"}],"wp:attachment":[{"href":"https:\/\/roveyayinevi.com.tr\/index.php\/wp-json\/wp\/v2\/media?parent=746072"}],"wp:term":[{"taxonomy":"product_brand","embeddable":true,"href":"https:\/\/roveyayinevi.com.tr\/index.php\/wp-json\/wp\/v2\/product_brand?post=746072"},{"taxonomy":"product_cat","embeddable":true,"href":"https:\/\/roveyayinevi.com.tr\/index.php\/wp-json\/wp\/v2\/product_cat?post=746072"},{"taxonomy":"product_tag","embeddable":true,"href":"https:\/\/roveyayinevi.com.tr\/index.php\/wp-json\/wp\/v2\/product_tag?post=746072"}],"curies":[{"name":"wp","href":"https:\/\/api.w.org\/{rel}","templated":true}]}}