{"id":746058,"date":"2025-08-28T02:33:47","date_gmt":"2025-08-27T23:33:47","guid":{"rendered":"https:\/\/roveyayinevi.com.tr\/index.php\/urun\/bir-solukta-dunya-dinleri\/"},"modified":"2026-04-16T02:58:27","modified_gmt":"2026-04-15T23:58:27","slug":"bir-solukta-dunya-dinleri","status":"publish","type":"product","link":"https:\/\/roveyayinevi.com.tr\/index.php\/urun\/bir-solukta-dunya-dinleri\/","title":{"rendered":"Bir Solukta D\u00fcnya Dinleri"},"content":{"rendered":"<p>Din, t\u00fcm d\u00fcnyada milyarlarca insan\u0131n hayat\u0131nda belirleyici rol oynar ve her k\u00fclt\u00fcrde farkl\u0131 bi\u00e7imler al\u0131r. \u0130nsan\u0131n ruhsal y\u00f6n\u00fcn\u00fc daha derinden anlamak isteyen herkes i\u00e7in bir ba\u015flang\u0131\u00e7 olabilecek bu cep rehberi be\u015f b\u00fcy\u00fck dinden daha az bilinen inan\u00e7lara kadar d\u00fcnya dinlerine ilgi \u00e7ekici bir giri\u015f yaparak tarihlerini, inan\u00e7lar\u0131n\u0131 ve uygulamalar\u0131n\u0131 ke\u015ffediyor. Bu kitapta d\u00fcnya n\u00fcfusunun \u00e7ok b\u00fcy\u00fck bir kesimi taraf\u0131ndan benimsenmi\u015f inan\u00e7 sistemlerinin temel unsurlar\u0131, itikatlar\u0131 ve tarihlerinin yan\u0131 s\u0131ra \u015fa\u015f\u0131rt\u0131c\u0131 hik\u00e2yeler, renkli karakterler ve dinlerle ilgili daha geni\u015f bilgi edinmek istemenize sebep olacak \u00f6zet bilgiler bulacaks\u0131n\u0131z. <\/p>\n","protected":false},"excerpt":{"rendered":"<p>Din, t\u00fcm d\u00fcnyada milyarlarca insan\u0131n hayat\u0131nda belirleyici rol oynar ve her k\u00fclt\u00fcrde farkl\u0131 bi\u00e7imler al\u0131r. \u0130nsan\u0131n ruhsal y\u00f6n\u00fcn\u00fc daha derinden anlamak isteyen herkes i\u00e7in bir ba\u015flang\u0131\u00e7<span class=\"excerpt-hellip\"> [\u2026]<\/span><\/p>\n","protected":false},"featured_media":0,"template":"","meta":{"_monsterinsights_skip_tracking":false,"_monsterinsights_sitenote_active":false,"_monsterinsights_sitenote_note":"","_monsterinsights_sitenote_category":0},"product_brand":[],"product_cat":[12312,12304],"product_tag":[],"class_list":{"0":"post-746058","1":"product","2":"type-product","3":"status-publish","5":"product_cat-diger","6":"product_cat-tarih","7":"pa_cilt-ciltsiz","8":"pa_tur-kitap","9":"pa_yayinevi-say-yayinlari","10":"pa_yazar-ross-dickinson","12":"first","13":"instock","14":"sale","15":"shipping-taxable","16":"purchasable","17":"product-type-simple"},"_links":{"self":[{"href":"https:\/\/roveyayinevi.com.tr\/index.php\/wp-json\/wp\/v2\/product\/746058","targetHints":{"allow":["GET"]}}],"collection":[{"href":"https:\/\/roveyayinevi.com.tr\/index.php\/wp-json\/wp\/v2\/product"}],"about":[{"href":"https:\/\/roveyayinevi.com.tr\/index.php\/wp-json\/wp\/v2\/types\/product"}],"wp:attachment":[{"href":"https:\/\/roveyayinevi.com.tr\/index.php\/wp-json\/wp\/v2\/media?parent=746058"}],"wp:term":[{"taxonomy":"product_brand","embeddable":true,"href":"https:\/\/roveyayinevi.com.tr\/index.php\/wp-json\/wp\/v2\/product_brand?post=746058"},{"taxonomy":"product_cat","embeddable":true,"href":"https:\/\/roveyayinevi.com.tr\/index.php\/wp-json\/wp\/v2\/product_cat?post=746058"},{"taxonomy":"product_tag","embeddable":true,"href":"https:\/\/roveyayinevi.com.tr\/index.php\/wp-json\/wp\/v2\/product_tag?post=746058"}],"curies":[{"name":"wp","href":"https:\/\/api.w.org\/{rel}","templated":true}]}}