{"id":746053,"date":"2025-08-28T02:33:39","date_gmt":"2025-08-27T23:33:39","guid":{"rendered":"https:\/\/roveyayinevi.com.tr\/index.php\/urun\/joker-kotulerin-yili\/"},"modified":"2026-04-16T02:58:27","modified_gmt":"2026-04-15T23:58:27","slug":"joker-kotulerin-yili","status":"publish","type":"product","link":"https:\/\/roveyayinevi.com.tr\/index.php\/urun\/joker-kotulerin-yili\/","title":{"rendered":"Joker: K\u00f6t\u00fclerin Y\u0131l\u0131"},"content":{"rendered":"<p>Usta y\u00f6netmen John Carpenter\u2019dan korku dolu bir hikaye!&#8221;\u0130nsanl\u0131\u011f\u0131n k\u00f6t\u00fcl\u00fck yapmay\u0131 tek do\u011fru yol olarak g\u00f6rmeye ba\u015flad\u0131\u011f\u0131 k\u00f6t\u00fcler\u0131n y\u0131l\u0131\u2019nda, su\u00e7un palya\u00e7o prensi ne yapmal\u0131? Tabii ki k\u00f6t\u00fcl\u00fckte herkese fark atmal\u0131! Joker, eski performans\u0131na kavu\u015fmak ve d\u00fcnyaya en iyi k\u00f6t\u00fcl\u00fc\u011f\u00fcn insan\u0131 g\u00fcld\u00fcren k\u00f6t\u00fcl\u00fck oldu\u011funu kan\u0131tlamak i\u00e7in i\u015fe koyuluyor.\u201d&#8221;Arkham\u2019dan firar eden Joker, hi\u00e7 zaman kaybetmeden ortal\u0131\u011f\u0131 birbirine katar ve bu esnada biraz rol yapma oyunu oynar. Bu ser\u00fcvende ona e\u015flik etmek zorunda kalan isteksiz yard\u0131mc\u0131s\u0131 ise, ya\u015fanan onca olay\u0131n ortas\u0131nda, ak\u0131l sa\u011fl\u0131\u011f\u0131 sorunlar\u0131n\u0131n do\u011fas\u0131n\u0131 sorgulamaktad\u0131r.\u201d<\/p>\n","protected":false},"excerpt":{"rendered":"<p>Usta y\u00f6netmen John Carpenter\u2019dan korku dolu bir hikaye!&#8221;\u0130nsanl\u0131\u011f\u0131n k\u00f6t\u00fcl\u00fck yapmay\u0131 tek do\u011fru yol olarak g\u00f6rmeye ba\u015flad\u0131\u011f\u0131 k\u00f6t\u00fcler\u0131n y\u0131l\u0131\u2019nda, su\u00e7un palya\u00e7o prensi ne yapmal\u0131? Tabii ki k\u00f6t\u00fcl\u00fckte<span class=\"excerpt-hellip\"> [\u2026]<\/span><\/p>\n","protected":false},"featured_media":0,"template":"","meta":{"_monsterinsights_skip_tracking":false,"_monsterinsights_sitenote_active":false,"_monsterinsights_sitenote_note":"","_monsterinsights_sitenote_category":0},"product_brand":[],"product_cat":[12416,12291],"product_tag":[],"class_list":{"0":"post-746053","1":"product","2":"type-product","3":"status-publish","5":"product_cat-cizgi-roman","6":"product_cat-edebiyat","7":"pa_cilt-ciltsiz","8":"pa_tur-kitap","9":"pa_yayinevi-jbc-yayincilik","10":"pa_yazar-john-carpenter","12":"first","13":"instock","14":"sale","15":"shipping-taxable","16":"purchasable","17":"product-type-simple"},"_links":{"self":[{"href":"https:\/\/roveyayinevi.com.tr\/index.php\/wp-json\/wp\/v2\/product\/746053","targetHints":{"allow":["GET"]}}],"collection":[{"href":"https:\/\/roveyayinevi.com.tr\/index.php\/wp-json\/wp\/v2\/product"}],"about":[{"href":"https:\/\/roveyayinevi.com.tr\/index.php\/wp-json\/wp\/v2\/types\/product"}],"wp:attachment":[{"href":"https:\/\/roveyayinevi.com.tr\/index.php\/wp-json\/wp\/v2\/media?parent=746053"}],"wp:term":[{"taxonomy":"product_brand","embeddable":true,"href":"https:\/\/roveyayinevi.com.tr\/index.php\/wp-json\/wp\/v2\/product_brand?post=746053"},{"taxonomy":"product_cat","embeddable":true,"href":"https:\/\/roveyayinevi.com.tr\/index.php\/wp-json\/wp\/v2\/product_cat?post=746053"},{"taxonomy":"product_tag","embeddable":true,"href":"https:\/\/roveyayinevi.com.tr\/index.php\/wp-json\/wp\/v2\/product_tag?post=746053"}],"curies":[{"name":"wp","href":"https:\/\/api.w.org\/{rel}","templated":true}]}}