{"id":746051,"date":"2025-08-28T02:33:37","date_gmt":"2025-08-27T23:33:37","guid":{"rendered":"https:\/\/roveyayinevi.com.tr\/index.php\/urun\/kurt-luplup-karanliktan-korkuyor\/"},"modified":"2026-04-16T02:58:27","modified_gmt":"2026-04-15T23:58:27","slug":"kurt-luplup-karanliktan-korkuyor","status":"publish","type":"product","link":"https:\/\/roveyayinevi.com.tr\/index.php\/urun\/kurt-luplup-karanliktan-korkuyor\/","title":{"rendered":"Kurt Luplup Karanl\u0131ktan Korkuyor"},"content":{"rendered":"<p>\u201cBaba, karanl\u0131ktan korkuyorum\u2026\u201d Ormana gece \u00e7\u00f6km\u00fc\u015f, her yer kapkaranl\u0131k olmu\u015ftu. Luplup\u2019un g\u00f6z\u00fcne uyku girmiyor, t\u00fcrl\u00fc sesler duyuyor, d\u00f6n\u00fcp duruyordu. O da kalk\u0131p ormana gitti ve bir ate\u015fb\u00f6ce\u011fiyle kar\u015f\u0131la\u015ft\u0131. Ate\u015fb\u00f6ce\u011finin par\u0131lt\u0131s\u0131 minik kurdun i\u00e7ini \u00f6yle rahatlat\u0131yordu ki! <\/p>\n","protected":false},"excerpt":{"rendered":"<p>\u201cBaba, karanl\u0131ktan korkuyorum\u2026\u201d Ormana gece \u00e7\u00f6km\u00fc\u015f, her yer kapkaranl\u0131k olmu\u015ftu. Luplup\u2019un g\u00f6z\u00fcne uyku girmiyor, t\u00fcrl\u00fc sesler duyuyor, d\u00f6n\u00fcp duruyordu. O da kalk\u0131p ormana gitti ve bir<span class=\"excerpt-hellip\"> [\u2026]<\/span><\/p>\n","protected":false},"featured_media":0,"template":"","meta":{"_monsterinsights_skip_tracking":false,"_monsterinsights_sitenote_active":false,"_monsterinsights_sitenote_note":"","_monsterinsights_sitenote_category":0},"product_brand":[],"product_cat":[15192,12274],"product_tag":[],"class_list":{"0":"post-746051","1":"product","2":"type-product","3":"status-publish","5":"product_cat-1-3-yas-kitaplari","6":"product_cat-cocuk-ve-genclik-kitaplari","7":"pa_cilt-ciltli","8":"pa_tur-kitap","9":"pa_yayinevi-yapi-kredi-yayinlari","10":"pa_yazar-claire-clement","12":"first","13":"instock","14":"sale","15":"shipping-taxable","16":"purchasable","17":"product-type-simple"},"_links":{"self":[{"href":"https:\/\/roveyayinevi.com.tr\/index.php\/wp-json\/wp\/v2\/product\/746051","targetHints":{"allow":["GET"]}}],"collection":[{"href":"https:\/\/roveyayinevi.com.tr\/index.php\/wp-json\/wp\/v2\/product"}],"about":[{"href":"https:\/\/roveyayinevi.com.tr\/index.php\/wp-json\/wp\/v2\/types\/product"}],"wp:attachment":[{"href":"https:\/\/roveyayinevi.com.tr\/index.php\/wp-json\/wp\/v2\/media?parent=746051"}],"wp:term":[{"taxonomy":"product_brand","embeddable":true,"href":"https:\/\/roveyayinevi.com.tr\/index.php\/wp-json\/wp\/v2\/product_brand?post=746051"},{"taxonomy":"product_cat","embeddable":true,"href":"https:\/\/roveyayinevi.com.tr\/index.php\/wp-json\/wp\/v2\/product_cat?post=746051"},{"taxonomy":"product_tag","embeddable":true,"href":"https:\/\/roveyayinevi.com.tr\/index.php\/wp-json\/wp\/v2\/product_tag?post=746051"}],"curies":[{"name":"wp","href":"https:\/\/api.w.org\/{rel}","templated":true}]}}