{"id":746032,"date":"2025-08-28T02:33:15","date_gmt":"2025-08-27T23:33:15","guid":{"rendered":"https:\/\/roveyayinevi.com.tr\/index.php\/urun\/bir-varmis-bir-yokmus-masal-sokagi-fleksi-cilt\/"},"modified":"2025-11-21T08:37:36","modified_gmt":"2025-11-21T05:37:36","slug":"bir-varmis-bir-yokmus-masal-sokagi-fleksi-cilt","status":"publish","type":"product","link":"https:\/\/roveyayinevi.com.tr\/index.php\/urun\/bir-varmis-bir-yokmus-masal-sokagi-fleksi-cilt\/","title":{"rendered":"Bir Varm\u0131\u015f Bir Yokmu\u015f Masal Soka\u011f\u0131 (Fleksi Cilt)"},"content":{"rendered":"<p>D\u00fcnya kadar masal bu sokakta\u2026Masal Soka\u011f\u0131\u2019nda, dostlu\u011fu, karde\u015fli\u011fi, c\u00f6mertli\u011fi, d\u00fcr\u00fcstl\u00fc\u011f\u00fc, yard\u0131mseverli\u011fi ve daha pek \u00e7ok erdemi sevdiren 148 masal bulacaks\u0131n\u0131z. \u0130nci Ceren\u2019in derledi\u011fi bu birbirinden g\u00fczel masallar\u0131 Mustafa Kocaba\u015f resimledi. Masal Soka\u011f\u0131\u2019nda bol e\u011flence, \u00e7ok g\u00fclmece var. Hepinizi bekliyoruz. \u201cMasallar\u0131n en muhte\u015fem yan\u0131 hep iyi kalpli karakterlerin kazanmas\u0131, k\u00f6t\u00fc karakterlerin ise ba\u015far\u0131s\u0131zl\u0131\u011fa u\u011framas\u0131d\u0131r. Bu masallar\u0131 dinleyen \u00e7ocuklar fark\u0131nda olmadan iyili\u011fin savunucusu olurlar. Tima\u015f taraf\u0131ndan yay\u0131nlanan Masal Soka\u011f\u0131 kitab\u0131nda, \u00e7ocu\u011fun hassas kalbini ve \u00f6\u011frenmesi gereken erdem \u00f6zelliklerini bir arada buldu\u011fumu s\u00f6yleyebilirim. Bu esere eme\u011fi ge\u00e7enleri bizim k\u00fclt\u00fcr\u00fcm\u00fcz\u00fcn zengin mitolojik \u00f6\u011felerini \u00e7ocuklar\u0131m\u0131za tan\u0131tt\u0131klar\u0131 i\u00e7in de ayr\u0131ca kutlamak isterim.\u201d\u00c7ocuk Geli\u015fimi Uzman\u0131<\/p>\n","protected":false},"excerpt":{"rendered":"<p>D\u00fcnya kadar masal bu sokakta\u2026Masal Soka\u011f\u0131\u2019nda, dostlu\u011fu, karde\u015fli\u011fi, c\u00f6mertli\u011fi, d\u00fcr\u00fcstl\u00fc\u011f\u00fc, yard\u0131mseverli\u011fi ve daha pek \u00e7ok erdemi sevdiren 148 masal bulacaks\u0131n\u0131z. \u0130nci Ceren\u2019in derledi\u011fi bu birbirinden g\u00fczel<span class=\"excerpt-hellip\"> [\u2026]<\/span><\/p>\n","protected":false},"featured_media":0,"template":"","meta":{"_monsterinsights_skip_tracking":false,"_monsterinsights_sitenote_active":false,"_monsterinsights_sitenote_note":"","_monsterinsights_sitenote_category":0},"product_brand":[],"product_cat":[12274,12523],"product_tag":[],"class_list":{"0":"post-746032","1":"product","2":"type-product","3":"status-publish","5":"product_cat-cocuk-ve-genclik-kitaplari","6":"product_cat-masallar","7":"pa_cilt-ciltsiz","8":"pa_tur-kitap","9":"pa_yayinevi-timas-cocuk","10":"pa_yazar-inci-ceren","12":"first","13":"instock","14":"sale","15":"shipping-taxable","16":"purchasable","17":"product-type-simple"},"_links":{"self":[{"href":"https:\/\/roveyayinevi.com.tr\/index.php\/wp-json\/wp\/v2\/product\/746032","targetHints":{"allow":["GET"]}}],"collection":[{"href":"https:\/\/roveyayinevi.com.tr\/index.php\/wp-json\/wp\/v2\/product"}],"about":[{"href":"https:\/\/roveyayinevi.com.tr\/index.php\/wp-json\/wp\/v2\/types\/product"}],"wp:attachment":[{"href":"https:\/\/roveyayinevi.com.tr\/index.php\/wp-json\/wp\/v2\/media?parent=746032"}],"wp:term":[{"taxonomy":"product_brand","embeddable":true,"href":"https:\/\/roveyayinevi.com.tr\/index.php\/wp-json\/wp\/v2\/product_brand?post=746032"},{"taxonomy":"product_cat","embeddable":true,"href":"https:\/\/roveyayinevi.com.tr\/index.php\/wp-json\/wp\/v2\/product_cat?post=746032"},{"taxonomy":"product_tag","embeddable":true,"href":"https:\/\/roveyayinevi.com.tr\/index.php\/wp-json\/wp\/v2\/product_tag?post=746032"}],"curies":[{"name":"wp","href":"https:\/\/api.w.org\/{rel}","templated":true}]}}