{"id":746023,"date":"2025-08-28T02:32:57","date_gmt":"2025-08-27T23:32:57","guid":{"rendered":"https:\/\/roveyayinevi.com.tr\/index.php\/urun\/amerikan-ic-savasi\/"},"modified":"2026-04-16T02:58:26","modified_gmt":"2026-04-15T23:58:26","slug":"amerikan-ic-savasi","status":"publish","type":"product","link":"https:\/\/roveyayinevi.com.tr\/index.php\/urun\/amerikan-ic-savasi\/","title":{"rendered":"Amerikan \u0130\u00e7 Sava\u015f\u0131"},"content":{"rendered":"<p>Amerika Birle\u015fik Devletleri, 1860&#8217;a kadar olan tarihsel s\u00fcre\u00e7te \u00fclke ve halk i\u00e7in b\u00fcy\u00fck de\u011fi\u015fikliklere tan\u0131k oldu. Teknoloji, topraklar\u0131n y\u00fcz\u00f6l\u00e7\u00fcm\u00fc, n\u00fcfus ve ulusal zenginlik her ge\u00e7en g\u00fcn art\u0131yordu. T\u00fcm bunlara ra\u011fmen Amerikan Ba\u011f\u0131ms\u0131zl\u0131k Sava\u015f\u0131\u2019n\u0131n cevaplayamad\u0131\u011f\u0131 iki temel soru vard\u0131: \u0130nsanlar\u0131n e\u015fit \u00f6zg\u00fcrl\u00fck hakk\u0131yla yarat\u0131ld\u0131\u011f\u0131 kabul\u00fc ile do\u011fan Amerikan ulusu, d\u00fcnyan\u0131n k\u00f6le n\u00fcfusu en fazla olan \u00fclkesi olarak varl\u0131\u011f\u0131n\u0131 s\u00fcrd\u00fcrebilecek miydi? Amerika Birle\u015fik Devletleri her an \u00e7\u00f6z\u00fclebilecek bir konfederasyonu mu yoksa ulusal h\u00fck\u00fbmeti olan b\u00f6l\u00fcnmez bir b\u00fct\u00fcn m\u00fcyd\u00fc?  \u0130\u00e7 Sava\u015f\u2019ta \u00f6len Amerikan askeri say\u0131s\u0131, Amerika\u2019n\u0131n ge\u00e7mi\u015ften g\u00fcn\u00fcm\u00fcze di\u011fer b\u00fct\u00fcn sava\u015flarda kaybetti\u011fi asker say\u0131s\u0131na e\u015fittir. Milyarlarca dolara m\u00e2l olan sava\u015f nefret ve ho\u015fg\u00f6r\u00fcs\u00fczl\u00fc\u011f\u00fc ortadan kald\u0131rmak yerine daha da beslemi\u015ftir. K\u00f6lelik kald\u0131r\u0131lm\u0131\u015f fakat temelde \u0131rk ayr\u0131mc\u0131l\u0131\u011f\u0131n\u0131 yasalla\u015ft\u0131ran bildiriler yay\u0131nlanm\u0131\u015ft\u0131r. Sonu\u00e7 olarak Amerikal\u0131lar\u0131n e\u015fitlik m\u00fccadelesi h\u00e2l\u00e2 devam etmektedir. \u0130lkin Ba\u015far \u00d6zal, I. ve II. D\u00fcnya Sava\u015flar\u0131na pek \u00e7ok miras b\u0131rakan Amerikan \u0130\u00e7 Sava\u015f\u0131\u2019n\u0131 analiz ediyor. Yakla\u015f\u0131k 40 y\u0131ll\u0131k bir birikimle yay\u0131na haz\u0131rlanan bu kitapta sava\u015fa neden olan siyasi geli\u015fmeler, iki taraf\u0131n anla\u015fmazl\u0131klar\u0131, Konfederasyon\u2019un geli\u015fimi, seferberlik s\u00fcreci, ordular\u0131n kurulu\u015fu, asker\u00ee e\u011fitimler, sava\u015f s\u0131ras\u0131nda kara ve denizde ya\u015fananlar, zorunlu askerlik hizmeti, Amerika\u2019n\u0131n kay\u0131plar\u0131 ve kazan\u00e7lar\u0131 titizlikle ele al\u0131n\u0131yor. <\/p>\n","protected":false},"excerpt":{"rendered":"<p>Amerika Birle\u015fik Devletleri, 1860&#8217;a kadar olan tarihsel s\u00fcre\u00e7te \u00fclke ve halk i\u00e7in b\u00fcy\u00fck de\u011fi\u015fikliklere tan\u0131k oldu. Teknoloji, topraklar\u0131n y\u00fcz\u00f6l\u00e7\u00fcm\u00fc, n\u00fcfus ve ulusal zenginlik her ge\u00e7en g\u00fcn<span class=\"excerpt-hellip\"> [\u2026]<\/span><\/p>\n","protected":false},"featured_media":0,"template":"","meta":{"_monsterinsights_skip_tracking":false,"_monsterinsights_sitenote_active":false,"_monsterinsights_sitenote_note":"","_monsterinsights_sitenote_category":0},"product_brand":[],"product_cat":[12305,12304],"product_tag":[],"class_list":{"0":"post-746023","1":"product","2":"type-product","3":"status-publish","5":"product_cat-dunya-tarihi","6":"product_cat-tarih","7":"pa_cilt-ciltsiz","8":"pa_tur-kitap","9":"pa_yayinevi-timas-yayinlari","10":"pa_yazar-ilkin-basar-ozal","12":"first","13":"instock","14":"sale","15":"shipping-taxable","16":"purchasable","17":"product-type-simple"},"_links":{"self":[{"href":"https:\/\/roveyayinevi.com.tr\/index.php\/wp-json\/wp\/v2\/product\/746023","targetHints":{"allow":["GET"]}}],"collection":[{"href":"https:\/\/roveyayinevi.com.tr\/index.php\/wp-json\/wp\/v2\/product"}],"about":[{"href":"https:\/\/roveyayinevi.com.tr\/index.php\/wp-json\/wp\/v2\/types\/product"}],"wp:attachment":[{"href":"https:\/\/roveyayinevi.com.tr\/index.php\/wp-json\/wp\/v2\/media?parent=746023"}],"wp:term":[{"taxonomy":"product_brand","embeddable":true,"href":"https:\/\/roveyayinevi.com.tr\/index.php\/wp-json\/wp\/v2\/product_brand?post=746023"},{"taxonomy":"product_cat","embeddable":true,"href":"https:\/\/roveyayinevi.com.tr\/index.php\/wp-json\/wp\/v2\/product_cat?post=746023"},{"taxonomy":"product_tag","embeddable":true,"href":"https:\/\/roveyayinevi.com.tr\/index.php\/wp-json\/wp\/v2\/product_tag?post=746023"}],"curies":[{"name":"wp","href":"https:\/\/api.w.org\/{rel}","templated":true}]}}