{"id":746021,"date":"2025-08-28T02:32:55","date_gmt":"2025-08-27T23:32:55","guid":{"rendered":"https:\/\/roveyayinevi.com.tr\/index.php\/urun\/cinin-tuhaf-canavarlari\/"},"modified":"2026-04-03T03:01:17","modified_gmt":"2026-04-03T00:01:17","slug":"cinin-tuhaf-canavarlari","status":"publish","type":"product","link":"https:\/\/roveyayinevi.com.tr\/index.php\/urun\/cinin-tuhaf-canavarlari\/","title":{"rendered":"\u00c7in&#8217;in Tuhaf Canavarlar\u0131"},"content":{"rendered":"<p>Ge\u00e7mi\u015fi binlerce y\u0131l \u00f6ncesine dayanan, gizemlerle dolu, hayali \u00c7in \u015fehri Yongan\u2019da insanlarla canavarlar evvelden beri bir arada ya\u015famakta, \u0131rklar\u0131 birbirine kar\u0131\u015fmaktad\u0131r. Gen\u00e7 bir zooloji \u00f6\u011frencisi, etraf\u0131ndan ve aile b\u00fcy\u00fcklerinden duyageldi\u011fi canavar \u00f6yk\u00fclerini bir roman i\u00e7inde derlemeye karar verir. Bunun i\u00e7in toplayabildi\u011fi kadar hik\u00e2ye toplamal\u0131, m\u00fcmk\u00fcn oldu\u011funca \u00e7ok canavar tan\u0131y\u0131p do\u011falar\u0131n\u0131 g\u00f6zlemlemelidir. Ne\u015feli Canavarlar, Kederli Canavarlar, Kurbanl\u0131k Canavarlar, G\u00f6rkemli Canavarlar bunlar\u0131n ba\u015f\u0131nda gelir. Yongan\u2019\u0131n canavarlar\u0131, insanl\u0131\u011f\u0131n i\u00e7indeki k\u00f6t\u00fcl\u00fc\u011f\u00fcn temsilcisi oldu\u011fu kadar yard\u0131mseverlikleri, do\u011faya kar\u015f\u0131 merhametli ve koruyucu tabiatlar\u0131yla insanlardan daha \u201ciyi\u201d olabileceklerini de g\u00f6sterir. \u0130nsan\u0131n \u201ckendi\u201dyle \u201c\u00f6teki\u201d aras\u0131na \u00e7izdi\u011fi s\u0131n\u0131r\u0131 sorgulayan \u00c7in\u2019in Tuhaf Canavarlar\u0131 sosyal, k\u00fclt\u00fcrel, hiyerar\u015fik, ideolojik pek \u00e7ok d\u00fczlemde bu ili\u015fkiye ayna tutuyor. 2021\u2019in \u00d6ne \u00c7\u0131kan Kitaplar\u0131 \u2014The New York Times2021\u2019in En \u0130yi Fantastik, Bilim Kurgu ve Korku Kitaplar\u0131 \u2014The Washington Post \u201cMelankolik ger\u00e7ek\u00fcst\u00fcc\u00fcl\u00fckle tan\u0131mlanan, yaln\u0131zl\u0131k ve varolu\u015fsal sorulara odaklanan bu romana bay\u0131ld\u0131m. Hem bug\u00fcne dair hem de zamans\u0131z.\u201d \u2014Sharlene Teo\u201cPostmodern bir fantastik masal dizisi gibi g\u00f6r\u00fcnen \u015fey, Yan Ge\u2019nin kalemiyle beklenmedik bir \u015feye d\u00f6n\u00fc\u015f\u00fcyor: G\u00fcndelik varolu\u015fun vah\u015fi g\u00fczelli\u011fi \u00fczerine bir d\u00fc\u015f\u00fcnme bi\u00e7imi, benlik ve \u00f6tesindeki d\u00fcnya aras\u0131ndaki k\u0131r\u0131lgan s\u0131n\u0131rlar\u0131n anlat\u0131s\u0131.\u201d \u2014Anahit Behrooz\u201cEn iyisinden bir b\u00fcy\u00fcl\u00fc ger\u00e7ek\u00e7ilik \u00f6rne\u011fi; muhte\u015fem olan\u0131, bu e\u011flenceli ve ak\u0131lalmaz hik\u00e2ye d\u00fcnyada ya da her nerede ge\u00e7iyorsa orada temellendirmeye yetecek ironiye sahip.\u201d \u2014The Wall Street Journal\u201cYan Ge\u2019nin hik\u00e2ye anlat\u0131m\u0131n\u0131n genel etkisi r\u00fcya gibi, hipnotik, bazen belirsiz ama her zaman b\u00fcy\u00fcleyici. Bu gizemli, iyi i\u015flenmi\u015f hik\u00e2yeler \u00fczerine konu\u015fulacak \u00e7ok \u015fey var.\u201d \u2014Publishers Weekly\u201cDokunakl\u0131 ve b\u00fcy\u00fcleyici, \u00c7in\u2019in Tuhaf Canavarlar\u0131 \u015fa\u015f\u0131rt\u0131c\u0131 derecede canl\u0131 ve rahats\u0131z edici. Yan Ge\u2019nin cesur hayal g\u00fcc\u00fcne, sonsuz derinli\u011fine ve felsefi a\u011f\u0131rl\u0131\u011f\u0131na hayran\u0131m. Bu kitab\u0131n her sayfas\u0131 muhte\u015fem.\u201d \u2014K-Ming Chang\u201cYan Ge\u2019nin kitab\u0131 canavarlar\u0131n, Jorge Luis Borges veya Italo Calvino\u2019nun etraf\u0131nda toplanm\u0131\u015f ger\u00e7ek\u00fcst\u00fc vinyetlerin bir se\u00e7kisi olsayd\u0131, muhtemelen yeterince ikna edici olurdu&#8230; Bir b\u00fct\u00fcn olarak roman, canl\u0131 sahnelerin daimi bir tehlike duygusuyla \u00f6rt\u00fc\u015ft\u00fc\u011f\u00fc anlarla dolu.\u201d \u2014tor.com<\/p>\n","protected":false},"excerpt":{"rendered":"<p>Ge\u00e7mi\u015fi binlerce y\u0131l \u00f6ncesine dayanan, gizemlerle dolu, hayali \u00c7in \u015fehri Yongan\u2019da insanlarla canavarlar evvelden beri bir arada ya\u015famakta, \u0131rklar\u0131 birbirine kar\u0131\u015fmaktad\u0131r. Gen\u00e7 bir zooloji \u00f6\u011frencisi, etraf\u0131ndan<span class=\"excerpt-hellip\"> [\u2026]<\/span><\/p>\n","protected":false},"featured_media":0,"template":"","meta":{"_monsterinsights_skip_tracking":false,"_monsterinsights_sitenote_active":false,"_monsterinsights_sitenote_note":"","_monsterinsights_sitenote_category":0},"product_brand":[],"product_cat":[12291,12711],"product_tag":[],"class_list":{"0":"post-746021","1":"product","2":"type-product","3":"status-publish","5":"product_cat-edebiyat","6":"product_cat-roman-oyku","7":"pa_cilt-ciltsiz","8":"pa_tur-kitap","9":"pa_yayinevi-timas-yayinlari","10":"pa_yazar-yan-ge","12":"first","13":"instock","14":"sale","15":"shipping-taxable","16":"purchasable","17":"product-type-simple"},"_links":{"self":[{"href":"https:\/\/roveyayinevi.com.tr\/index.php\/wp-json\/wp\/v2\/product\/746021","targetHints":{"allow":["GET"]}}],"collection":[{"href":"https:\/\/roveyayinevi.com.tr\/index.php\/wp-json\/wp\/v2\/product"}],"about":[{"href":"https:\/\/roveyayinevi.com.tr\/index.php\/wp-json\/wp\/v2\/types\/product"}],"wp:attachment":[{"href":"https:\/\/roveyayinevi.com.tr\/index.php\/wp-json\/wp\/v2\/media?parent=746021"}],"wp:term":[{"taxonomy":"product_brand","embeddable":true,"href":"https:\/\/roveyayinevi.com.tr\/index.php\/wp-json\/wp\/v2\/product_brand?post=746021"},{"taxonomy":"product_cat","embeddable":true,"href":"https:\/\/roveyayinevi.com.tr\/index.php\/wp-json\/wp\/v2\/product_cat?post=746021"},{"taxonomy":"product_tag","embeddable":true,"href":"https:\/\/roveyayinevi.com.tr\/index.php\/wp-json\/wp\/v2\/product_tag?post=746021"}],"curies":[{"name":"wp","href":"https:\/\/api.w.org\/{rel}","templated":true}]}}