{"id":746014,"date":"2025-08-28T02:32:47","date_gmt":"2025-08-27T23:32:47","guid":{"rendered":"https:\/\/roveyayinevi.com.tr\/index.php\/urun\/gecmisten-gunumuze-turkiyede-kamu-yonetiminin-sozlu-tarihi\/"},"modified":"2026-04-16T02:58:26","modified_gmt":"2026-04-15T23:58:26","slug":"gecmisten-gunumuze-turkiyede-kamu-yonetiminin-sozlu-tarihi","status":"publish","type":"product","link":"https:\/\/roveyayinevi.com.tr\/index.php\/urun\/gecmisten-gunumuze-turkiyede-kamu-yonetiminin-sozlu-tarihi\/","title":{"rendered":"Ge\u00e7mi\u015ften G\u00fcn\u00fcm\u00fcze T\u00fcrkiye&#8217;de Kamu Y\u00f6netiminin S\u00f6zl\u00fc Tarihi"},"content":{"rendered":"<p>Ge\u00e7mi\u015ften G\u00fcn\u00fcm\u00fcze T\u00fcrkiye&#8217;de Kamu Y\u00f6netiminin S\u00f6zl\u00fc Tarihi Bu kitap, kamu y\u00f6netimi alan\u0131n\u0131n kurumsal haf\u0131zas\u0131n\u0131n derlenerek kurumsalla\u015fma s\u00fcrecinin ortaya \u00e7\u0131kar\u0131lmas\u0131 amac\u0131yla haz\u0131rlanm\u0131\u015ft\u0131r. Bu ama\u00e7 do\u011frultusunda kamu y\u00f6netimi disiplininin on duayen hocas\u0131yla m\u00fclakatlar ger\u00e7ekle\u015ftirilmi\u015f ve \u00e7\u00f6z\u00fcmlenmi\u015ftir. Ger\u00e7ekle\u015fen m\u00fclakatlarda bireysel tecr\u00fcbelerden kurumsal tecr\u00fcbelere geni\u015f bir yelpazede s\u00fcre\u00e7ler ele al\u0131nm\u0131\u015ft\u0131r. Bu m\u00fclakatlarda kamu y\u00f6netimi disiplininin birbirinden de\u011ferli hocalar\u0131na bu alan\u0131n\u0131n ge\u00e7mi\u015fi, ge\u00e7mi\u015ften bug\u00fcne ge\u00e7irdi\u011fi de\u011fi\u015fim, alan\u0131n bug\u00fcn\u00fc ve muhtemel gelece\u011fi hakk\u0131nda sorular y\u00f6nlendirilmi\u015f ve hayat hikayeleri \u00fczerinden kurumsal tarihler de\u011ferlendirilmi\u015ftir. Ayr\u0131ca ger\u00e7ekle\u015ftirilen iki de\u011ferlendirme oturumu da kitap i\u00e7in metinle\u015ftirilmi\u015f, haz\u0131rlanan giri\u015f ve sonu\u00e7 b\u00f6l\u00fcmleriyle m\u00fclakatlar aras\u0131nda ba\u011flant\u0131lar analiz edilmi\u015f ve \u00e7\u0131kar\u0131mlar okuyucuya sunulmu\u015ftur.Kamu y\u00f6netimi alan\u0131nda bir ilk olan bu s\u00f6zl\u00fc tarih seminer serisi dijital ortama da aktar\u0131lm\u0131\u015f ve kitap i\u00e7erisinde karekodlar arac\u0131l\u0131\u011f\u0131yla birincil g\u00f6r\u00fc\u015fmelere do\u011frudan eri\u015fim imk\u00e2n\u0131 sa\u011flanm\u0131\u015ft\u0131r. S\u00f6zl\u00fc tarih \u00e7al\u0131\u015fmas\u0131nda payla\u015f\u0131lan bilgi ve deneyimler ile y\u00f6netim ve y\u00f6neticilik tecr\u00fcbeleri, kamu y\u00f6netimi akademisyenleri ve kamu y\u00f6netimi disiplininin her ya\u015ftan \u00f6\u011frencileri kadar kamu y\u00f6neticileri i\u00e7in de e\u015fsiz bir kaynak olu\u015fturmaktad\u0131r. <\/p>\n","protected":false},"excerpt":{"rendered":"<p>Ge\u00e7mi\u015ften G\u00fcn\u00fcm\u00fcze T\u00fcrkiye&#8217;de Kamu Y\u00f6netiminin S\u00f6zl\u00fc Tarihi Bu kitap, kamu y\u00f6netimi alan\u0131n\u0131n kurumsal haf\u0131zas\u0131n\u0131n derlenerek kurumsalla\u015fma s\u00fcrecinin ortaya \u00e7\u0131kar\u0131lmas\u0131 amac\u0131yla haz\u0131rlanm\u0131\u015ft\u0131r. Bu ama\u00e7 do\u011frultusunda kamu y\u00f6netimi<span class=\"excerpt-hellip\"> [\u2026]<\/span><\/p>\n","protected":false},"featured_media":0,"template":"","meta":{"_monsterinsights_skip_tracking":false,"_monsterinsights_sitenote_active":false,"_monsterinsights_sitenote_note":"","_monsterinsights_sitenote_category":0},"product_brand":[],"product_cat":[13043,19008],"product_tag":[],"class_list":{"0":"post-746014","1":"product","2":"type-product","3":"status-publish","5":"product_cat-ekonomi","6":"product_cat-yonetim","7":"pa_cilt-ciltsiz","8":"pa_tur-kitap","9":"pa_yayinevi-tiav","10":"pa_yazar-kolektif","12":"first","13":"instock","14":"sale","15":"shipping-taxable","16":"purchasable","17":"product-type-simple"},"_links":{"self":[{"href":"https:\/\/roveyayinevi.com.tr\/index.php\/wp-json\/wp\/v2\/product\/746014","targetHints":{"allow":["GET"]}}],"collection":[{"href":"https:\/\/roveyayinevi.com.tr\/index.php\/wp-json\/wp\/v2\/product"}],"about":[{"href":"https:\/\/roveyayinevi.com.tr\/index.php\/wp-json\/wp\/v2\/types\/product"}],"wp:attachment":[{"href":"https:\/\/roveyayinevi.com.tr\/index.php\/wp-json\/wp\/v2\/media?parent=746014"}],"wp:term":[{"taxonomy":"product_brand","embeddable":true,"href":"https:\/\/roveyayinevi.com.tr\/index.php\/wp-json\/wp\/v2\/product_brand?post=746014"},{"taxonomy":"product_cat","embeddable":true,"href":"https:\/\/roveyayinevi.com.tr\/index.php\/wp-json\/wp\/v2\/product_cat?post=746014"},{"taxonomy":"product_tag","embeddable":true,"href":"https:\/\/roveyayinevi.com.tr\/index.php\/wp-json\/wp\/v2\/product_tag?post=746014"}],"curies":[{"name":"wp","href":"https:\/\/api.w.org\/{rel}","templated":true}]}}