{"id":746009,"date":"2025-08-28T02:32:41","date_gmt":"2025-08-27T23:32:41","guid":{"rendered":"https:\/\/roveyayinevi.com.tr\/index.php\/urun\/kusaklar-arasi\/"},"modified":"2025-11-13T08:33:36","modified_gmt":"2025-11-13T05:33:36","slug":"kusaklar-arasi","status":"publish","type":"product","link":"https:\/\/roveyayinevi.com.tr\/index.php\/urun\/kusaklar-arasi\/","title":{"rendered":"Ku\u015faklar Aras\u0131"},"content":{"rendered":"<p>Y\u0131llar\u0131n gazetecisi, siyaset\u00e7isi Altan \u00d6ymen ile gen\u00e7 meslekta\u015f\u0131 Atahan \u00dcnal, pandemi d\u00f6neminde bir s\u00f6yle\u015fi ger\u00e7ekle\u015ftirdiler. Altan \u00d6ymen\u2019in deyimiyle \u201cPTT Ku\u015fa\u011f\u0131\u201d ile \u201cXYZ Ku\u015fa\u011f\u0131\u201d aras\u0131ndaki s\u00f6yle\u015filerde, T\u00fcrkiye\u2019nin hallerini masaya yat\u0131rd\u0131lar. Ve ortaya Ku\u015faklar Aras\u0131 \u00e7\u0131kt\u0131.   Siyaset bilimi \u00f6\u011frencisi ve \u00e7i\u00e7e\u011fi burnunda bir gazeteci olan Atahan \u00dcnal kendi ku\u015fa\u011f\u0131n\u0131n merak ettiklerini soruyor, Altan \u00d6ymen de \u0130kinci D\u00fcnya Sava\u015f\u0131 y\u0131llar\u0131nda bah\u00e7ede \u201csava\u015f\u00e7\u0131l\u0131k\u201d oynayan \u00e7ocuklar\u0131n, 50\u2019lerde demokrasi i\u00e7in sokaklara d\u00f6k\u00fcld\u00fc\u011f\u00fc, 60\u2019larda demokratik bir T\u00fcrkiye i\u00e7in m\u00fccadele etti\u011fi, 70\u2019lerde ba\u011f\u0131ms\u0131zl\u0131k ve kalk\u0131nman\u0131n sava\u015f\u0131n\u0131 verdi\u011fi, \u00e7alkant\u0131lar, darbeler, siyasi ve ekonomik krizlerle d\u00fc\u015fe kalka bug\u00fcnlere geldi\u011fi bir toplumun hik\u00e2yesini anlat\u0131yor.   Unuttu\u011fumuz T\u00fcrkiye tarihini, an\u0131larda kalm\u0131\u015f g\u00fcndelik hayat\u0131, eskinin de\u011ferlerini hat\u0131rlay\u0131p sahip oldu\u011fumuz de\u011ferlerin fark\u0131na varmam\u0131z\u0131 sa\u011fl\u0131yor.   Ge\u00e7mi\u015fe s\u0131k\u0131\u015f\u0131p kalm\u0131\u015f de\u011fil, onu bir s\u00fcreklili\u011fe d\u00f6n\u00fc\u015ft\u00fcr\u00fcp gelece\u011fe ta\u015f\u0131yan, birikimini hep en gen\u00e7lere devretmeye haz\u0131r bir bilgeli\u011fin s\u00f6zleri bu kitapta anlat\u0131lanlar.   <\/p>\n","protected":false},"excerpt":{"rendered":"<p>Y\u0131llar\u0131n gazetecisi, siyaset\u00e7isi Altan \u00d6ymen ile gen\u00e7 meslekta\u015f\u0131 Atahan \u00dcnal, pandemi d\u00f6neminde bir s\u00f6yle\u015fi ger\u00e7ekle\u015ftirdiler. Altan \u00d6ymen\u2019in deyimiyle \u201cPTT Ku\u015fa\u011f\u0131\u201d ile \u201cXYZ Ku\u015fa\u011f\u0131\u201d aras\u0131ndaki s\u00f6yle\u015filerde, T\u00fcrkiye\u2019nin<span class=\"excerpt-hellip\"> [\u2026]<\/span><\/p>\n","protected":false},"featured_media":0,"template":"","meta":{"_monsterinsights_skip_tracking":false,"_monsterinsights_sitenote_active":false,"_monsterinsights_sitenote_note":"","_monsterinsights_sitenote_category":0},"product_brand":[],"product_cat":[12291,30969],"product_tag":[],"class_list":{"0":"post-746009","1":"product","2":"type-product","3":"status-publish","5":"product_cat-edebiyat","6":"product_cat-soylesi-edebiyat","7":"pa_cilt-ciltsiz","8":"pa_tur-kitap","9":"pa_yayinevi-dogan-kitap","10":"pa_yazar-altan-oymen","12":"first","13":"instock","14":"sale","15":"shipping-taxable","16":"purchasable","17":"product-type-simple"},"_links":{"self":[{"href":"https:\/\/roveyayinevi.com.tr\/index.php\/wp-json\/wp\/v2\/product\/746009","targetHints":{"allow":["GET"]}}],"collection":[{"href":"https:\/\/roveyayinevi.com.tr\/index.php\/wp-json\/wp\/v2\/product"}],"about":[{"href":"https:\/\/roveyayinevi.com.tr\/index.php\/wp-json\/wp\/v2\/types\/product"}],"wp:attachment":[{"href":"https:\/\/roveyayinevi.com.tr\/index.php\/wp-json\/wp\/v2\/media?parent=746009"}],"wp:term":[{"taxonomy":"product_brand","embeddable":true,"href":"https:\/\/roveyayinevi.com.tr\/index.php\/wp-json\/wp\/v2\/product_brand?post=746009"},{"taxonomy":"product_cat","embeddable":true,"href":"https:\/\/roveyayinevi.com.tr\/index.php\/wp-json\/wp\/v2\/product_cat?post=746009"},{"taxonomy":"product_tag","embeddable":true,"href":"https:\/\/roveyayinevi.com.tr\/index.php\/wp-json\/wp\/v2\/product_tag?post=746009"}],"curies":[{"name":"wp","href":"https:\/\/api.w.org\/{rel}","templated":true}]}}