{"id":746006,"date":"2025-08-28T02:32:37","date_gmt":"2025-08-27T23:32:37","guid":{"rendered":"https:\/\/roveyayinevi.com.tr\/index.php\/urun\/gozcu-kulesinde\/"},"modified":"2026-04-16T02:58:26","modified_gmt":"2026-04-15T23:58:26","slug":"gozcu-kulesinde","status":"publish","type":"product","link":"https:\/\/roveyayinevi.com.tr\/index.php\/urun\/gozcu-kulesinde\/","title":{"rendered":"G\u00f6zc\u00fc Kulesinde"},"content":{"rendered":"<p>Periler \u015fehri Konstantiniyye b\u00fcy\u00fcl\u00fc bir orman\u0131n istilas\u0131 alt\u0131nda. \u015eehri ele ge\u00e7iren a\u011fa\u00e7lar\u0131n bir lanet mi, yoksa \u00e7ok daha b\u00fcy\u00fck bir gizemin habercisi mi oldu\u011funu hen\u00fcz kimse bilmiyor. Buna kar\u015f\u0131n hayat, pastac\u0131 gulyabanilerin, casusluk yapan ejderhalar\u0131n, irili ufakl\u0131 bir\u00e7ok b\u00fcy\u00fcl\u00fc yarat\u0131\u011f\u0131n ya\u015fad\u0131\u011f\u0131 eski mahallelerde, al\u0131\u015f\u0131ld\u0131k seyrinde akmaya devam ediyor. Oysa Konstantiniyye\u2019yi bekleyen tehlikenin fark\u0131nda olanlar da var. Peri masal\u0131 yazarlar\u0131ndan Ekaterina Pleizade bunlardan biri. \u00c7ocuklar\u0131 Sinan, Simya, Arat ve \u00c7ay ise, kay\u0131p bir g\u00f6zc\u00fc kulesinin, bir yemek kitab\u0131nda sakl\u0131 b\u00fcy\u00fclerin, bilinmedik ge\u00e7itler a\u00e7an bir foto\u011fraf makinesinin ipu\u00e7lar\u0131 e\u015fli\u011finde, bu kadim \u015fehrin hik\u00e2yesinde \u00f6nemli bir rol \u00fcstlenmek \u00fczereler.       Tarihi ve bug\u00fcn\u00fc gizemli \u00f6yk\u00fclerle yeniden kurgulayan Del\u00e2l Arya, \u0130stanbul\u2019un hi\u00e7 anlat\u0131lmam\u0131\u015f bir zaman\u0131na gidiyor ve periler \u015fehri Konstantiniyye\u2019nin kap\u0131lar\u0131n\u0131 a\u00e7\u0131yor! S\u0131rlar\u0131n ve sakl\u0131 efsanelerin pe\u015finde ko\u015fan on bir ya\u015f\u0131ndaki \u00c7ay ve di\u011fer Pleizade \u00e7ocuklar\u0131yla, \u015fehri tehdit eden karanl\u0131\u011fa kar\u015f\u0131 nefes nefese bir macera ba\u015fl\u0131yor.   <\/p>\n","protected":false},"excerpt":{"rendered":"<p>Periler \u015fehri Konstantiniyye b\u00fcy\u00fcl\u00fc bir orman\u0131n istilas\u0131 alt\u0131nda. \u015eehri ele ge\u00e7iren a\u011fa\u00e7lar\u0131n bir lanet mi, yoksa \u00e7ok daha b\u00fcy\u00fck bir gizemin habercisi mi oldu\u011funu hen\u00fcz kimse<span class=\"excerpt-hellip\"> [\u2026]<\/span><\/p>\n","protected":false},"featured_media":0,"template":"","meta":{"_monsterinsights_skip_tracking":false,"_monsterinsights_sitenote_active":false,"_monsterinsights_sitenote_note":"","_monsterinsights_sitenote_category":0},"product_brand":[],"product_cat":[12689,12274],"product_tag":[],"class_list":{"0":"post-746006","1":"product","2":"type-product","3":"status-publish","5":"product_cat-cizgi-roman-cocuk-ve-genclik-kitaplari","6":"product_cat-cocuk-ve-genclik-kitaplari","7":"pa_cilt-ciltsiz","8":"pa_tur-kitap","9":"pa_yayinevi-can-cocuk-yayinlari","10":"pa_yazar-delal-arya","12":"first","13":"instock","14":"sale","15":"shipping-taxable","16":"purchasable","17":"product-type-simple"},"_links":{"self":[{"href":"https:\/\/roveyayinevi.com.tr\/index.php\/wp-json\/wp\/v2\/product\/746006","targetHints":{"allow":["GET"]}}],"collection":[{"href":"https:\/\/roveyayinevi.com.tr\/index.php\/wp-json\/wp\/v2\/product"}],"about":[{"href":"https:\/\/roveyayinevi.com.tr\/index.php\/wp-json\/wp\/v2\/types\/product"}],"wp:attachment":[{"href":"https:\/\/roveyayinevi.com.tr\/index.php\/wp-json\/wp\/v2\/media?parent=746006"}],"wp:term":[{"taxonomy":"product_brand","embeddable":true,"href":"https:\/\/roveyayinevi.com.tr\/index.php\/wp-json\/wp\/v2\/product_brand?post=746006"},{"taxonomy":"product_cat","embeddable":true,"href":"https:\/\/roveyayinevi.com.tr\/index.php\/wp-json\/wp\/v2\/product_cat?post=746006"},{"taxonomy":"product_tag","embeddable":true,"href":"https:\/\/roveyayinevi.com.tr\/index.php\/wp-json\/wp\/v2\/product_tag?post=746006"}],"curies":[{"name":"wp","href":"https:\/\/api.w.org\/{rel}","templated":true}]}}