{"id":745995,"date":"2025-08-28T02:32:24","date_gmt":"2025-08-27T23:32:24","guid":{"rendered":"https:\/\/roveyayinevi.com.tr\/index.php\/urun\/bitkilerin-kanser-tedavisindeki-gucu\/"},"modified":"2026-04-16T02:58:26","modified_gmt":"2026-04-15T23:58:26","slug":"bitkilerin-kanser-tedavisindeki-gucu","status":"publish","type":"product","link":"https:\/\/roveyayinevi.com.tr\/index.php\/urun\/bitkilerin-kanser-tedavisindeki-gucu\/","title":{"rendered":"Bitkilerin Kanser Tedavisindeki G\u00fcc\u00fc"},"content":{"rendered":"<p>Etkinli\u011fi bilimsel ara\u015ft\u0131rmalarla kan\u0131tlanm\u0131\u015f 89 bitki!Bitkilerin Kanser Tedavisindeki G\u00fcc\u00fc   Kanser t\u00fcrlerine g\u00f6re \u2018hangi kansere hangi bitki\u2019 sorusunun cevab\u0131, g\u00fcncel bilimsel ara\u015ft\u0131rmalarla bu kitapta!   Tarihte bilinen en eski kanser kan\u0131t\u0131, 5 bin y\u0131l \u00f6nce M\u0131s\u0131r\u2019da mumyalanm\u0131\u015f insanlar\u0131n kemiklerinde bulunmu\u015ftur. Mumyalarda kemik kanserine benzer kitlelerin oldu\u011fu, baz\u0131lar\u0131n\u0131n kafa kemiklerinde ba\u015f ve boyun kanserlerine ba\u011fl\u0131 tahribat bulundu\u011fu saptanm\u0131\u015ft\u0131r. Yine eski M\u0131s\u0131r\u2019da travma cerrahisi \u00fczerine yaz\u0131lan Edwin Smith Papir\u00fcs\u00fc\u2019nde ate\u015f ile da\u011flanarak tedavi edilmeye \u00e7al\u0131\u015f\u0131lan meme kanseri ile ili\u015fkili oldu\u011fu d\u00fc\u015f\u00fcn\u00fclen meme yaralar\u0131ndan bahsedilmektedir. Bununla birlikte kanserin tedavi edilemedi\u011fi de papir\u00fcslerde bildirilmi\u015ftir.   G\u00fcn\u00fcm\u00fczde t\u0131pta sa\u011flanan geli\u015fmeler her y\u0131l milyonlarca insan\u0131n hayat\u0131n\u0131 kurtarmaktad\u0131r. Ancak end\u00fcstriyel hayat\u0131n insan sa\u011fl\u0131\u011f\u0131n\u0131 bozmas\u0131yla; ba\u015fta kanser olmak \u00fczere kronik sa\u011fl\u0131k sorunlar\u0131 giderek artmaktad\u0131r. Bilimsel ve modern tedaviler \u00f6nemli faydalar sunmakla birlikte, \u00e7o\u011fu kanser hastas\u0131 hayat\u0131n\u0131 kaybetmekte veya iyile\u015fememektedir.   Kronik hastal\u0131klar ve kanser ile m\u00fccadele eden insanlar i\u00e7in modern t\u0131bbi tedavilerin ba\u015far\u0131s\u0131n\u0131 art\u0131ran; hastalar\u0131n iyile\u015fmesine ve ya\u015fam kalitelerinin artmas\u0131na destek sa\u011flayan, yan etkisiz geleneksel tedavilere ihtiya\u00e7 duyulmaktad\u0131r.   Fitoterapi yani bitkisel tedavi, bilimsel tamamlay\u0131c\u0131 bir tedavi \u015feklidir. Alternatif tedavi y\u00f6ntemi de\u011fildir. T\u0131bb\u0131n alternatifi yoktur, t\u0131p bir tanedir. Bitkisel tedavi tek ba\u015f\u0131na kullan\u0131lmamal\u0131d\u0131r; bilimsel modern kanser tedavisi ile beraber uyguland\u0131\u011f\u0131nda hastalar\u0131n iyile\u015fme \u015fans\u0131n\u0131 ve ya\u015fam kalitesini art\u0131rmakta; kanserin ve kanser tedavisinin olumsuz yan etkilerini ise azaltmaktad\u0131r.   Bitkilerin binlerce y\u0131ld\u0131r insano\u011flu taraf\u0131ndan t\u00fcketilmesi, yararl\u0131 etkilerinin ve yan etkilerinin g\u00f6zlenmesi sayesinde geleneksel bitkisel tedavilerin temelini olu\u015fmu\u015ftur.   G\u00fcn\u00fcm\u00fczde kanser hastal\u0131\u011f\u0131n\u0131n giderek artmas\u0131, yeni geli\u015ftirilen ila\u00e7lar\u0131n pahal\u0131 olmas\u0131, sosyal g\u00fcvenlik kurumlar\u0131n\u0131n bu maliyeti kar\u015f\u0131layamayacak d\u00fczeye gelmesi nedeni ile D\u00fcnya Sa\u011fl\u0131k \u00d6rg\u00fct\u00fc ve bir\u00e7ok \u00fclke kanserde yararl\u0131, yan etkisi az, maliyeti daha ucuz geleneksel tedavilerin ara\u015ft\u0131r\u0131lmas\u0131n\u0131 ve kullan\u0131m\u0131n\u0131 te\u015fvik etmi\u015ftir.   T\u0131bbi Onkoloji Uzman\u0131 Prof. Dr. Canfeza Sezgin\u2019in bu kitab\u0131nda, \u2018Hangi Kansere Hangi Bitki?\u2019, \u2018Kanser H\u00fccrelerini \u00d6ld\u00fcren Bitkiler\u2019 ve \u2018Kansere Kar\u015f\u0131 Koruyucu Bitkiler\u2019 ba\u015fl\u0131klar\u0131 alt\u0131nda; kanserden korunmada ve kanser tedavisinde etkili oldu\u011fu bilinen \u015fifal\u0131 bitkilerin \u00f6zelliklerini, kanser t\u00fcrlerine g\u00f6re kullan\u0131m dozlar\u0131n\u0131 ve kullan\u0131m s\u0131ras\u0131nda uyulmas\u0131 gereken kurallar\u0131 bulabilirsiniz.   Bitkisel tedavilerin patenti yoktur, patenti insanl\u0131\u011fa aittir\u2026   <\/p>\n","protected":false},"excerpt":{"rendered":"<p>Etkinli\u011fi bilimsel ara\u015ft\u0131rmalarla kan\u0131tlanm\u0131\u015f 89 bitki!Bitkilerin Kanser Tedavisindeki G\u00fcc\u00fc Kanser t\u00fcrlerine g\u00f6re \u2018hangi kansere hangi bitki\u2019 sorusunun cevab\u0131, g\u00fcncel bilimsel ara\u015ft\u0131rmalarla bu kitapta! Tarihte bilinen en<span class=\"excerpt-hellip\"> [\u2026]<\/span><\/p>\n","protected":false},"featured_media":0,"template":"","meta":{"_monsterinsights_skip_tracking":false,"_monsterinsights_sitenote_active":false,"_monsterinsights_sitenote_note":"","_monsterinsights_sitenote_category":0},"product_brand":[],"product_cat":[13397,13365],"product_tag":[],"class_list":{"0":"post-745995","1":"product","2":"type-product","3":"status-publish","5":"product_cat-alternatif-tip-sifali-bitkiler","6":"product_cat-saglik","7":"pa_cilt-ciltsiz","8":"pa_tur-kitap","9":"pa_yayinevi-hayykitap","10":"pa_yazar-canfeza-sezgin","12":"first","13":"instock","14":"sale","15":"shipping-taxable","16":"purchasable","17":"product-type-simple"},"_links":{"self":[{"href":"https:\/\/roveyayinevi.com.tr\/index.php\/wp-json\/wp\/v2\/product\/745995","targetHints":{"allow":["GET"]}}],"collection":[{"href":"https:\/\/roveyayinevi.com.tr\/index.php\/wp-json\/wp\/v2\/product"}],"about":[{"href":"https:\/\/roveyayinevi.com.tr\/index.php\/wp-json\/wp\/v2\/types\/product"}],"wp:attachment":[{"href":"https:\/\/roveyayinevi.com.tr\/index.php\/wp-json\/wp\/v2\/media?parent=745995"}],"wp:term":[{"taxonomy":"product_brand","embeddable":true,"href":"https:\/\/roveyayinevi.com.tr\/index.php\/wp-json\/wp\/v2\/product_brand?post=745995"},{"taxonomy":"product_cat","embeddable":true,"href":"https:\/\/roveyayinevi.com.tr\/index.php\/wp-json\/wp\/v2\/product_cat?post=745995"},{"taxonomy":"product_tag","embeddable":true,"href":"https:\/\/roveyayinevi.com.tr\/index.php\/wp-json\/wp\/v2\/product_tag?post=745995"}],"curies":[{"name":"wp","href":"https:\/\/api.w.org\/{rel}","templated":true}]}}