{"id":745977,"date":"2025-08-28T02:32:05","date_gmt":"2025-08-27T23:32:05","guid":{"rendered":"https:\/\/roveyayinevi.com.tr\/index.php\/urun\/benim-gibi-cesur\/"},"modified":"2026-04-16T02:58:25","modified_gmt":"2026-04-15T23:58:25","slug":"benim-gibi-cesur","status":"publish","type":"product","link":"https:\/\/roveyayinevi.com.tr\/index.php\/urun\/benim-gibi-cesur\/","title":{"rendered":"Benim Gibi Cesur"},"content":{"rendered":"<p>Cesaret s\u00f6z konusu oldu\u011funda akla ilk hangi hayvan gelir? Bir ku\u015f, bir fil, bir koala ya da bir maymun mu? Ya da dev pen\u00e7eleri, g\u00f6steri\u015fli yeleleri ve bir hayli g\u00fc\u00e7l\u00fc k\u00fckremesiyle kocaman bir ASLAN m\u0131?     Simba korkusuz, at\u0131lgan ve g\u00fc\u00e7l\u00fc bir aslan. T\u0131pk\u0131 t\u00fcm aslanlar gibi! Ancak her korkusuz aslan\u0131n derinlerde bir yerlerde, yak\u0131n dostlar\u0131n\u0131n bile fark etmedi\u011fi bir korkusu olabilir.   Aslan Simba, arkada\u015f\u0131 Pip\u2019in aniden u\u00e7up giden \u015fapkas\u0131n\u0131 korkusuzca kurtarmaya giri\u015fince, kendini en b\u00fcy\u00fck korkusuyla y\u00fczle\u015fmek durumunda bulur. \u015eapka havalan\u0131r ve yetenek g\u00f6sterisinin oldu\u011fu sahneye do\u011fru s\u00fcz\u00fcl\u00fcrken, Simba  birdenbire en korktu\u011fu deneyim tam ortas\u0131na d\u00fc\u015fm\u00fc\u015ft\u00fcr. Neyse ki biraz alk\u0131\u015f ve dostlar\u0131n\u0131n deste\u011fiyle, Simba cesaretini toplar ve korkular\u0131yla y\u00fczle\u015fmenin, onlar\u0131n \u00fcstesinden gelmek i\u00e7in \u00f6nemli bir ad\u0131m oldu\u011funun fark\u0131na var\u0131r.   Benim Gibi Cesur, kendi i\u00e7lerindeki g\u00fc\u00e7l\u00fc k\u00fckremeyi ke\u015ffetmeleri konusunda  \u00e7ocuklar\u0131 e\u011flenceli bir hikaye arac\u0131l\u0131\u011f\u0131yla cesaretlendiriyor. Ayn\u0131 zamanda zorlu deneyimlerle y\u00fczle\u015ferek, \u00fcstesinden nas\u0131l gelinece\u011fi konusunda onlara model oluyor. Tabii ki her zaman destekleyici dostlar e\u015fli\u011finde\u2026 <\/p>\n","protected":false},"excerpt":{"rendered":"<p>Cesaret s\u00f6z konusu oldu\u011funda akla ilk hangi hayvan gelir? Bir ku\u015f, bir fil, bir koala ya da bir maymun mu? Ya da dev pen\u00e7eleri, g\u00f6steri\u015fli yeleleri<span class=\"excerpt-hellip\"> [\u2026]<\/span><\/p>\n","protected":false},"featured_media":0,"template":"","meta":{"_monsterinsights_skip_tracking":false,"_monsterinsights_sitenote_active":false,"_monsterinsights_sitenote_note":"","_monsterinsights_sitenote_category":0},"product_brand":[],"product_cat":[12274,12284],"product_tag":[],"class_list":{"0":"post-745977","1":"product","2":"type-product","3":"status-publish","5":"product_cat-cocuk-ve-genclik-kitaplari","6":"product_cat-hikayeler","7":"pa_cilt-ciltsiz","8":"pa_tur-kitap","9":"pa_yayinevi-okuyan-koala","10":"pa_yazar-christine-peck-mags-deroma","12":"first","13":"instock","14":"sale","15":"shipping-taxable","16":"purchasable","17":"product-type-simple"},"_links":{"self":[{"href":"https:\/\/roveyayinevi.com.tr\/index.php\/wp-json\/wp\/v2\/product\/745977","targetHints":{"allow":["GET"]}}],"collection":[{"href":"https:\/\/roveyayinevi.com.tr\/index.php\/wp-json\/wp\/v2\/product"}],"about":[{"href":"https:\/\/roveyayinevi.com.tr\/index.php\/wp-json\/wp\/v2\/types\/product"}],"wp:attachment":[{"href":"https:\/\/roveyayinevi.com.tr\/index.php\/wp-json\/wp\/v2\/media?parent=745977"}],"wp:term":[{"taxonomy":"product_brand","embeddable":true,"href":"https:\/\/roveyayinevi.com.tr\/index.php\/wp-json\/wp\/v2\/product_brand?post=745977"},{"taxonomy":"product_cat","embeddable":true,"href":"https:\/\/roveyayinevi.com.tr\/index.php\/wp-json\/wp\/v2\/product_cat?post=745977"},{"taxonomy":"product_tag","embeddable":true,"href":"https:\/\/roveyayinevi.com.tr\/index.php\/wp-json\/wp\/v2\/product_tag?post=745977"}],"curies":[{"name":"wp","href":"https:\/\/api.w.org\/{rel}","templated":true}]}}