{"id":745973,"date":"2025-08-28T02:31:59","date_gmt":"2025-08-27T23:31:59","guid":{"rendered":"https:\/\/roveyayinevi.com.tr\/index.php\/urun\/dogunun-bekcileri\/"},"modified":"2026-04-11T14:14:46","modified_gmt":"2026-04-11T11:14:46","slug":"dogunun-bekcileri","status":"publish","type":"product","link":"https:\/\/roveyayinevi.com.tr\/index.php\/urun\/dogunun-bekcileri\/","title":{"rendered":"Do\u011funun Bek\u00e7ileri"},"content":{"rendered":"<p>Komutan, ekme\u011fi tuza bat\u0131r\u0131p yedi. Herkes bir \u201cOh\u201d \u00e7ekti.  Yine de mallar\u0131n\u0131n talan edilmesine kimse engel olamad\u0131. D\u00fc\u015fman\u0131n \u00e7ekilirken bu kadar kuyruk ac\u0131s\u0131 olmas\u0131 da beklenen bir durumdu. 40 y\u0131l sonra bu topraklar yeniden T\u00fcrk yurduydu. Giden mallar\u0131 olsun kimin umurunda..!<\/p>\n","protected":false},"excerpt":{"rendered":"<p>Komutan, ekme\u011fi tuza bat\u0131r\u0131p yedi. Herkes bir \u201cOh\u201d \u00e7ekti. Yine de mallar\u0131n\u0131n talan edilmesine kimse engel olamad\u0131. D\u00fc\u015fman\u0131n \u00e7ekilirken bu kadar kuyruk ac\u0131s\u0131 olmas\u0131 da beklenen<span class=\"excerpt-hellip\"> [\u2026]<\/span><\/p>\n","protected":false},"featured_media":0,"template":"","meta":{"_monsterinsights_skip_tracking":false,"_monsterinsights_sitenote_active":false,"_monsterinsights_sitenote_note":"","_monsterinsights_sitenote_category":0},"product_brand":[],"product_cat":[12291,12711],"product_tag":[],"class_list":{"0":"post-745973","1":"product","2":"type-product","3":"status-publish","5":"product_cat-edebiyat","6":"product_cat-roman-oyku","7":"pa_cilt-ciltsiz","8":"pa_tur-kitap","9":"pa_yayinevi-elpis-yayinlari","10":"pa_yazar-seda-ceran","12":"first","13":"instock","14":"sale","15":"shipping-taxable","16":"purchasable","17":"product-type-simple"},"_links":{"self":[{"href":"https:\/\/roveyayinevi.com.tr\/index.php\/wp-json\/wp\/v2\/product\/745973","targetHints":{"allow":["GET"]}}],"collection":[{"href":"https:\/\/roveyayinevi.com.tr\/index.php\/wp-json\/wp\/v2\/product"}],"about":[{"href":"https:\/\/roveyayinevi.com.tr\/index.php\/wp-json\/wp\/v2\/types\/product"}],"wp:attachment":[{"href":"https:\/\/roveyayinevi.com.tr\/index.php\/wp-json\/wp\/v2\/media?parent=745973"}],"wp:term":[{"taxonomy":"product_brand","embeddable":true,"href":"https:\/\/roveyayinevi.com.tr\/index.php\/wp-json\/wp\/v2\/product_brand?post=745973"},{"taxonomy":"product_cat","embeddable":true,"href":"https:\/\/roveyayinevi.com.tr\/index.php\/wp-json\/wp\/v2\/product_cat?post=745973"},{"taxonomy":"product_tag","embeddable":true,"href":"https:\/\/roveyayinevi.com.tr\/index.php\/wp-json\/wp\/v2\/product_tag?post=745973"}],"curies":[{"name":"wp","href":"https:\/\/api.w.org\/{rel}","templated":true}]}}