{"id":745965,"date":"2025-08-28T02:31:49","date_gmt":"2025-08-27T23:31:49","guid":{"rendered":"https:\/\/roveyayinevi.com.tr\/index.php\/urun\/ama-ben-kedi-demiyorum-ki\/"},"modified":"2026-04-16T02:58:25","modified_gmt":"2026-04-15T23:58:25","slug":"ama-ben-kedi-demiyorum-ki","status":"publish","type":"product","link":"https:\/\/roveyayinevi.com.tr\/index.php\/urun\/ama-ben-kedi-demiyorum-ki\/","title":{"rendered":"Ama Ben Kedi Demiyorum ki!"},"content":{"rendered":"<p>Neriman \u00f6yle inat\u00e7\u0131 bir \u00e7ocuktu ki, \u00e7evresindekiler, ona kar\u015f\u0131 gelmektense, isteklerini kabul etmeyi tercih ediyorlard\u0131. Bir g\u00fcn, ailesine, evinde evcil bir hayvan istedi\u011fini s\u00f6yledi. \u0130\u015fte \u015fimdi, kar\u015f\u0131s\u0131nda en az onun kadar inat\u00e7\u0131, iki ki\u015fi vard\u0131: Annesi ve babas\u0131! Neriman, bir evcil hayvanla ya\u015fama iste\u011fini, anne ve babas\u0131na tatl\u0131 tatl\u0131 anlatsa da onlar\u0131 ikna edememi\u015fti. Sizce Neriman vazge\u00e7ti mi? \u00dc\u00e7 Y\u0131ld\u0131z Merakl\u0131 Olaylar\u0131 Ara\u015ft\u0131rma Kul\u00fcb\u00fc \u00fcyeleri acilen topland\u0131. Neriman\u2019\u0131n evcil hayvan edinme yolunda, ad\u0131m ad\u0131m \u00e7al\u0131\u015facak bir \u00f6rg\u00fct kuruldu. EHYESDE! \u201cEHYESDE!\u201d ne mi? Yapt\u0131klar\u0131 planlarla sizi zaman zaman g\u00fcld\u00fcrecek, zaman zaman heyecanland\u0131racak ama kesinlikle \u00e7ok e\u011flendirecek bir ekip! Her \u015fey Neriman\u2019\u0131n evcil bir hayvana kavu\u015fmas\u0131 i\u00e7in\u2026 Hay\u0131r! Hay\u0131r! Tek evcil hayvan kedi de\u011fil!   \u201cBir aslanla m\u0131?\u201d diyerek yerinden s\u0131\u00e7rad\u0131 babam. Y\u0131llard\u0131r tuhaf isteklerime al\u0131\u015fm\u0131\u015f oldu\u011funu zannederdim. Me\u011fer h\u00e2l\u00e2 s\u0131\u00e7rayacak kadar \u015fa\u015f\u0131rabiliyormu\u015f. Neriman\u2019d\u0131m ben. S\u00fcrpriz yumurtayd\u0131m! \u0130\u00e7imden ne zaman, ne \u00e7\u0131kaca\u011f\u0131 belli olmazd\u0131.<\/p>\n","protected":false},"excerpt":{"rendered":"<p>Neriman \u00f6yle inat\u00e7\u0131 bir \u00e7ocuktu ki, \u00e7evresindekiler, ona kar\u015f\u0131 gelmektense, isteklerini kabul etmeyi tercih ediyorlard\u0131. Bir g\u00fcn, ailesine, evinde evcil bir hayvan istedi\u011fini s\u00f6yledi. \u0130\u015fte \u015fimdi,<span class=\"excerpt-hellip\"> [\u2026]<\/span><\/p>\n","protected":false},"featured_media":0,"template":"","meta":{"_monsterinsights_skip_tracking":false,"_monsterinsights_sitenote_active":false,"_monsterinsights_sitenote_note":"","_monsterinsights_sitenote_category":0},"product_brand":[],"product_cat":[12274,12284],"product_tag":[],"class_list":{"0":"post-745965","1":"product","2":"type-product","3":"status-publish","5":"product_cat-cocuk-ve-genclik-kitaplari","6":"product_cat-hikayeler","7":"pa_cilt-ciltsiz","8":"pa_tur-kitap","9":"pa_yayinevi-luna-cocuk-yayinlari","10":"pa_yazar-huriye-dikici","12":"first","13":"instock","14":"sale","15":"shipping-taxable","16":"purchasable","17":"product-type-simple"},"_links":{"self":[{"href":"https:\/\/roveyayinevi.com.tr\/index.php\/wp-json\/wp\/v2\/product\/745965","targetHints":{"allow":["GET"]}}],"collection":[{"href":"https:\/\/roveyayinevi.com.tr\/index.php\/wp-json\/wp\/v2\/product"}],"about":[{"href":"https:\/\/roveyayinevi.com.tr\/index.php\/wp-json\/wp\/v2\/types\/product"}],"wp:attachment":[{"href":"https:\/\/roveyayinevi.com.tr\/index.php\/wp-json\/wp\/v2\/media?parent=745965"}],"wp:term":[{"taxonomy":"product_brand","embeddable":true,"href":"https:\/\/roveyayinevi.com.tr\/index.php\/wp-json\/wp\/v2\/product_brand?post=745965"},{"taxonomy":"product_cat","embeddable":true,"href":"https:\/\/roveyayinevi.com.tr\/index.php\/wp-json\/wp\/v2\/product_cat?post=745965"},{"taxonomy":"product_tag","embeddable":true,"href":"https:\/\/roveyayinevi.com.tr\/index.php\/wp-json\/wp\/v2\/product_tag?post=745965"}],"curies":[{"name":"wp","href":"https:\/\/api.w.org\/{rel}","templated":true}]}}